{"id":11373,"date":"2025-09-19T13:51:07","date_gmt":"2025-09-19T11:51:07","guid":{"rendered":"https:\/\/magiiik.netstory.com.pl\/produkt\/lux\/"},"modified":"2025-09-19T13:52:03","modified_gmt":"2025-09-19T11:52:03","slug":"lux","status":"publish","type":"product","link":"https:\/\/magiiik.netstory.com.pl\/?product=lux","title":{"rendered":"LUX"},"content":{"rendered":"<div id=\"tw-target-text\" class=\"tw-data-text tw-text-large tw-ta\" dir=\"ltr\" style=\"text-align: center;\" data-placeholder=\"T\u0142umaczenie\"><strong><em><span class=\"Y2IQFc\" lang=\"pl\">&#8222;To najwi\u0119ksza sztuczka ostatniej dekady. To prawdopodobnie najwi\u0119ksza sztuczka wszech czas\u00f3w\u201d. <\/span><\/em><\/strong><\/div>\n<div class=\"tw-data-text tw-text-large tw-ta\" dir=\"ltr\" style=\"text-align: center;\" data-placeholder=\"T\u0142umaczenie\"><span class=\"Y2IQFc\" lang=\"pl\">\u00a0 \u00a0 \u00a0 \u00a0 \u00a0 \u00a0 \u00a0 \u00a0 \u00a0 \u00a0 \u00a0 \u00a0 \u00a0 \u00a0 \u00a0 \u00a0 \u00a0 \u00a0 \u00a0 \u00a0 \u00a0 \u00a0 \u00a0 \u00a0 \u00a0 \u00a0 \u00a0 \u00a0 \u00a0 \u00a0 \u00a0 \u00a0 \u00a0 \u00a0 \u00a0 \u00a0 &#8211; Craig Petty <\/span><\/div>\n<div class=\"tw-data-text tw-text-large tw-ta\" dir=\"ltr\" data-placeholder=\"T\u0142umaczenie\">\u00a0<\/div>\n<div class=\"tw-data-text tw-text-large tw-ta\" dir=\"ltr\" data-placeholder=\"T\u0142umaczenie\"><span class=\"Y2IQFc\" lang=\"pl\">Najpot\u0119\u017cniejsza bro\u0144 EDC, jak\u0105 kiedykolwiek stworzono. To jest LUX. <\/span><\/div>\n<div class=\"tw-data-text tw-text-large tw-ta\" dir=\"ltr\" data-placeholder=\"T\u0142umaczenie\"><span class=\"Y2IQFc\" lang=\"pl\">LUX daje Tobie lub Twoim widzom mo\u017cliwo\u015b\u0107 wykorzystania prawdziwej mocy ultrafioletowego \u015bwiat\u0142a. <\/span><\/div>\n<div class=\"tw-data-text tw-text-large tw-ta\" dir=\"ltr\" data-placeholder=\"T\u0142umaczenie\">\u00a0<\/div>\n<div class=\"tw-data-text tw-text-large tw-ta\" dir=\"ltr\" data-placeholder=\"T\u0142umaczenie\"><span class=\"Y2IQFc\" lang=\"pl\"><strong>To jeden z\u00a0setki mo\u017cliwych efekt\u00f3w dzi\u0119ki LUX: <\/strong> Widz otrzymuje d\u0142ugopis UV oraz specjalne urz\u0105dzenie LUX. Rysuj\u0105 UV \u201eX\u201d w dowolnym miejscu na sobie. <\/span><\/div>\n<div class=\"tw-data-text tw-text-large tw-ta\" dir=\"ltr\" data-placeholder=\"T\u0142umaczenie\"><span class=\"Y2IQFc\" lang=\"pl\">\u015awiec\u0105 \u015bwiat\u0142em UV na \u201eX\u201d\u2026 w bardzo zwolnionym tempie, w d\u0142oniach i na sk\u00f3rze, to \u201eX\u201d wizualnie znika. <\/span><\/div>\n<div class=\"tw-data-text tw-text-large tw-ta\" dir=\"ltr\" data-placeholder=\"T\u0142umaczenie\"><span class=\"Y2IQFc\" lang=\"pl\">Podobnie jak \u201eSnap!\u201d Thanosa Avengers, dos\u0142ownie rozp\u0142ywa si\u0119 w eterze. Nast\u0119pnie ze \u015bwiat\u0142em nadal w ich r\u0119kach, \u015bwiec\u0105 nim na twoje rami\u0119 (lub gdziekolwiek chcesz), <\/span><\/div>\n<div class=\"tw-data-text tw-text-large tw-ta\" dir=\"ltr\" data-placeholder=\"T\u0142umaczenie\">a \u201eX\u201d, kt\u00f3ry w\u0142a\u015bnie narysowali, wizualnie pojawia si\u0119 z powrotem na twojej sk\u00f3rze!<\/div>\n<div class=\"tw-data-text tw-text-large tw-ta\" dir=\"ltr\" data-placeholder=\"T\u0142umaczenie\">\u00a0<\/div>\n<div class=\"tw-data-text tw-text-large tw-ta\" dir=\"ltr\" data-placeholder=\"T\u0142umaczenie\"><em><strong>&#8222;LUX jest przepot\u0119\u017cnym efektem! Wygl\u0105da tak, jak powinna wygl\u0105da\u0107 prawdziwa magia!&#8221; <\/strong><\/em><\/div>\n<div class=\"tw-data-text tw-text-large tw-ta\" dir=\"ltr\" data-placeholder=\"T\u0142umaczenie\">&#8211; Tobiasz Dostal<\/div>\n<div class=\"tw-data-text tw-text-large tw-ta\" dir=\"ltr\" data-placeholder=\"T\u0142umaczenie\">\u00a0<\/div>\n<div class=\"tw-data-text tw-text-large tw-ta\" dir=\"ltr\" data-placeholder=\"T\u0142umaczenie\">\u00a0<\/div>\n<div class=\"tw-data-text tw-text-large tw-ta\" dir=\"ltr\" style=\"text-align: center;\" data-placeholder=\"T\u0142umaczenie\">Ale to tylko jeden przyk\u0142ad. Mo\u017cesz wybra\u0107 LUX, aby wykona\u0107 najbardziej osza\u0142amiaj\u0105c\u0105 magi\u0119 wizualn\u0105, jakiej kiedykolwiek b\u0119dziesz \u015bwiadkiem,<\/div>\n<div class=\"tw-data-text tw-text-large tw-ta\" dir=\"ltr\" style=\"text-align: center;\" data-placeholder=\"T\u0142umaczenie\">lub mo\u017cesz jej u\u017cy\u0107, aby wznie\u015b\u0107 sw\u00f3j mentalizm na nowy poziom.<\/div>\n<div class=\"tw-data-text tw-text-large tw-ta\" dir=\"ltr\" style=\"text-align: center;\" data-placeholder=\"T\u0142umaczenie\">Od najczystszej niewidzialnej talii, jak\u0105 kiedykolwiek stworzono, po niezaprzeczalnie uczciwe prognozy. Od &#8222;book terst&#8221;, po Bank Nights.<\/div>\n<div class=\"tw-data-text tw-text-large tw-ta\" dir=\"ltr\" style=\"text-align: center;\" data-placeholder=\"T\u0142umaczenie\">\u00a0<\/div>\n<p style=\"text-align: center;\"><span class=\"Y2IQFc\" lang=\"pl\">Mo\u017cesz wykona\u0107 LUX\u00a0 od razu po wyj\u0119ciu z pude\u0142ka. <\/span><\/p>\n<p><strong><span class=\"Y2IQFc\" lang=\"pl\">LUX zawiera: <\/span><\/strong><\/p>\n<p><em><span class=\"Y2IQFc\" lang=\"pl\">Precyzyjnie wykonane inteligentne urz\u0105dzenie LUX <\/span><\/em><\/p>\n<p><em><span class=\"Y2IQFc\" lang=\"pl\">Niestandardowy d\u0142ugopis UV ze specjalnym tuszem, kt\u00f3ry nie podra\u017cnia sk\u00f3ry. <\/span><\/em><\/p>\n<p><em><span class=\"Y2IQFc\" lang=\"pl\">4x Baterie zawarte w samym urz\u0105dzeniu, wystarczaj\u0105ce na 6 miesi\u0119cy wyst\u0119p\u00f3w. <\/span><\/em><\/p>\n<p><em><span class=\"Y2IQFc\" lang=\"pl\">Do pobrania szczeg\u00f3\u0142owy film instrukta\u017cowy od samego Lloyda Barnesa i do\u015bwiadczonego instruktora Javiera Fuenmayora, <\/span><\/em><\/p>\n<p><span class=\"Y2IQFc\" lang=\"pl\"><em>kt\u00f3ry uczy, jak korzysta\u0107 z LUX, mn\u00f3stwa procedur, dodatkowych pomys\u0142\u00f3w i specjalnych wskaz\u00f3wek i sztuczek<\/em>. <\/span><\/p>\n<p>\u00a0<\/p>\n<p style=\"text-align: center;\"><span class=\"Y2IQFc\" lang=\"pl\">Najbardziej szalon\u0105 rzecz\u0105 w LUX, kt\u00f3rej wci\u0105\u017c nie potrafimy ogarn\u0105\u0107, jest\u2026 to prawdopodobnie jeden z naj\u0142atwiejszych do wykonania kawa\u0142k\u00f3w magii, jakie kiedykolwiek wymy\u015blono. <\/span><\/p>\n<p style=\"text-align: center;\"><span class=\"Y2IQFc\" lang=\"pl\">Tak \u0142atwo, \u017ce widzowie wykonuj\u0105 efekty ca\u0142kowicie na sobie, od pocz\u0105tku do ko\u0144ca. <\/span><\/p>\n<p style=\"text-align: center;\"><span class=\"Y2IQFc\" lang=\"pl\">Pozwalaj\u0105 Ci tym samym w 100% skupi\u0107 si\u0119 na prezentacji. Kiedy wybierasz LUX, nie dostajesz tylko kolejnej magicznej sztuczki, kt\u00f3ra zostanie od\u0142o\u017cona na stert\u0119 innych, niepotrzebnych rekwizyt\u00f3w. Posiadasz ukryt\u0105, pot\u0119\u017cn\u0105 i praktyczn\u0105 bro\u0144 w stylu Jamesa Bonda, kt\u00f3ra b\u0119dzie bezproblemowo\u00a0towarzyszy\u0107 Ci, a\u017c do momentu, w kt\u00f3rym b\u0119dziesz gotowy jej u\u017cy\u0107.<\/span><\/p>\n<p style=\"text-align: center;\">\u00a0<\/p>\n<p style=\"text-align: center;\"><span class=\"Y2IQFc\" lang=\"pl\"><iframe loading=\"lazy\" title=\"YouTube video player\" src=\"\/\/www.youtube.com\/embed\/hGdcQNYBx24\" width=\"560\" height=\"315\" frameborder=\"0\" allowfullscreen=\"allowfullscreen\"><\/iframe><\/span><\/p>\n","protected":false},"excerpt":{"rendered":"<p>&#8222;To najwi\u0119ksza sztuczka ostatniej dekady. To prawdopodobnie najwi\u0119ksza sztuczka wszech czas\u00f3w\u201d. \u00a0 \u00a0 \u00a0 \u00a0 \u00a0 \u00a0 \u00a0 \u00a0 \u00a0 \u00a0 \u00a0 \u00a0 \u00a0 \u00a0 \u00a0 \u00a0 \u00a0 \u00a0 \u00a0&#8230;<\/p>\n","protected":false},"featured_media":11374,"comment_status":"closed","ping_status":"open","template":"","meta":[],"product_brand":[],"product_cat":[59],"product_tag":[],"class_list":{"0":"post-11373","1":"product","2":"type-product","3":"status-publish","4":"has-post-thumbnail","6":"product_cat-mikro-iluzja-close-up-sharpie-dlugopisy","8":"first","9":"instock","10":"purchasable","11":"product-type-simple"},"_links":{"self":[{"href":"https:\/\/magiiik.netstory.com.pl\/index.php?rest_route=\/wp\/v2\/product\/11373","targetHints":{"allow":["GET"]}}],"collection":[{"href":"https:\/\/magiiik.netstory.com.pl\/index.php?rest_route=\/wp\/v2\/product"}],"about":[{"href":"https:\/\/magiiik.netstory.com.pl\/index.php?rest_route=\/wp\/v2\/types\/product"}],"replies":[{"embeddable":true,"href":"https:\/\/magiiik.netstory.com.pl\/index.php?rest_route=%2Fwp%2Fv2%2Fcomments&post=11373"}],"wp:featuredmedia":[{"embeddable":true,"href":"https:\/\/magiiik.netstory.com.pl\/index.php?rest_route=\/wp\/v2\/media\/11374"}],"wp:attachment":[{"href":"https:\/\/magiiik.netstory.com.pl\/index.php?rest_route=%2Fwp%2Fv2%2Fmedia&parent=11373"}],"wp:term":[{"taxonomy":"product_brand","embeddable":true,"href":"https:\/\/magiiik.netstory.com.pl\/index.php?rest_route=%2Fwp%2Fv2%2Fproduct_brand&post=11373"},{"taxonomy":"product_cat","embeddable":true,"href":"https:\/\/magiiik.netstory.com.pl\/index.php?rest_route=%2Fwp%2Fv2%2Fproduct_cat&post=11373"},{"taxonomy":"product_tag","embeddable":true,"href":"https:\/\/magiiik.netstory.com.pl\/index.php?rest_route=%2Fwp%2Fv2%2Fproduct_tag&post=11373"}],"curies":[{"name":"wp","href":"https:\/\/api.w.org\/{rel}","templated":true}]}}