{"id":11338,"date":"2025-09-19T13:51:07","date_gmt":"2025-09-19T11:51:07","guid":{"rendered":"https:\/\/magiiik.netstory.com.pl\/produkt\/magic-box-black-large\/"},"modified":"2025-09-19T13:51:20","modified_gmt":"2025-09-19T11:51:20","slug":"magic-box-black-large","status":"publish","type":"product","link":"https:\/\/magiiik.netstory.com.pl\/?product=magic-box-black-large","title":{"rendered":"MAGIC BOX BLACK (Large)"},"content":{"rendered":"<div id=\"tw-target-text\" class=\"tw-data-text tw-text-large tw-ta\" dir=\"ltr\" style=\"text-align: center;\" data-placeholder=\"T\u0142umaczenie\"><span class=\"Y2IQFc\" lang=\"pl\">Klasyka magii przeniesiona do czas\u00f3w wsp\u00f3\u0142czesnych przez George&#8217;a Iglesiasa! <\/span><\/div>\n<div class=\"tw-data-text tw-text-large tw-ta\" dir=\"ltr\" style=\"text-align: center;\" data-placeholder=\"T\u0142umaczenie\">\u00a0<\/div>\n<div class=\"tw-data-text tw-text-large tw-ta\" dir=\"ltr\" style=\"text-align: center;\" data-placeholder=\"T\u0142umaczenie\"><span class=\"Y2IQFc\" lang=\"pl\">Z biegiem lat &#8222;szuflada&#8221; sta\u0142a si\u0119 klasykiem magii, wszechstronnym rekwizytem, kt\u00f3ry pozwala magowi pokaza\u0107 puste pude\u0142ko, <\/span><\/div>\n<div class=\"tw-data-text tw-text-large tw-ta\" dir=\"ltr\" style=\"text-align: center;\" data-placeholder=\"T\u0142umaczenie\"><span class=\"Y2IQFc\" lang=\"pl\">a nast\u0119pnie sprawi\u0107, by pojawi\u0142o si\u0119 wiele przedmiot\u00f3w. <\/span><\/div>\n<div class=\"tw-data-text tw-text-large tw-ta\" dir=\"ltr\" style=\"text-align: center;\" data-placeholder=\"T\u0142umaczenie\">\u00a0<\/div>\n<div class=\"tw-data-text tw-text-large tw-ta\" dir=\"ltr\" style=\"text-align: center;\" data-placeholder=\"T\u0142umaczenie\"><span class=\"Y2IQFc\" lang=\"pl\">Wszystkie pude\u0142ka z szufladami s\u0105 zwykle wykonane z drewna lub akrylu&#8230; <\/span><\/div>\n<div class=\"tw-data-text tw-text-large tw-ta\" dir=\"ltr\" style=\"text-align: center;\" data-placeholder=\"T\u0142umaczenie\"><span class=\"Y2IQFc\" lang=\"pl\">W porz\u0105dku, ale co, je\u015bli mo\u017cesz teraz zaprezentowa\u0107 pude\u0142ko z szufladami jako bardziej realistyczne, nowoczesne pude\u0142ko? <\/span><\/div>\n<div class=\"tw-data-text tw-text-large tw-ta\" dir=\"ltr\" style=\"text-align: center;\" data-placeholder=\"T\u0142umaczenie\">\u00a0<\/div>\n<div class=\"tw-data-text tw-text-large tw-ta\" dir=\"ltr\" style=\"text-align: center;\" data-placeholder=\"T\u0142umaczenie\"><span class=\"Y2IQFc\" lang=\"pl\">Masz to! Mo\u017cesz sprawi\u0107, by MagicBox wygl\u0105da\u0142 jak pude\u0142ko po butach i wykonywa\u0107 wiele wspania\u0142ych efekt\u00f3w <\/span><\/div>\n<div class=\"tw-data-text tw-text-large tw-ta\" dir=\"ltr\" style=\"text-align: center;\" data-placeholder=\"T\u0142umaczenie\"><span class=\"Y2IQFc\" lang=\"pl\">lub w inny spos\u00f3b przekszta\u0142ci\u0107 go w pude\u0142ko na zabawki? Pude\u0142ko pluszowego misia? babeczki? ciasteczka? cukierki? <\/span><\/div>\n<div class=\"tw-data-text tw-text-large tw-ta\" dir=\"ltr\" style=\"text-align: center;\" data-placeholder=\"T\u0142umaczenie\">\u00a0<\/div>\n<div class=\"tw-data-text tw-text-large tw-ta\" dir=\"ltr\" style=\"text-align: center;\" data-placeholder=\"T\u0142umaczenie\"><span class=\"Y2IQFc\" lang=\"pl\">I wiele innych rzeczy, limitem jest Twoja wyobra\u017ania! Idealny dla salonu, sceny, MC, dzieci\u0119cych magik\u00f3w i klaun\u00f3w! <\/span><\/div>\n<div class=\"tw-data-text tw-text-large tw-ta\" dir=\"ltr\" style=\"text-align: center;\" data-placeholder=\"T\u0142umaczenie\"><span class=\"Y2IQFc\" lang=\"pl\">W zestawie gotowe naklejki na marki obuwia, zabawki, misia, babeczki i gwiazdki, aby dostosowa\u0107 MagicBox i udekorowa\u0107 go na sw\u00f3j spos\u00f3b! <\/span><\/div>\n<div class=\"tw-data-text tw-text-large tw-ta\" dir=\"ltr\" style=\"text-align: center;\" data-placeholder=\"T\u0142umaczenie\">\u00a0<\/div>\n<div class=\"tw-data-text tw-text-large tw-ta\" dir=\"ltr\" style=\"text-align: center;\" data-placeholder=\"T\u0142umaczenie\"><span class=\"Y2IQFc\" lang=\"pl\">Wykonany z \u0142adnej, grubej i wytrzyma\u0142ej tektury!<\/span><\/div>\n<div class=\"tw-data-text tw-text-large tw-ta\" dir=\"ltr\" style=\"text-align: center;\" data-placeholder=\"T\u0142umaczenie\">\u00a0<\/div>\n<div class=\"tw-data-text tw-text-large tw-ta\" dir=\"ltr\" style=\"text-align: center;\" data-placeholder=\"T\u0142umaczenie\"><span class=\"Y2IQFc\" lang=\"pl\"><img loading=\"lazy\" decoding=\"async\" src=\"\/userdata\/public\/assets\/\/MB2.png\" alt=\"\" width=\"366\" height=\"206\" \/><\/span><\/div>\n<div class=\"tw-data-text tw-text-large tw-ta\" dir=\"ltr\" style=\"text-align: center;\" data-placeholder=\"T\u0142umaczenie\">\u00a0<\/div>\n<div class=\"tw-data-text tw-text-large tw-ta\" dir=\"ltr\" style=\"text-align: center;\" data-placeholder=\"T\u0142umaczenie\">\u00a0<\/div>\n<p><span class=\"Y2IQFc\" lang=\"pl\">Wiele efekt\u00f3w: <\/span><\/p>\n<p><span class=\"Y2IQFc\" lang=\"pl\">1. Poka\u017c puste pude\u0142ko po butach, pstryknij palcami i spraw, aby pojawi\u0142o si\u0119 para but\u00f3w! <\/span><\/p>\n<p><span class=\"Y2IQFc\" lang=\"pl\">2. Wyjd\u017a na scen\u0119 w kapciach, jakby\u015b zapomnia\u0142 za\u0142o\u017cy\u0107 but\u00f3w, publiczno\u015b\u0107 si\u0119 roze\u015bmieje, a potem poka\u017c puste pude\u0142ko po butach, pstrykni\u0119cie palcami i voila! <\/span><\/p>\n<p><span class=\"Y2IQFc\" lang=\"pl\">Problem rozwi\u0105zany; sprawiasz, \u017ce Twoje buty pojawiaj\u0105 si\u0119 od razu! <\/span><\/p>\n<p><span class=\"Y2IQFc\" lang=\"pl\">3. Wykonaj klasyczny efekt p\u0142on\u0105cego buta i spraw, aby buty dzieci\u0119ce pojawi\u0142y si\u0119 ponownie w jednym kawa\u0142ku w tym pude\u0142ku. <\/span><\/p>\n<p><span class=\"Y2IQFc\" lang=\"pl\">4. Podczas wykonywania pokazu chwy\u0107 to pude\u0142ko i otw\u00f3rz je, pokazujesz, \u017ce jest ca\u0142kowicie puste, oczywi\u015bcie, poniewa\u017c masz na sobie buty\u2026 Od\u0142\u00f3\u017c teraz pude\u0142ko i kontynuuj sw\u00f3j pokaz\u2026 Po kilku minutach bezpo\u015brednio publiczno\u015b\u0107 patrzy na twoje buty, ju\u017c ich nie ma! Jeste\u015b teraz bosy lub nosisz skarpetki, haha&#8230; Nie ma problemu, pstryknij palcami, a twoje buty ponownie pojawi\u0105 si\u0119 w pude\u0142ku, kt\u00f3re by\u0142o wcze\u015bniej pokazane jako puste! <\/span><\/p>\n<p>5. Poka\u017c puste pude\u0142ko z zabawkami, wypowiedz magiczne s\u0142owa i abrakadabra! Pojawia si\u0119 zabawka!<\/p>\n<p>6. Poka\u017c puste pude\u0142ko z misiem, pomachaj r\u0119k\u0105 i spraw, aby pojawi\u0142 si\u0119 w \u015brodku!<\/p>\n<p>7. Poka\u017c puste pude\u0142ko z babeczkami, wykonaj magiczny gest, a pojawi si\u0119 mn\u00f3stwo babeczek!<\/p>\n<p>8. Pojawiaj\u0105 si\u0119 czekoladki, cukierki, ciasteczka i wiele innych, limitem jest Twoja wyobra\u017ania!<\/p>\n<p>\u00a0<\/p>\n<p><strong><span class=\"Y2IQFc\" lang=\"pl\">D\u0142ugo\u015b\u0107: 35 cm <\/span><\/strong><\/p>\n<p><strong><span class=\"Y2IQFc\" lang=\"pl\">Szeroko\u015b\u0107: 20 cm <\/span><\/strong><\/p>\n<p><strong><span class=\"Y2IQFc\" lang=\"pl\">Wysoko\u015b\u0107: 13,5 cm<\/span><\/strong><\/p>\n<p>\u00a0<\/p>\n<p style=\"text-align: center;\"><strong><span class=\"Y2IQFc\" lang=\"pl\"><iframe loading=\"lazy\" title=\"YouTube video player\" src=\"\/\/www.youtube.com\/embed\/YDXbTtZ9Wuk\" width=\"560\" height=\"315\" frameborder=\"0\" allowfullscreen=\"allowfullscreen\"><\/iframe><\/span><\/strong><\/p>\n<p>\u00a0<\/p>\n","protected":false},"excerpt":{"rendered":"<p>Klasyka magii przeniesiona do czas\u00f3w wsp\u00f3\u0142czesnych przez George&#8217;a Iglesiasa! \u00a0 Z biegiem lat &#8222;szuflada&#8221; sta\u0142a si\u0119 klasykiem magii, wszechstronnym rekwizytem, kt\u00f3ry pozwala magowi pokaza\u0107 puste pude\u0142ko, a nast\u0119pnie sprawi\u0107, by&#8230;<\/p>\n","protected":false},"featured_media":11339,"comment_status":"closed","ping_status":"open","template":"","meta":[],"product_brand":[],"product_cat":[18],"product_tag":[],"class_list":{"0":"post-11338","1":"product","2":"type-product","3":"status-publish","4":"has-post-thumbnail","6":"product_cat-iluzja-dla-dzieci","8":"first","9":"instock","10":"purchasable","11":"product-type-simple"},"_links":{"self":[{"href":"https:\/\/magiiik.netstory.com.pl\/index.php?rest_route=\/wp\/v2\/product\/11338","targetHints":{"allow":["GET"]}}],"collection":[{"href":"https:\/\/magiiik.netstory.com.pl\/index.php?rest_route=\/wp\/v2\/product"}],"about":[{"href":"https:\/\/magiiik.netstory.com.pl\/index.php?rest_route=\/wp\/v2\/types\/product"}],"replies":[{"embeddable":true,"href":"https:\/\/magiiik.netstory.com.pl\/index.php?rest_route=%2Fwp%2Fv2%2Fcomments&post=11338"}],"wp:featuredmedia":[{"embeddable":true,"href":"https:\/\/magiiik.netstory.com.pl\/index.php?rest_route=\/wp\/v2\/media\/11339"}],"wp:attachment":[{"href":"https:\/\/magiiik.netstory.com.pl\/index.php?rest_route=%2Fwp%2Fv2%2Fmedia&parent=11338"}],"wp:term":[{"taxonomy":"product_brand","embeddable":true,"href":"https:\/\/magiiik.netstory.com.pl\/index.php?rest_route=%2Fwp%2Fv2%2Fproduct_brand&post=11338"},{"taxonomy":"product_cat","embeddable":true,"href":"https:\/\/magiiik.netstory.com.pl\/index.php?rest_route=%2Fwp%2Fv2%2Fproduct_cat&post=11338"},{"taxonomy":"product_tag","embeddable":true,"href":"https:\/\/magiiik.netstory.com.pl\/index.php?rest_route=%2Fwp%2Fv2%2Fproduct_tag&post=11338"}],"curies":[{"name":"wp","href":"https:\/\/api.w.org\/{rel}","templated":true}]}}