{"id":11190,"date":"2025-09-19T13:49:04","date_gmt":"2025-09-19T11:49:04","guid":{"rendered":"https:\/\/magiiik.netstory.com.pl\/produkt\/tic-tac-toe-mini\/"},"modified":"2025-09-19T13:49:11","modified_gmt":"2025-09-19T11:49:11","slug":"tic-tac-toe-mini","status":"publish","type":"product","link":"https:\/\/magiiik.netstory.com.pl\/?product=tic-tac-toe-mini","title":{"rendered":"Tic Tac Toe Mini"},"content":{"rendered":"<p style=\"text-align: center;\">Po otrzymaniu \u015bwietnych recenzji od magicznej spo\u0142eczno\u015bci\u00a0MagicLism\u00a0postanowi\u0142 zrobi\u0107\u00a0ten fantastyczny efekt bardziej przeno\u015bnym<\/p>\n<p style=\"text-align: center;\"><span lang=\"pl\">Ta wersja z \u0142atwo\u015bci\u0105 zmie\u015bci si\u0119 w Twojej d\u0142oni! <\/span><\/p>\n<p style=\"text-align: center;\"><span lang=\"pl\">Opieraj\u0105c si\u0119 na kreatywnym umy\u015ble Kai-Fu Wanga, Bond Lee ulepszy\u0142 t\u0119 rutyn\u0119. <\/span><\/p>\n<p style=\"text-align: center;\"><span lang=\"pl\">K\u00f3\u0142ko i krzy\u017cyk to klasyczna gra na papierze mi\u0119dzy dwoma graczami. <\/span><\/p>\n<p style=\"text-align: center;\"><span lang=\"pl\">Teraz zmienia si\u0119 w interaktywn\u0105 gr\u0119 pomi\u0119dzy\u00a0iluzjonist\u0105 a publiczno\u015bci\u0105. <\/span><\/p>\n<p style=\"text-align: center;\"><span lang=\"pl\">Ka\u017cdy gracz na zmian\u0119\u00a0k\u0142adzie O i X na planszy 3 na 3. Po uko\u0144czeniu gry\u00a0iluzjonista ujawnia niespodziewane zako\u0144czenie! <\/span><\/p>\n<p style=\"text-align: center;\"><span lang=\"pl\"><img loading=\"lazy\" decoding=\"async\" src=\"\/userdata\/public\/assets\/\/Tic%20Tac%205.png\" alt=\"\" width=\"369\" height=\"207\" \/><\/span><\/p>\n<p style=\"text-align: center;\"><span lang=\"pl\">Zawarto\u015b\u0107: Tablica: zbudowana z jednego kawa\u0142ka tworzywa akrylowego, niezwykle przeno\u015bna. \u0141\u0105cznie dostarczonych jest 9 sztuk O i X. <\/span><\/p>\n<p style=\"text-align: center;\"><span lang=\"pl\">Dostarczany jest kawa\u0142ek metalu, kt\u00f3ry mo\u017cna umie\u015bci\u0107 w pude\u0142ku na karty i tym samym s\u0142u\u017cy\u0107 jako uchwyt. <\/span><\/p>\n<p style=\"text-align: center;\">\u00a0<\/p>\n<p style=\"text-align: center;\"><strong><span lang=\"pl\">Mo\u017cesz dowolnie dostosowa\u0107 finalny obraz, na przyk\u0142ad: <\/span><\/strong><\/p>\n<p style=\"text-align: center;\"><span lang=\"pl\">Fina\u0142 rutyny mentalizmu <\/span><\/p>\n<p style=\"text-align: center;\"><span lang=\"pl\">Wiadomo\u015b\u0107 <\/span><\/p>\n<p style=\"text-align: center;\"><span lang=\"pl\">Zdj\u0119cie <\/span><\/p>\n<p style=\"text-align: center;\"><span lang=\"pl\">Logo firmy <\/span><\/p>\n<p style=\"text-align: center;\"><span lang=\"pl\"><iframe loading=\"lazy\" src=\"\/\/www.youtube.com\/embed\/QETjfk20YT8\" width=\"560\" height=\"315\" frameborder=\"0\" allowfullscreen=\"allowfullscreen\"><\/iframe><\/span><\/p>\n<p style=\"text-align: center;\">\u00a0<\/p>\n<p style=\"text-align: center;\"><strong><span lang=\"pl\">Wymiary p\u0142yty z tworzywa akrylowego to 6 cm x 6 cm<\/span><\/strong><\/p>\n","protected":false},"excerpt":{"rendered":"<p>Po otrzymaniu \u015bwietnych recenzji od magicznej spo\u0142eczno\u015bci\u00a0MagicLism\u00a0postanowi\u0142 zrobi\u0107\u00a0ten fantastyczny efekt bardziej przeno\u015bnym Ta wersja z \u0142atwo\u015bci\u0105 zmie\u015bci si\u0119 w Twojej d\u0142oni! Opieraj\u0105c si\u0119 na kreatywnym umy\u015ble Kai-Fu Wanga, Bond Lee&#8230;<\/p>\n","protected":false},"featured_media":11191,"comment_status":"closed","ping_status":"open","template":"","meta":[],"product_brand":[],"product_cat":[34],"product_tag":[],"class_list":{"0":"post-11190","1":"product","2":"type-product","3":"status-publish","4":"has-post-thumbnail","6":"product_cat-mikro-iluzja-close-up-inne","8":"first","9":"instock","10":"purchasable","11":"product-type-simple"},"_links":{"self":[{"href":"https:\/\/magiiik.netstory.com.pl\/index.php?rest_route=\/wp\/v2\/product\/11190","targetHints":{"allow":["GET"]}}],"collection":[{"href":"https:\/\/magiiik.netstory.com.pl\/index.php?rest_route=\/wp\/v2\/product"}],"about":[{"href":"https:\/\/magiiik.netstory.com.pl\/index.php?rest_route=\/wp\/v2\/types\/product"}],"replies":[{"embeddable":true,"href":"https:\/\/magiiik.netstory.com.pl\/index.php?rest_route=%2Fwp%2Fv2%2Fcomments&post=11190"}],"wp:featuredmedia":[{"embeddable":true,"href":"https:\/\/magiiik.netstory.com.pl\/index.php?rest_route=\/wp\/v2\/media\/11191"}],"wp:attachment":[{"href":"https:\/\/magiiik.netstory.com.pl\/index.php?rest_route=%2Fwp%2Fv2%2Fmedia&parent=11190"}],"wp:term":[{"taxonomy":"product_brand","embeddable":true,"href":"https:\/\/magiiik.netstory.com.pl\/index.php?rest_route=%2Fwp%2Fv2%2Fproduct_brand&post=11190"},{"taxonomy":"product_cat","embeddable":true,"href":"https:\/\/magiiik.netstory.com.pl\/index.php?rest_route=%2Fwp%2Fv2%2Fproduct_cat&post=11190"},{"taxonomy":"product_tag","embeddable":true,"href":"https:\/\/magiiik.netstory.com.pl\/index.php?rest_route=%2Fwp%2Fv2%2Fproduct_tag&post=11190"}],"curies":[{"name":"wp","href":"https:\/\/api.w.org\/{rel}","templated":true}]}}