{"id":11170,"date":"2025-09-19T13:48:19","date_gmt":"2025-09-19T11:48:19","guid":{"rendered":"https:\/\/magiiik.netstory.com.pl\/produkt\/niemozliwe-scalenie\/"},"modified":"2025-09-19T13:48:44","modified_gmt":"2025-09-19T11:48:44","slug":"niemozliwe-scalenie","status":"publish","type":"product","link":"https:\/\/magiiik.netstory.com.pl\/?product=niemozliwe-scalenie","title":{"rendered":"Niemo\u017cliwe Scalenie"},"content":{"rendered":"<p style=\"text-align: center;\">Wewn\u0105trz futera\u0142u &#8222;Visible Cut&#8221; umieszczona jest zwyk\u0142a lina i wizualnie przeci\u0119ta. Dwie cz\u0119\u015bci s\u0105 wyra\u017anie widoczne.<\/p>\n<p style=\"text-align: center;\">W ko\u0144cu etui jest \u0142\u0105czone i wyci\u0105gana jest z niego lina&#8230; B\u0119dzie ca\u0142kowicie nienaruszona.<\/p>\n<p style=\"text-align: center;\">Lina jest zawsze w zasi\u0119gu wzroku!<\/p>\n<p style=\"text-align: center;\">Widz decyduje o dok\u0142adnym miejscu przeci\u0119cia liny na dwie cz\u0119\u015bci.\u00a0<br \/>Obudowa ma wymiary 3 x 1,5 cala (7 x 4 cm). <br \/>Kieszonkowy klasyczny efekt, kt\u00f3ry zawsze mo\u017cna zabra\u0107 ze sob\u0105.<\/p>\n","protected":false},"excerpt":{"rendered":"<p style=\"text-align: center;\"><strong>Spraw by poci\u0119ta lina, w mgnieniu oka by\u0142a ca\u0142a!<\/strong><\/p>\n","protected":false},"featured_media":11171,"comment_status":"closed","ping_status":"open","template":"","meta":[],"product_brand":[],"product_cat":[75],"product_tag":[],"class_list":{"0":"post-11170","1":"product","2":"type-product","3":"status-publish","4":"has-post-thumbnail","6":"product_cat-dla-poczatkujacych","8":"first","9":"instock","10":"purchasable","11":"product-type-simple"},"_links":{"self":[{"href":"https:\/\/magiiik.netstory.com.pl\/index.php?rest_route=\/wp\/v2\/product\/11170","targetHints":{"allow":["GET"]}}],"collection":[{"href":"https:\/\/magiiik.netstory.com.pl\/index.php?rest_route=\/wp\/v2\/product"}],"about":[{"href":"https:\/\/magiiik.netstory.com.pl\/index.php?rest_route=\/wp\/v2\/types\/product"}],"replies":[{"embeddable":true,"href":"https:\/\/magiiik.netstory.com.pl\/index.php?rest_route=%2Fwp%2Fv2%2Fcomments&post=11170"}],"wp:featuredmedia":[{"embeddable":true,"href":"https:\/\/magiiik.netstory.com.pl\/index.php?rest_route=\/wp\/v2\/media\/11171"}],"wp:attachment":[{"href":"https:\/\/magiiik.netstory.com.pl\/index.php?rest_route=%2Fwp%2Fv2%2Fmedia&parent=11170"}],"wp:term":[{"taxonomy":"product_brand","embeddable":true,"href":"https:\/\/magiiik.netstory.com.pl\/index.php?rest_route=%2Fwp%2Fv2%2Fproduct_brand&post=11170"},{"taxonomy":"product_cat","embeddable":true,"href":"https:\/\/magiiik.netstory.com.pl\/index.php?rest_route=%2Fwp%2Fv2%2Fproduct_cat&post=11170"},{"taxonomy":"product_tag","embeddable":true,"href":"https:\/\/magiiik.netstory.com.pl\/index.php?rest_route=%2Fwp%2Fv2%2Fproduct_tag&post=11170"}],"curies":[{"name":"wp","href":"https:\/\/api.w.org\/{rel}","templated":true}]}}