{"id":11165,"date":"2025-09-19T13:48:19","date_gmt":"2025-09-19T11:48:19","guid":{"rendered":"https:\/\/magiiik.netstory.com.pl\/produkt\/mnozace-pileczki\/"},"modified":"2025-09-19T13:48:41","modified_gmt":"2025-09-19T11:48:41","slug":"mnozace-pileczki","status":"publish","type":"product","link":"https:\/\/magiiik.netstory.com.pl\/?product=mnozace-pileczki","title":{"rendered":"Mno\u017c\u0105ce pi\u0142eczki"},"content":{"rendered":"<p style=\"text-align: center;\">Klasyk magii!<br \/>Jedna czerwona pi\u0142ka, trzymana na czubkach palc\u00f3w, nagle rozmna\u017ca si\u0119 do dw\u00f3ch. Na rozkaz magika, pojawia si\u0119 kolejna kula, robi\u0105c trzy. W ko\u0144cu pojawia si\u0119 czwarta kulka &#8211; jedna mi\u0119dzy ka\u017cdym palcem r\u0119ki.<\/p>\n<p style=\"text-align: center;\">Wyprodukowana w USA. Szczeg\u00f3\u0142owe wskaz\u00f3wki do\u0142\u0105czone.<\/p>\n<p style=\"text-align: center;\">\u00a0<\/p>\n<p style=\"text-align: center;\">\u00a0<\/p>\n","protected":false},"excerpt":{"rendered":"<p style=\"text-align: center;\"><strong>Pi\u0142eczki, kt\u00f3re mno\u017c\u0105 si\u0119 w Twojej d\u0142oni!<\/strong><\/p>\n","protected":false},"featured_media":11166,"comment_status":"closed","ping_status":"open","template":"","meta":[],"product_brand":[],"product_cat":[75],"product_tag":[],"class_list":{"0":"post-11165","1":"product","2":"type-product","3":"status-publish","4":"has-post-thumbnail","6":"product_cat-dla-poczatkujacych","8":"first","9":"instock","10":"purchasable","11":"product-type-simple"},"_links":{"self":[{"href":"https:\/\/magiiik.netstory.com.pl\/index.php?rest_route=\/wp\/v2\/product\/11165","targetHints":{"allow":["GET"]}}],"collection":[{"href":"https:\/\/magiiik.netstory.com.pl\/index.php?rest_route=\/wp\/v2\/product"}],"about":[{"href":"https:\/\/magiiik.netstory.com.pl\/index.php?rest_route=\/wp\/v2\/types\/product"}],"replies":[{"embeddable":true,"href":"https:\/\/magiiik.netstory.com.pl\/index.php?rest_route=%2Fwp%2Fv2%2Fcomments&post=11165"}],"wp:featuredmedia":[{"embeddable":true,"href":"https:\/\/magiiik.netstory.com.pl\/index.php?rest_route=\/wp\/v2\/media\/11166"}],"wp:attachment":[{"href":"https:\/\/magiiik.netstory.com.pl\/index.php?rest_route=%2Fwp%2Fv2%2Fmedia&parent=11165"}],"wp:term":[{"taxonomy":"product_brand","embeddable":true,"href":"https:\/\/magiiik.netstory.com.pl\/index.php?rest_route=%2Fwp%2Fv2%2Fproduct_brand&post=11165"},{"taxonomy":"product_cat","embeddable":true,"href":"https:\/\/magiiik.netstory.com.pl\/index.php?rest_route=%2Fwp%2Fv2%2Fproduct_cat&post=11165"},{"taxonomy":"product_tag","embeddable":true,"href":"https:\/\/magiiik.netstory.com.pl\/index.php?rest_route=%2Fwp%2Fv2%2Fproduct_tag&post=11165"}],"curies":[{"name":"wp","href":"https:\/\/api.w.org\/{rel}","templated":true}]}}