{"id":11150,"date":"2025-09-19T13:48:19","date_gmt":"2025-09-19T11:48:19","guid":{"rendered":"https:\/\/magiiik.netstory.com.pl\/produkt\/mini-talia-bicycle\/"},"modified":"2025-09-19T13:48:32","modified_gmt":"2025-09-19T11:48:32","slug":"mini-talia-bicycle","status":"publish","type":"product","link":"https:\/\/magiiik.netstory.com.pl\/?product=mini-talia-bicycle","title":{"rendered":"Mini Talia &#8211; Bicycle"},"content":{"rendered":"<p style=\"text-align: center;\">Oto idealna talia kart na te czasy, kiedy chcia\u0142by\u015b u\u017cywa\u0107 mniejszych rozmiar\u00f3w, ale w idealnych proporcjach!<\/p>\n<p style=\"text-align: center;\">S\u0105 one \u015bwietne do przewidywania kart wybranych przez widz\u00f3w i innych efekt\u00f3w.<\/p>\n<p style=\"text-align: center;\">Mini Karty\u00a0Bicycle s\u0105 dost\u0119pne w kolorach czerwonym i niebieskim.<\/p>\n<p style=\"text-align: center;\">Te miniaturowe karty mierz\u0105 1,75&#8243; szeroko\u015bci na 2,5&#8243; wysoko\u015bci.<\/p>\n<p style=\"text-align: center;\">\u00a0<\/p>\n<p style=\"text-align: center;\"><img loading=\"lazy\" decoding=\"async\" src=\"\/userdata\/public\/assets\/\/Bic%202.png\" alt=\"\" width=\"464\" height=\"261\" \/><\/p>\n","protected":false},"excerpt":{"rendered":"<p style=\"text-align: center;\"><strong>Mini Talia kart Bicycle<\/strong><\/p>\n","protected":false},"featured_media":11151,"comment_status":"closed","ping_status":"open","template":"","meta":[],"product_brand":[],"product_cat":[32],"product_tag":[],"class_list":{"0":"post-11150","1":"product","2":"type-product","3":"status-publish","4":"has-post-thumbnail","6":"product_cat-karty-standardowe","8":"first","9":"instock","10":"purchasable","11":"product-type-simple"},"_links":{"self":[{"href":"https:\/\/magiiik.netstory.com.pl\/index.php?rest_route=\/wp\/v2\/product\/11150","targetHints":{"allow":["GET"]}}],"collection":[{"href":"https:\/\/magiiik.netstory.com.pl\/index.php?rest_route=\/wp\/v2\/product"}],"about":[{"href":"https:\/\/magiiik.netstory.com.pl\/index.php?rest_route=\/wp\/v2\/types\/product"}],"replies":[{"embeddable":true,"href":"https:\/\/magiiik.netstory.com.pl\/index.php?rest_route=%2Fwp%2Fv2%2Fcomments&post=11150"}],"wp:featuredmedia":[{"embeddable":true,"href":"https:\/\/magiiik.netstory.com.pl\/index.php?rest_route=\/wp\/v2\/media\/11151"}],"wp:attachment":[{"href":"https:\/\/magiiik.netstory.com.pl\/index.php?rest_route=%2Fwp%2Fv2%2Fmedia&parent=11150"}],"wp:term":[{"taxonomy":"product_brand","embeddable":true,"href":"https:\/\/magiiik.netstory.com.pl\/index.php?rest_route=%2Fwp%2Fv2%2Fproduct_brand&post=11150"},{"taxonomy":"product_cat","embeddable":true,"href":"https:\/\/magiiik.netstory.com.pl\/index.php?rest_route=%2Fwp%2Fv2%2Fproduct_cat&post=11150"},{"taxonomy":"product_tag","embeddable":true,"href":"https:\/\/magiiik.netstory.com.pl\/index.php?rest_route=%2Fwp%2Fv2%2Fproduct_tag&post=11150"}],"curies":[{"name":"wp","href":"https:\/\/api.w.org\/{rel}","templated":true}]}}