{"id":11138,"date":"2025-09-19T13:48:19","date_gmt":"2025-09-19T11:48:19","guid":{"rendered":"https:\/\/magiiik.netstory.com.pl\/produkt\/jumbo-coin-half-dollar\/"},"modified":"2025-09-19T13:48:19","modified_gmt":"2025-09-19T11:48:19","slug":"jumbo-coin-half-dollar","status":"publish","type":"product","link":"https:\/\/magiiik.netstory.com.pl\/?product=jumbo-coin-half-dollar","title":{"rendered":"Jumbo Coin &#8211; Half Dollar"},"content":{"rendered":"<p style=\"text-align: center;\">Oto gigantyczne p\u00f3\u0142 dolara &#8211; idealna, kiedy chcesz zako\u0144czy\u0107 swoj\u0105 rutyn\u0119\u00a0z monetami z\u00a0wielkim hukiem!<\/p>\n<p style=\"text-align: center;\">Ta 3-calowa p\u00f3\u0142dolar\u00f3wka (7,62cm) JUMBO to doskona\u0142a replika, kt\u00f3ra z pewno\u015bci\u0105 wywo\u0142a zdumienie i brawa!<\/p>\n","protected":false},"excerpt":{"rendered":"<p style=\"text-align: center;\"><strong>Moneta Half Dollar &#8211; Jumbo<\/strong><\/p>\n<p style=\"text-align: center;\"><strong>3 cale (7,62cm)<\/strong><\/p>\n","protected":false},"featured_media":11139,"comment_status":"closed","ping_status":"open","template":"","meta":[],"product_brand":[],"product_cat":[37],"product_tag":[],"class_list":{"0":"post-11138","1":"product","2":"type-product","3":"status-publish","4":"has-post-thumbnail","6":"product_cat-mikro-iluzja-close-up-monety","8":"first","9":"instock","10":"purchasable","11":"product-type-simple"},"_links":{"self":[{"href":"https:\/\/magiiik.netstory.com.pl\/index.php?rest_route=\/wp\/v2\/product\/11138","targetHints":{"allow":["GET"]}}],"collection":[{"href":"https:\/\/magiiik.netstory.com.pl\/index.php?rest_route=\/wp\/v2\/product"}],"about":[{"href":"https:\/\/magiiik.netstory.com.pl\/index.php?rest_route=\/wp\/v2\/types\/product"}],"replies":[{"embeddable":true,"href":"https:\/\/magiiik.netstory.com.pl\/index.php?rest_route=%2Fwp%2Fv2%2Fcomments&post=11138"}],"wp:featuredmedia":[{"embeddable":true,"href":"https:\/\/magiiik.netstory.com.pl\/index.php?rest_route=\/wp\/v2\/media\/11139"}],"wp:attachment":[{"href":"https:\/\/magiiik.netstory.com.pl\/index.php?rest_route=%2Fwp%2Fv2%2Fmedia&parent=11138"}],"wp:term":[{"taxonomy":"product_brand","embeddable":true,"href":"https:\/\/magiiik.netstory.com.pl\/index.php?rest_route=%2Fwp%2Fv2%2Fproduct_brand&post=11138"},{"taxonomy":"product_cat","embeddable":true,"href":"https:\/\/magiiik.netstory.com.pl\/index.php?rest_route=%2Fwp%2Fv2%2Fproduct_cat&post=11138"},{"taxonomy":"product_tag","embeddable":true,"href":"https:\/\/magiiik.netstory.com.pl\/index.php?rest_route=%2Fwp%2Fv2%2Fproduct_tag&post=11138"}],"curies":[{"name":"wp","href":"https:\/\/api.w.org\/{rel}","templated":true}]}}