{"id":11125,"date":"2025-09-19T13:47:59","date_gmt":"2025-09-19T11:47:59","guid":{"rendered":"https:\/\/magiiik.netstory.com.pl\/produkt\/sprzedaz-na-celowniku-e-book\/"},"modified":"2025-09-19T13:48:04","modified_gmt":"2025-09-19T11:48:04","slug":"sprzedaz-na-celowniku-e-book","status":"publish","type":"product","link":"https:\/\/magiiik.netstory.com.pl\/?product=sprzedaz-na-celowniku-e-book","title":{"rendered":"Sprzeda\u017c Na Celowniku &#8211; E-Book"},"content":{"rendered":"<p style=\"text-align: center;\">Sprzeda\u017c Na Celowniku to przewodnik, dzi\u0119ki kt\u00f3remu zwi\u0119kszysz swoje przychody!<\/p>\n<p style=\"text-align: center;\">E-book zawiera:<\/p>\n<p style=\"text-align: center;\">5 zasad sprzeda\u017cy<\/p>\n<p style=\"text-align: center;\">10 technik sprzeda\u017cowych<\/p>\n<p style=\"text-align: center;\">3 sposoby domykania sprzeda\u017cy<\/p>\n<p style=\"text-align: center;\">+ BONUS!<\/p>\n<p style=\"text-align: center;\">\u00a0DWA SPOSOBY RADZENIA SOBIE Z TWIERDZENIEM &#8222;ZA DU\u017bA CENA&#8221;<\/p>\n","protected":false},"excerpt":{"rendered":"<p style=\"text-align: center;\"><strong>E-book na temat sprzeda\u017cy<\/strong><\/p>\n","protected":false},"featured_media":11126,"comment_status":"closed","ping_status":"open","template":"","meta":[],"product_brand":[],"product_cat":[75],"product_tag":[],"class_list":{"0":"post-11125","1":"product","2":"type-product","3":"status-publish","4":"has-post-thumbnail","6":"product_cat-dla-poczatkujacych","8":"first","9":"instock","10":"purchasable","11":"product-type-simple"},"_links":{"self":[{"href":"https:\/\/magiiik.netstory.com.pl\/index.php?rest_route=\/wp\/v2\/product\/11125","targetHints":{"allow":["GET"]}}],"collection":[{"href":"https:\/\/magiiik.netstory.com.pl\/index.php?rest_route=\/wp\/v2\/product"}],"about":[{"href":"https:\/\/magiiik.netstory.com.pl\/index.php?rest_route=\/wp\/v2\/types\/product"}],"replies":[{"embeddable":true,"href":"https:\/\/magiiik.netstory.com.pl\/index.php?rest_route=%2Fwp%2Fv2%2Fcomments&post=11125"}],"wp:featuredmedia":[{"embeddable":true,"href":"https:\/\/magiiik.netstory.com.pl\/index.php?rest_route=\/wp\/v2\/media\/11126"}],"wp:attachment":[{"href":"https:\/\/magiiik.netstory.com.pl\/index.php?rest_route=%2Fwp%2Fv2%2Fmedia&parent=11125"}],"wp:term":[{"taxonomy":"product_brand","embeddable":true,"href":"https:\/\/magiiik.netstory.com.pl\/index.php?rest_route=%2Fwp%2Fv2%2Fproduct_brand&post=11125"},{"taxonomy":"product_cat","embeddable":true,"href":"https:\/\/magiiik.netstory.com.pl\/index.php?rest_route=%2Fwp%2Fv2%2Fproduct_cat&post=11125"},{"taxonomy":"product_tag","embeddable":true,"href":"https:\/\/magiiik.netstory.com.pl\/index.php?rest_route=%2Fwp%2Fv2%2Fproduct_tag&post=11125"}],"curies":[{"name":"wp","href":"https:\/\/api.w.org\/{rel}","templated":true}]}}