{"id":11077,"date":"2025-09-19T13:47:02","date_gmt":"2025-09-19T11:47:02","guid":{"rendered":"https:\/\/magiiik.netstory.com.pl\/produkt\/silly-wand-2-sztuki-by-silly-billy\/"},"modified":"2025-09-19T13:47:26","modified_gmt":"2025-09-19T11:47:26","slug":"silly-wand-2-sztuki-by-silly-billy","status":"publish","type":"product","link":"https:\/\/magiiik.netstory.com.pl\/?product=silly-wand-2-sztuki-by-silly-billy","title":{"rendered":"Silly Wand (2 sztuki) by Silly Billy"},"content":{"rendered":"<p class=\"p1\" style=\"text-align: center;\"><strong><span class=\"s1\">Czy robisz przedstawienia dla dzieci? <\/span><\/strong><\/p>\n<p class=\"p1\" style=\"text-align: center;\"><strong><span class=\"s1\">Czy chcesz, aby twoja publiczno\u015b\u0107 wy\u0142a ze \u015bmiechu? <\/span><\/strong><\/p>\n<p class=\"p1\" style=\"text-align: center;\"><strong><span class=\"s1\">Zatem Silly Wand Trick jest dla Ciebie! <\/span><\/strong><\/p>\n<p class=\"p1\" style=\"text-align: center;\"><span class=\"s1\">Dwie r\u00f3\u017cd\u017cki 8 &#8222;zamieniaj\u0105 si\u0119 w kr\u0119t\u0105, g\u0142upi\u0105 r\u00f3\u017cd\u017ck\u0119 o d\u0142ugo\u015bci 28&#8221;. <\/span><\/p>\n<p class=\"p1\" style=\"text-align: center;\"><span class=\"s1\">W zestawie broszura zawieraj\u0105ca 101 gag\u00f3w, \u017cart\u00f3w i drobiazg\u00f3w biznesowych, kt\u00f3re mo\u017cesz zrobi\u0107 za pomoc\u0105 r\u00f3\u017cd\u017cki. Mo\u017cesz u\u017cywa\u0107 bardzo wielu opcji!<\/span><\/p>\n<p class=\"p2\" style=\"text-align: center;\">\u00a0<\/p>\n<p class=\"p1\" style=\"text-align: center;\"><span class=\"s1\">Ulubionym kawa\u0142kiem Silly Billy jest przekazanie go dzieci\u0119cemu pomocnikowi. Rozci\u0105ga si\u0119 i wszyscy si\u0119 \u015bmiej\u0105. <\/span><\/p>\n<p class=\"p1\" style=\"text-align: center;\"><span class=\"s1\">R\u00f3b z tym zabawne rzeczy (z 101 sugestii w broszurze). Nast\u0119pnie powiedz: \u201eR\u00f3\u017cd\u017cka mo\u017ce by\u0107 d\u0142uga lub kr\u00f3tka. <\/span><\/p>\n<p class=\"p1\" style=\"text-align: center;\"><span class=\"s1\">W przypadku tej sztuczki musi by\u0107 kr\u00f3tka\u201d. Zamknij r\u00f3\u017cd\u017ck\u0119 do 8 cali. Podaj r\u00f3\u017cd\u017ck\u0119 dziecku, odwr\u00f3\u0107 si\u0119 plecami, aby znale\u017a\u0107 rekwizyt, <\/span><\/p>\n<p class=\"p1\" style=\"text-align: center;\"><span class=\"s1\">a dziecko wyci\u0105gnie go! Wszyscy jego przyjaciele to uwielbiaj\u0105! Dosta\u0142 lepszy od magika. To klasyczna rutyna \u201eMag w tarapatach\u201d. <\/span><\/p>\n<p class=\"p1\" style=\"text-align: center;\"><span class=\"s1\">Wr\u00f3\u0107 do dziecka i powt\u00f3rz, \u017ce r\u00f3\u017cd\u017cka powinna by\u0107 kr\u00f3tka. Zamknij to z powrotem. Odwr\u00f3\u0107 si\u0119, a dziecko ponownie je otworzy! Rodzice te\u017c b\u0119d\u0105 si\u0119 \u015bmia\u0107!<\/span><\/p>\n<p class=\"p1\" style=\"text-align: center;\">\u00a0<\/p>\n<p class=\"p1\" style=\"text-align: center;\">\u00a0<\/p>\n<p style=\"text-align: center;\"><iframe loading=\"lazy\" src=\"https:\/\/www.youtube.com\/embed\/9XkPROZp1rQ\" width=\"560\" height=\"315\" frameborder=\"0\" allowfullscreen=\"allowfullscreen\"><\/iframe><\/p>\n","protected":false},"excerpt":{"rendered":"<p style=\"text-align: center;\"><strong>Niesamowita r\u00f3\u017cd\u017cka gagowa od mistrza wyst\u0119p\u00f3w dla dzieci.<\/strong><\/p>\n<p style=\"text-align: center;\">\u00a0<\/p>\n","protected":false},"featured_media":11078,"comment_status":"closed","ping_status":"open","template":"","meta":[],"product_brand":[],"product_cat":[18],"product_tag":[],"class_list":{"0":"post-11077","1":"product","2":"type-product","3":"status-publish","4":"has-post-thumbnail","6":"product_cat-iluzja-dla-dzieci","8":"first","9":"instock","10":"purchasable","11":"product-type-simple"},"_links":{"self":[{"href":"https:\/\/magiiik.netstory.com.pl\/index.php?rest_route=\/wp\/v2\/product\/11077","targetHints":{"allow":["GET"]}}],"collection":[{"href":"https:\/\/magiiik.netstory.com.pl\/index.php?rest_route=\/wp\/v2\/product"}],"about":[{"href":"https:\/\/magiiik.netstory.com.pl\/index.php?rest_route=\/wp\/v2\/types\/product"}],"replies":[{"embeddable":true,"href":"https:\/\/magiiik.netstory.com.pl\/index.php?rest_route=%2Fwp%2Fv2%2Fcomments&post=11077"}],"wp:featuredmedia":[{"embeddable":true,"href":"https:\/\/magiiik.netstory.com.pl\/index.php?rest_route=\/wp\/v2\/media\/11078"}],"wp:attachment":[{"href":"https:\/\/magiiik.netstory.com.pl\/index.php?rest_route=%2Fwp%2Fv2%2Fmedia&parent=11077"}],"wp:term":[{"taxonomy":"product_brand","embeddable":true,"href":"https:\/\/magiiik.netstory.com.pl\/index.php?rest_route=%2Fwp%2Fv2%2Fproduct_brand&post=11077"},{"taxonomy":"product_cat","embeddable":true,"href":"https:\/\/magiiik.netstory.com.pl\/index.php?rest_route=%2Fwp%2Fv2%2Fproduct_cat&post=11077"},{"taxonomy":"product_tag","embeddable":true,"href":"https:\/\/magiiik.netstory.com.pl\/index.php?rest_route=%2Fwp%2Fv2%2Fproduct_tag&post=11077"}],"curies":[{"name":"wp","href":"https:\/\/api.w.org\/{rel}","templated":true}]}}