{"id":11074,"date":"2025-09-19T13:47:02","date_gmt":"2025-09-19T11:47:02","guid":{"rendered":"https:\/\/magiiik.netstory.com.pl\/produkt\/reflections\/"},"modified":"2025-09-19T13:47:24","modified_gmt":"2025-09-19T11:47:24","slug":"reflections","status":"publish","type":"product","link":"https:\/\/magiiik.netstory.com.pl\/?product=reflections","title":{"rendered":"Reflections"},"content":{"rendered":"<p class=\"p1\" style=\"text-align: center;\"><span class=\"s1\">Reflections (A Complete Guide to Shiners) to trzecie wydanie z serii Complete Control, Card Sharping.<\/span><\/p>\n<p class=\"p2\" style=\"text-align: center;\">\u00a0<\/p>\n<p class=\"p1\" style=\"text-align: center;\"><span class=\"s1\">Landon Swank prowadzi Ci\u0119 krok po kroku przez proces tworzenia najlepszego shinera hazardowego, kt\u00f3rego u\u017cywa w swoich expos\u00e9.<\/span><\/p>\n<p class=\"p2\" style=\"text-align: center;\">\u00a0<\/p>\n<p class=\"p1\" style=\"text-align: center;\"><span class=\"s1\">Po tym, jak obserwator tasuje, b\u0119dziesz m\u00f3g\u0142 wymieni\u0107 wszystkie 52 karty podczas rozdawania talii, a to tylko cz\u0119\u015b\u0107 mo\u017cliwo\u015bci.<\/span><\/p>\n<p class=\"p2\" style=\"text-align: center;\">\u00a0<\/p>\n<p class=\"p1\" style=\"text-align: center;\"><span class=\"s1\">\u201eJe\u015bli chcesz rozszerzy\u0107 sw\u00f3j arsena\u0142 sztuczek karcianych, nie szukaj dalej,\u201e Pe\u0142na kontrola \u201dda ci mo\u017cliwo\u015b\u0107 <\/span><\/p>\n<p class=\"p1\" style=\"text-align: center;\"><span class=\"s1\">wykonywania szalonych technik oszukiwania kart.<span class=\"Apple-converted-space\">\u00a0 <\/span>Landon daje ci narz\u0119dzia, kt\u00f3re osza\u0142amiaj\u0105 ludzi!\u201d<\/span><\/p>\n<p class=\"p1\" style=\"text-align: center;\"><strong><span class=\"s1\">&#8211; Criss Angel<\/span><\/strong><\/p>\n<p class=\"p2\" style=\"text-align: center;\">\u00a0<\/p>\n<p class=\"p1\" style=\"text-align: center;\"><span class=\"s1\">\u201eZna\u0142em Landona Swanka od d\u0142u\u017cszego czasu, a najwa\u017cniejsze, co wiem o nim, je\u015bli chodzi o magi\u0119, to: <\/span><\/p>\n<p class=\"p1\" style=\"text-align: center;\"><span class=\"s1\">jest on perfekcjonist\u0105 spragnionym wiedzy i zastosowania. Landon poch\u0142ania to wszystko i my\u015bli poza \u015bwiatem. <\/span><\/p>\n<p class=\"p1\" style=\"text-align: center;\"><span class=\"s1\">Wnosi wk\u0142ad zar\u00f3wno w post\u0119powy, jak i pozytywny spos\u00f3b, dzi\u0119ki czemu nasza sztuka jest lepsza. <\/span><\/p>\n<p class=\"p1\" style=\"text-align: center;\"><span class=\"s1\">Bierze wyrafinowany, trudny materia\u0142 i nie tylko demonstruje, ale tak\u017ce wyja\u015bnia to w spos\u00f3b zrozumia\u0142y dla ka\u017cdego. Landon jest jak pitbull. <\/span><\/p>\n<p class=\"p1\" style=\"text-align: center;\"><span class=\"s1\">Z\u0142apie i nie puszcza, dop\u00f3ki ka\u017cdy trudny efekt lub ruch nie zostanie rozgryziony. Potem wypluwa to tak naturalnie, jak to tylko mo\u017cliwe. Chcesz zarabia\u0107 na \u017cycie &#8230; Zdob\u0105d\u017a to !!!<\/span><\/p>\n<p class=\"p1\" style=\"text-align: center;\"><strong><span class=\"s1\">&#8211; Banachek<\/span><\/strong><\/p>\n<p class=\"p1\" style=\"text-align: center;\">\u00a0<\/p>\n<p class=\"p1\" style=\"text-align: center;\">\u00a0<\/p>\n<p style=\"text-align: center;\"><iframe loading=\"lazy\" src=\"https:\/\/www.youtube.com\/embed\/TzwRpmy7QMM\" width=\"560\" height=\"315\" frameborder=\"0\" allowfullscreen=\"allowfullscreen\"><\/iframe><\/p>\n","protected":false},"excerpt":{"rendered":"<p style=\"text-align: center;\"><strong>Reflections da ci mo\u017cliwo\u015b\u0107 wymienienia 52 dw\u00f3ch kart bez patrzenia na nie!<\/strong><\/p>\n<p style=\"text-align: center;\"><strong>Karty mog\u0105 by\u0107 przetasowane!<\/strong><\/p>\n","protected":false},"featured_media":11075,"comment_status":"closed","ping_status":"open","template":"","meta":[],"product_brand":[],"product_cat":[41],"product_tag":[],"class_list":{"0":"post-11074","1":"product","2":"type-product","3":"status-publish","4":"has-post-thumbnail","6":"product_cat-mikro-iluzja-close-up-efekty-z-kartami","8":"first","9":"instock","10":"purchasable","11":"product-type-simple"},"_links":{"self":[{"href":"https:\/\/magiiik.netstory.com.pl\/index.php?rest_route=\/wp\/v2\/product\/11074","targetHints":{"allow":["GET"]}}],"collection":[{"href":"https:\/\/magiiik.netstory.com.pl\/index.php?rest_route=\/wp\/v2\/product"}],"about":[{"href":"https:\/\/magiiik.netstory.com.pl\/index.php?rest_route=\/wp\/v2\/types\/product"}],"replies":[{"embeddable":true,"href":"https:\/\/magiiik.netstory.com.pl\/index.php?rest_route=%2Fwp%2Fv2%2Fcomments&post=11074"}],"wp:featuredmedia":[{"embeddable":true,"href":"https:\/\/magiiik.netstory.com.pl\/index.php?rest_route=\/wp\/v2\/media\/11075"}],"wp:attachment":[{"href":"https:\/\/magiiik.netstory.com.pl\/index.php?rest_route=%2Fwp%2Fv2%2Fmedia&parent=11074"}],"wp:term":[{"taxonomy":"product_brand","embeddable":true,"href":"https:\/\/magiiik.netstory.com.pl\/index.php?rest_route=%2Fwp%2Fv2%2Fproduct_brand&post=11074"},{"taxonomy":"product_cat","embeddable":true,"href":"https:\/\/magiiik.netstory.com.pl\/index.php?rest_route=%2Fwp%2Fv2%2Fproduct_cat&post=11074"},{"taxonomy":"product_tag","embeddable":true,"href":"https:\/\/magiiik.netstory.com.pl\/index.php?rest_route=%2Fwp%2Fv2%2Fproduct_tag&post=11074"}],"curies":[{"name":"wp","href":"https:\/\/api.w.org\/{rel}","templated":true}]}}