{"id":11051,"date":"2025-09-19T13:47:02","date_gmt":"2025-09-19T11:47:02","guid":{"rendered":"https:\/\/magiiik.netstory.com.pl\/produkt\/heart-stamper-pieczatka-serce-do-double-cross\/"},"modified":"2025-09-19T13:47:06","modified_gmt":"2025-09-19T11:47:06","slug":"heart-stamper-pieczatka-serce-do-double-cross","status":"publish","type":"product","link":"https:\/\/magiiik.netstory.com.pl\/?product=heart-stamper-pieczatka-serce-do-double-cross","title":{"rendered":"Heart Stamper (piecz\u0105tka-serce) do Double Cross"},"content":{"rendered":"<p style=\"text-align: center;\"><span style=\"font-size: 14pt;\">Ta piecz\u0105tka pozwala ci potajemnie stemplowa\u0107 serce na d\u0142oni widza. Rozmiar serca wynosi oko\u0142o 0,28 &#8222;x 0,28&#8221;.<\/span><\/p>\n<p style=\"text-align: center;\"><span style=\"font-size: 14pt;\">Wielu iluzjonist\u00f3w u\u017cywa efektu &#8222;Double Cross&#8221;. Czasami wystarczy zmieni\u0107 jeden, ma\u0142y szczeg\u00f3\u0142 aby widz zupe\u0142nie inaczej\u00a0<\/span><\/p>\n<p style=\"text-align: center;\"><span style=\"font-size: 14pt;\">odebra\u0142 ca\u0142y trik. Z ca\u0142\u0105 pewno\u015bci\u0105 piecz\u0105tka w kszta\u0142cie serca w tym pomo\u017ce!<\/span><\/p>\n<p style=\"text-align: center;\">\u00a0<\/p>\n<p style=\"text-align: center;\"><span style=\"font-size: 14pt;\"><strong>! UWAGA !<\/strong><\/span><\/p>\n<p style=\"text-align: center;\"><span style=\"font-size: 14pt;\"><strong>Tutaj kupujesz jedynie piecz\u0105tk\u0119 do markera Double Cross &#8211; ten produkt nie zawiera d\u0142ugopisu!<\/strong><\/span><\/p>\n<p style=\"text-align: center;\"><span style=\"font-size: 14pt;\"><strong>Marker Double Cross znajdziesz pod tym linkiem:<\/strong><\/span><\/p>\n<p style=\"text-align: center;\"><span style=\"font-size: 14pt;\"><strong><a href=\"\/pl\/p\/Double-Cross-by-Mark-Southworths\/1500\">http:\/\/www.magiiik.pl\/pl\/p\/Double-Cross-by-Mark-Southworths\/1500<\/a><\/strong><\/span><\/p>\n","protected":false},"excerpt":{"rendered":"<p style=\"text-align: center;\"><strong>Piecz\u0105tka &#8222;serce&#8221; dla markera Double Cross<\/strong><\/p>\n","protected":false},"featured_media":11052,"comment_status":"closed","ping_status":"open","template":"","meta":[],"product_brand":[],"product_cat":[59],"product_tag":[],"class_list":{"0":"post-11051","1":"product","2":"type-product","3":"status-publish","4":"has-post-thumbnail","6":"product_cat-mikro-iluzja-close-up-sharpie-dlugopisy","8":"first","9":"instock","10":"purchasable","11":"product-type-simple"},"_links":{"self":[{"href":"https:\/\/magiiik.netstory.com.pl\/index.php?rest_route=\/wp\/v2\/product\/11051","targetHints":{"allow":["GET"]}}],"collection":[{"href":"https:\/\/magiiik.netstory.com.pl\/index.php?rest_route=\/wp\/v2\/product"}],"about":[{"href":"https:\/\/magiiik.netstory.com.pl\/index.php?rest_route=\/wp\/v2\/types\/product"}],"replies":[{"embeddable":true,"href":"https:\/\/magiiik.netstory.com.pl\/index.php?rest_route=%2Fwp%2Fv2%2Fcomments&post=11051"}],"wp:featuredmedia":[{"embeddable":true,"href":"https:\/\/magiiik.netstory.com.pl\/index.php?rest_route=\/wp\/v2\/media\/11052"}],"wp:attachment":[{"href":"https:\/\/magiiik.netstory.com.pl\/index.php?rest_route=%2Fwp%2Fv2%2Fmedia&parent=11051"}],"wp:term":[{"taxonomy":"product_brand","embeddable":true,"href":"https:\/\/magiiik.netstory.com.pl\/index.php?rest_route=%2Fwp%2Fv2%2Fproduct_brand&post=11051"},{"taxonomy":"product_cat","embeddable":true,"href":"https:\/\/magiiik.netstory.com.pl\/index.php?rest_route=%2Fwp%2Fv2%2Fproduct_cat&post=11051"},{"taxonomy":"product_tag","embeddable":true,"href":"https:\/\/magiiik.netstory.com.pl\/index.php?rest_route=%2Fwp%2Fv2%2Fproduct_tag&post=11051"}],"curies":[{"name":"wp","href":"https:\/\/api.w.org\/{rel}","templated":true}]}}