{"id":11042,"date":"2025-09-19T13:47:02","date_gmt":"2025-09-19T11:47:02","guid":{"rendered":"https:\/\/magiiik.netstory.com.pl\/produkt\/airline-concept\/"},"modified":"2025-09-19T13:47:02","modified_gmt":"2025-09-19T11:47:02","slug":"airline-concept","status":"publish","type":"product","link":"https:\/\/magiiik.netstory.com.pl\/?product=airline-concept","title":{"rendered":"Airline Concept"},"content":{"rendered":"<p class=\"p1\" style=\"text-align: center;\"><span class=\"s1\">Efekty:<\/span><\/p>\n<p class=\"p1\" style=\"text-align: center;\"><span class=\"s1\"><strong>Airline Card<\/strong>\u00a0&#8211; przed rozpocz\u0119ciem efektu widz dostrzega, \u017ce na twojej koszuli przypi\u0119ta jest karta z czerwon\u0105 koszulk\u0105, ale jeszcze nic o tym nie wspominasz. <\/span><\/p>\n<p class=\"p1\" style=\"text-align: center;\"><span class=\"s1\">Poprosisz widza o wybranie karty z niebieskiej talii i podpisanie jej. Karta zostaje nast\u0119pnie zgubiona w talii. <\/span><\/p>\n<p class=\"p1\" style=\"text-align: center;\"><span class=\"s1\">Wszystko wraca do etui na karty, kt\u00f3re pozostawiasz widzowi. Pokazujesz swoj\u0105 r\u0119k\u0119 pust\u0105 i podwijasz r\u0119kawy. <\/span><\/p>\n<p class=\"p1\" style=\"text-align: center;\"><span class=\"s1\">Otw\u00f3rz agrafk\u0119 i wyjmij kart\u0119 z koszuli. Powoli odwracasz kart\u0119 &#8230; To podpisana karta od widza !!!<\/span><\/p>\n<p class=\"p2\" style=\"text-align: center;\">\u00a0<\/p>\n<p class=\"p1\" style=\"text-align: center;\"><span class=\"s1\"><strong>Signature Airline<\/strong> &#8211; Przed rozpocz\u0119ciem efektu widz zobaczy, \u017ce do twojej koszuli przyczepiono odkryt\u0105 kart\u0119. <\/span><\/p>\n<p class=\"p1\" style=\"text-align: center;\"><span class=\"s1\">Wyjmujesz z talii drug\u0105, tak\u0105 sam\u0105 i prosisz widza o jej podpisanie. <\/span><\/p>\n<p class=\"p1\" style=\"text-align: center;\"><span class=\"s1\">Jednym ruchem wyjmujesz jedwabn\u0105 chusteczk\u0119 z kieszeni i okazuje si\u0119, \u017ce podpis widza przeskoczy\u0142 na przyczepion\u0105 kart\u0119! <\/span><\/p>\n<p class=\"p1\" style=\"text-align: center;\"><span class=\"s1\">Pokazujesz swoj\u0105 r\u0119k\u0119 pust\u0105, podwijasz r\u0119kawy i \u017cadnych podejrzanych ruch\u00f3w rozpinasz agrafk\u0119 i wyjmujesz kart\u0119 z koszuli.<\/span><\/p>\n<p class=\"p2\" style=\"text-align: center;\">\u00a0<\/p>\n<p class=\"p1\" style=\"text-align: center;\"><span class=\"s1\"><strong>Flash Airline<\/strong> &#8211; Je\u015bli lubisz efekty wizualne &#8230; to ten jest ponadprzeci\u0119tny!. Karta na klatce piersiowej zniknie w mgnieniu oka i natychmiast pojawi si\u0119 na na plecach.<\/span><\/p>\n<p class=\"p1\" style=\"text-align: center;\">\u00a0<\/p>\n<p style=\"text-align: center;\"><iframe loading=\"lazy\" src=\"https:\/\/www.youtube.com\/embed\/RJc-3Ae8wMA\" width=\"560\" height=\"315\" frameborder=\"0\" allowfullscreen=\"allowfullscreen\"><\/iframe><\/p>\n","protected":false},"excerpt":{"rendered":"<p class=\"p1\" style=\"text-align: center;\"><strong><span class=\"s1\">Wyobra\u017a sobie, \u017ce mo\u017cesz zmaterializowa\u0107 ka\u017cdy ma\u0142y przedmiot, kt\u00f3ry zosta\u0142by wydrulowany na karcie i przymocowanej do koszuli. <\/span><\/strong><\/p>\n<p class=\"p1\" style=\"text-align: center;\"><strong><span class=\"s1\">Wystarczy dotkn\u0105\u0107 karty, a ka\u017cdy ma\u0142y przedmiot pasuj\u0105cy do karty zostanie natychmiast zmaterializowany:<\/span><\/strong><\/p>\n<p class=\"p1\" style=\"text-align: center;\"><strong><span class=\"s1\"> moneta, biszkopt, zapalniczka, papieros, ma\u0142y kwiatek itp.<\/span><\/strong><\/p>\n<p class=\"p1\" style=\"text-align: center;\"><strong><span class=\"s1\">Ten efekt b\u0119dzie \u0142atwy w u\u017cyciu jako otwieracz\u00a0<\/span><\/strong><strong><span class=\"s1\">przyci\u0105gaj\u0105cy uwag\u0119 lub<\/span><\/strong><\/p>\n<p class=\"p1\" style=\"text-align: center;\"><strong><span class=\"s1\">podczas ulubionej rutyny, je\u015bli potrzebujesz w wizualny spos\u00f3b pojawi\u0107 jaki\u015b przedmiot.<\/span><\/strong><\/p>\n","protected":false},"featured_media":11043,"comment_status":"closed","ping_status":"open","template":"","meta":[],"product_brand":[],"product_cat":[41],"product_tag":[],"class_list":{"0":"post-11042","1":"product","2":"type-product","3":"status-publish","4":"has-post-thumbnail","6":"product_cat-mikro-iluzja-close-up-efekty-z-kartami","8":"first","9":"instock","10":"purchasable","11":"product-type-simple"},"_links":{"self":[{"href":"https:\/\/magiiik.netstory.com.pl\/index.php?rest_route=\/wp\/v2\/product\/11042","targetHints":{"allow":["GET"]}}],"collection":[{"href":"https:\/\/magiiik.netstory.com.pl\/index.php?rest_route=\/wp\/v2\/product"}],"about":[{"href":"https:\/\/magiiik.netstory.com.pl\/index.php?rest_route=\/wp\/v2\/types\/product"}],"replies":[{"embeddable":true,"href":"https:\/\/magiiik.netstory.com.pl\/index.php?rest_route=%2Fwp%2Fv2%2Fcomments&post=11042"}],"wp:featuredmedia":[{"embeddable":true,"href":"https:\/\/magiiik.netstory.com.pl\/index.php?rest_route=\/wp\/v2\/media\/11043"}],"wp:attachment":[{"href":"https:\/\/magiiik.netstory.com.pl\/index.php?rest_route=%2Fwp%2Fv2%2Fmedia&parent=11042"}],"wp:term":[{"taxonomy":"product_brand","embeddable":true,"href":"https:\/\/magiiik.netstory.com.pl\/index.php?rest_route=%2Fwp%2Fv2%2Fproduct_brand&post=11042"},{"taxonomy":"product_cat","embeddable":true,"href":"https:\/\/magiiik.netstory.com.pl\/index.php?rest_route=%2Fwp%2Fv2%2Fproduct_cat&post=11042"},{"taxonomy":"product_tag","embeddable":true,"href":"https:\/\/magiiik.netstory.com.pl\/index.php?rest_route=%2Fwp%2Fv2%2Fproduct_tag&post=11042"}],"curies":[{"name":"wp","href":"https:\/\/api.w.org\/{rel}","templated":true}]}}