{"id":11004,"date":"2025-09-19T13:46:19","date_gmt":"2025-09-19T11:46:19","guid":{"rendered":"https:\/\/magiiik.netstory.com.pl\/produkt\/thru-by-daniel-bryan-and-mystique-factory\/"},"modified":"2025-09-19T13:46:26","modified_gmt":"2025-09-19T11:46:26","slug":"thru-by-daniel-bryan-and-mystique-factory","status":"publish","type":"product","link":"https:\/\/magiiik.netstory.com.pl\/?product=thru-by-daniel-bryan-and-mystique-factory","title":{"rendered":"Thru by Daniel Bryan and Mystique Factory"},"content":{"rendered":"<p class=\"p1\" style=\"text-align: center;\"><span class=\"s1\">OD KREATYWNEGO UMYS\u0141U W MAGII, MYSTIQUE FACTORY PREZENTUJE\u2026 \u201eTHRU\u201d DANIELA BRYANA<\/span><\/p>\n<p class=\"p1\" style=\"text-align: center;\"><span class=\"s1\"> \u201ePREZENTOWANY W TV, WYKONYWANY PRZEZ BRYTYJSKIEGO ILUZJONIST\u0118 ULICZNEGO TROYA\u201d<\/span><\/p>\n<p class=\"p2\" style=\"text-align: center;\">\u00a0<\/p>\n<p class=\"p1\" style=\"text-align: center;\"><span class=\"s1\">Daniel Bryan przedstawia nowoczesn\u0105, super wizualn\u0105 penetracj\u0119 dw\u00f3ch obiekt\u00f3w organicznych, kt\u00f3re wi\u0119kszo\u015b\u0107 ludzi ma na sobie ka\u017cdego dnia.<\/span><\/p>\n<p class=\"p2\" style=\"text-align: center;\">\u00a0<\/p>\n<p class=\"p1\" style=\"text-align: center;\"><span class=\"s1\">Wyobra\u017a sobie, \u017ce mo\u017cesz wzi\u0105\u0107 sw\u00f3j<span class=\"Apple-converted-space\">\u00a0 <\/span>smartfon i po\u017cyczy\u0107 banknot od widza, a nast\u0119pnie <\/span><\/p>\n<p class=\"p1\" style=\"text-align: center;\"><span class=\"s1\">dokona\u0107 niemo\u017cliwego w najbardziej szalony spos\u00f3b &#8230; Pozornie, ale niemo\u017cliwie, przenikasz telefonem<\/span><\/p>\n<p class=\"p1\" style=\"text-align: center;\"><span class=\"s1\"> po\u017cyczony banknot! Wygl\u0105da jak sztuczka z aparatem, poniewa\u017c wizualnie przesuwa si\u0119 po banknocie, a nast\u0119pnie <\/span><\/p>\n<p class=\"p1\" style=\"text-align: center;\"><span class=\"s1\">nagle wyci\u0105gasz telefon prosto przez \u015brodek banknotu! Widz\u0105 to, a nawet s\u0142ysz\u0105, jak rozrywa ich banknot!<\/span><\/p>\n<p class=\"p2\" style=\"text-align: center;\">\u00a0<\/p>\n<p class=\"p1\" style=\"text-align: center;\"><span class=\"s1\">Nast\u0119pnie powoli otwieracie banknkot widza, aby pokaza\u0107, \u017ce jest ca\u0142kowicie nienaruszony, bez rozdar\u0107, <\/span><\/p>\n<p class=\"p1\" style=\"text-align: center;\"><span class=\"s1\">bez \u0142ez, niczego, co mo\u017cna znale\u017a\u0107, a telefon jest ca\u0142kowicie nieuszkodzony. Nast\u0119pnie mo\u017cesz przekaza\u0107 <\/span><\/p>\n<p class=\"p1\" style=\"text-align: center;\"><span class=\"s1\">wszystko do sprawdzenia, je\u015bli chcesz to zrobi\u0107.<\/span><\/p>\n<p class=\"p2\" style=\"text-align: center;\">\u00a0<\/p>\n<p class=\"p1\" style=\"text-align: center;\"><span class=\"s1\">\u201eTHRU\u201d to bardzo sprytny i zwodniczy element wizualnej magii, kt\u00f3ry mo\u017cna wykona\u0107 w dowolnym miejscu <\/span><\/p>\n<p class=\"p1\" style=\"text-align: center;\"><span class=\"s1\">i dla ka\u017cdego. Dzi\u0119ki temu projektowi dowiesz si\u0119 wszystkiego, co musisz wiedzie\u0107, o tym, jak stworzy\u0107 w\u0142asn\u0105 <\/span><\/p>\n<p class=\"p1\" style=\"text-align: center;\"><span class=\"s1\">sztuczk\u0119 <\/span><span class=\"s1\">i jak wyj\u015b\u0107 i wykona\u0107 ten osza\u0142amiaj\u0105cy kawa\u0142ek, pozostawiaj\u0105c ludzi z niedowierzaniem.<\/span><\/p>\n<p class=\"p2\" style=\"text-align: center;\">\u00a0<\/p>\n<p class=\"p1\" style=\"text-align: center;\"><span class=\"s1\">Daniel dzieli si\u0119 r\u00f3wnie\u017c swoimi genialnymi efektami BONUS za pomoc\u0105 karty bankowej (lub dowolnej karty plastikowej) <\/span><\/p>\n<p class=\"p1\" style=\"text-align: center;\"><span class=\"s1\">z po\u017cyczonym banknotem lub nawet za pomoc\u0105 dw\u00f3ch banknot\u00f3w. Mo\u017cesz nawet zastosowa\u0107 t\u0119 zasad\u0119, u\u017cywaj\u0105c swojej <\/span><\/p>\n<p class=\"p1\" style=\"text-align: center;\"><span class=\"s1\">wizyt\u00f3wki, co jest \u015bwietnym sposobem na rozdanie wizyt\u00f3wki, kt\u00f3ra pozostawi <\/span><\/p>\n<p class=\"p1\" style=\"text-align: center;\"><span class=\"s1\">widzowi trwa\u0142\u0105 pami\u0119\u0107 i &#8211; co najwa\u017cniejsze &#8211; twoje dane do przysz\u0142ych rezerwacji.<\/span><\/p>\n<p class=\"p2\" style=\"text-align: center;\">\u00a0<\/p>\n<p class=\"p1\" style=\"text-align: center;\"><span class=\"s1\">Jest to super wizualna organiczna magia, kt\u00f3ra jest bardzo komercyjna dla pracuj\u0105cego magika. <\/span><\/p>\n<p class=\"p1\" style=\"text-align: center;\"><span class=\"s1\">Rzeczy, kt\u00f3re warto wiedzie\u0107 &#8211; . Na tym DVD przedstawiono r\u00f3\u017cne szczeg\u00f3\u0142owe sposoby tworzenia <\/span><\/p>\n<p class=\"p1\" style=\"text-align: center;\"><span class=\"s1\">sztuczek, aby jak najlepiej Ci odpowiada\u0142y. <\/span><\/p>\n<p class=\"p1\" style=\"text-align: center;\"><strong><span class=\"s1\">SUPER WIZUALNA. PROSTE DO ZROBIENIA. WSZYSTKO MO\u017bE BY\u0106 ODNOWIONE <\/span><\/strong><\/p>\n<p class=\"p1\" style=\"text-align: center;\"><strong><span class=\"s1\">JE\u015aLI CHCESZ WSZYSTKO MO\u017bE BY\u0106 SPRAWDZONE NA KO\u0143CU.<\/span><\/strong><\/p>\n<p class=\"p2\" style=\"text-align: center;\">\u00a0<\/p>\n<p class=\"p1\" style=\"text-align: center;\"><span class=\"s1\">\u201eTo wspania\u0142e, wizualne i zabawne\u201d<\/span><\/p>\n<p class=\"p1\" style=\"text-align: center;\"><span class=\"s1\">&#8211; Troy<\/span><\/p>\n<p class=\"p2\" style=\"text-align: center;\">\u00a0<\/p>\n<p class=\"p1\" style=\"text-align: center;\"><span class=\"s1\">\u201eEfekty wizualne efektu Dans s\u0105 niesamowite. Zr\u0119czne, organiczne i magiczne. O co wi\u0119cej mo\u017cna prosi\u0107?\u201d<\/span><\/p>\n<p class=\"p1\" style=\"text-align: center;\"><span class=\"s1\">&#8211; Peter Nardi<\/span><\/p>\n<p class=\"p2\" style=\"text-align: center;\">\u00a0<\/p>\n<p class=\"p1\" style=\"text-align: center;\"><span class=\"s1\">\u201eWygl\u0105da jak naprawd\u0119 fajny kawa\u0142ek zaimprowizowanej magii w stylu ulicznym\u201d<\/span><\/p>\n<p class=\"p1\" style=\"text-align: center;\"><span class=\"s1\">&#8211; Wayne Fox<\/span><\/p>\n<p class=\"p2\" style=\"text-align: center;\">\u00a0<\/p>\n<p class=\"p1\" style=\"text-align: center;\"><span class=\"s1\">\u201eTHRU jest zab\u00f3jc\u0105! Jest tak ekologiczne i oszuka\u0142o mnie od dawna! POTRZEBUJ\u0118 TO!\u201d<\/span><\/p>\n<p class=\"p1\" style=\"text-align: center;\"><span class=\"s1\">&#8211; Kevin Schaller<\/span><\/p>\n<p class=\"p1\" style=\"text-align: center;\">\u00a0<\/p>\n<p class=\"p1\" style=\"text-align: center;\"><span class=\"s1\">LINK DO FILMU:<\/span><\/p>\n<p class=\"p1\" style=\"text-align: center;\"><span class=\"s1\"><a href=\"https:\/\/magiiik.netstory.com.pl\/45\">https:\/\/www.youtube.com\/watch?v=7J8BqfMMrHg&amp;t=<\/a><\/span><\/p>\n","protected":false},"excerpt":{"rendered":"<p style=\"text-align: center;\"><strong>Praktyczny i wizualny spos\u00f3b na<\/strong><\/p>\n<p style=\"text-align: center;\"><strong>,,Telefon przez banknot&#8221;, co wi\u0119cej:<\/strong><\/p>\n<p style=\"text-align: center;\"><strong>banknot po\u017cyczony od widza.<\/strong><\/p>\n","protected":false},"featured_media":11005,"comment_status":"closed","ping_status":"open","template":"","meta":[],"product_brand":[],"product_cat":[34],"product_tag":[],"class_list":{"0":"post-11004","1":"product","2":"type-product","3":"status-publish","4":"has-post-thumbnail","6":"product_cat-mikro-iluzja-close-up-inne","8":"first","9":"instock","10":"purchasable","11":"product-type-simple"},"_links":{"self":[{"href":"https:\/\/magiiik.netstory.com.pl\/index.php?rest_route=\/wp\/v2\/product\/11004","targetHints":{"allow":["GET"]}}],"collection":[{"href":"https:\/\/magiiik.netstory.com.pl\/index.php?rest_route=\/wp\/v2\/product"}],"about":[{"href":"https:\/\/magiiik.netstory.com.pl\/index.php?rest_route=\/wp\/v2\/types\/product"}],"replies":[{"embeddable":true,"href":"https:\/\/magiiik.netstory.com.pl\/index.php?rest_route=%2Fwp%2Fv2%2Fcomments&post=11004"}],"wp:featuredmedia":[{"embeddable":true,"href":"https:\/\/magiiik.netstory.com.pl\/index.php?rest_route=\/wp\/v2\/media\/11005"}],"wp:attachment":[{"href":"https:\/\/magiiik.netstory.com.pl\/index.php?rest_route=%2Fwp%2Fv2%2Fmedia&parent=11004"}],"wp:term":[{"taxonomy":"product_brand","embeddable":true,"href":"https:\/\/magiiik.netstory.com.pl\/index.php?rest_route=%2Fwp%2Fv2%2Fproduct_brand&post=11004"},{"taxonomy":"product_cat","embeddable":true,"href":"https:\/\/magiiik.netstory.com.pl\/index.php?rest_route=%2Fwp%2Fv2%2Fproduct_cat&post=11004"},{"taxonomy":"product_tag","embeddable":true,"href":"https:\/\/magiiik.netstory.com.pl\/index.php?rest_route=%2Fwp%2Fv2%2Fproduct_tag&post=11004"}],"curies":[{"name":"wp","href":"https:\/\/api.w.org\/{rel}","templated":true}]}}