{"id":11002,"date":"2025-09-19T13:46:19","date_gmt":"2025-09-19T11:46:19","guid":{"rendered":"https:\/\/magiiik.netstory.com.pl\/produkt\/mysterious-ring-by-vincenzo-di-fatta\/"},"modified":"2025-09-19T13:46:25","modified_gmt":"2025-09-19T11:46:25","slug":"mysterious-ring-by-vincenzo-di-fatta","status":"publish","type":"product","link":"https:\/\/magiiik.netstory.com.pl\/?product=mysterious-ring-by-vincenzo-di-fatta","title":{"rendered":"Mysterious Ring by Vincenzo Di Fatta"},"content":{"rendered":"<div class=\"col\">\n<div id=\"center_col\">\n<div id=\"res\" class=\"med\">\n<div id=\"search\">\n<div data-ved=\"0ahUKEwiA5tjDoMfkAhUN_KQKHbEPAZwQGggt\">\n<div id=\"rso\" data-async-context=\"query:translator\">\n<div class=\"bkWMgd\">\n<div class=\"g knavi obcontainer mod\" data-md=\"77\" data-hveid=\"CAoQAA\" data-ved=\"2ahUKEwiA5tjDoMfkAhUN_KQKHbEPAZwQkCkwAHoECAoQAA\">\n<div data-hveid=\"CAoQAQ\">\n<div id=\"tw-container\" class=\"vk_c\" data-cp=\"1\" data-nnttsvi=\"1\" data-nttsd=\"1\" data-sm=\"1\" data-sugg-time=\"500\" data-sugg-url=\"https:\/\/clients1.google.com\/complete\/search\" data-uilc=\"pl\">\n<div class=\"jhH5U r-i9lG0Sy76obs\" data-rtid=\"i9lG0Sy76obs\">\n<div id=\"tw-ob\" class=\"tw-src-ltr\">\n<div class=\"oSioSc\">\n<div id=\"tw-target\">\n<div id=\"kAz1tf\" class=\"g9WsWb\">\n<div id=\"tw-target-text-container\" class=\"tw-ta-container tw-nfl\" style=\"text-align: center;\">\n<pre id=\"tw-target-text\" class=\"tw-data-text tw-text-large tw-ta\" dir=\"ltr\" data-placeholder=\"T\u0142umaczenie\"><span lang=\"pl\" tabindex=\"0\">Mag pokazuje pier\u015bcie\u0144 i \u0142a\u0144cuch i ka\u017ce je sprawdzi\u0107. <br \/>Zabiera je z powrotem i magicznie pier\u015bcie\u0144 natychmiast po\u0142\u0105czy si\u0119 z \u0142a\u0144cuchem. <br \/>Publiczno\u015b\u0107 nie jest w stanie tego powt\u00f3rzy\u0107!  Pier\u015bcie\u0144 i \u0142a\u0144cuch s\u0105 wykonane ze stali i mo\u017cna je sprawdzi\u0107.  Bardzo \u0142atwy do przenoszenia, mo\u017cna go nosi\u0107 jako normalny \u0142a\u0144cuszek z zawieszk\u0105.  Pier\u015bcie\u0144 ma \u015brednic\u0119 5 cm i grubo\u015b\u0107 3 mm. \u0141a\u0144cuch ma zamkni\u0119t\u0105 p\u0119tl\u0119 o d\u0142ugo\u015bci 35 cm.<br \/><br \/>LINK WIDEO:<br \/><a href=\"https:\/\/magiiik.netstory.com.pl\/44\">https:\/\/www.youtube.com\/watch?v=NBOO2721Oiw<\/a><br \/><\/span><\/pre>\n<\/p><\/div>\n<div id=\"z6maec\" class=\"tw-ta-container tw-nfl\">\u00a0<\/div><\/div><\/div><\/div><\/div><\/div><\/div><\/div><\/div><\/div><\/div><\/div><\/div><\/div>\n<div>\n<div id=\"foot\">\n<div id=\"gfn\">\u00a0<\/div>\n<p>  <span id=\"fvf\"><\/span><\/div><\/div><\/div><\/div>\n<div id=\"rhscol\" class=\"col\">\u00a0<\/div>\n","protected":false},"excerpt":{"rendered":"<p>Mag pokazuje pier\u015bcie\u0144 i \u0142a\u0144cuch i ka\u017ce je sprawdzi\u0107. Zabiera je z powrotem i magicznie pier\u015bcie\u0144 natychmiast po\u0142\u0105czy si\u0119 z \u0142a\u0144cuchem. Publiczno\u015b\u0107 nie jest w stanie tego powt\u00f3rzy\u0107! Pier\u015bcie\u0144 i&#8230;<\/p>\n","protected":false},"featured_media":11003,"comment_status":"closed","ping_status":"open","template":"","meta":[],"product_brand":[],"product_cat":[34],"product_tag":[],"class_list":{"0":"post-11002","1":"product","2":"type-product","3":"status-publish","4":"has-post-thumbnail","6":"product_cat-mikro-iluzja-close-up-inne","8":"first","9":"instock","10":"purchasable","11":"product-type-simple"},"_links":{"self":[{"href":"https:\/\/magiiik.netstory.com.pl\/index.php?rest_route=\/wp\/v2\/product\/11002","targetHints":{"allow":["GET"]}}],"collection":[{"href":"https:\/\/magiiik.netstory.com.pl\/index.php?rest_route=\/wp\/v2\/product"}],"about":[{"href":"https:\/\/magiiik.netstory.com.pl\/index.php?rest_route=\/wp\/v2\/types\/product"}],"replies":[{"embeddable":true,"href":"https:\/\/magiiik.netstory.com.pl\/index.php?rest_route=%2Fwp%2Fv2%2Fcomments&post=11002"}],"wp:featuredmedia":[{"embeddable":true,"href":"https:\/\/magiiik.netstory.com.pl\/index.php?rest_route=\/wp\/v2\/media\/11003"}],"wp:attachment":[{"href":"https:\/\/magiiik.netstory.com.pl\/index.php?rest_route=%2Fwp%2Fv2%2Fmedia&parent=11002"}],"wp:term":[{"taxonomy":"product_brand","embeddable":true,"href":"https:\/\/magiiik.netstory.com.pl\/index.php?rest_route=%2Fwp%2Fv2%2Fproduct_brand&post=11002"},{"taxonomy":"product_cat","embeddable":true,"href":"https:\/\/magiiik.netstory.com.pl\/index.php?rest_route=%2Fwp%2Fv2%2Fproduct_cat&post=11002"},{"taxonomy":"product_tag","embeddable":true,"href":"https:\/\/magiiik.netstory.com.pl\/index.php?rest_route=%2Fwp%2Fv2%2Fproduct_tag&post=11002"}],"curies":[{"name":"wp","href":"https:\/\/api.w.org\/{rel}","templated":true}]}}