{"id":10981,"date":"2025-09-19T13:45:30","date_gmt":"2025-09-19T11:45:30","guid":{"rendered":"https:\/\/magiiik.netstory.com.pl\/produkt\/uncatchable-by-olivier-pont\/"},"modified":"2025-09-19T13:46:06","modified_gmt":"2025-09-19T11:46:06","slug":"uncatchable-by-olivier-pont","status":"publish","type":"product","link":"https:\/\/magiiik.netstory.com.pl\/?product=uncatchable-by-olivier-pont","title":{"rendered":"Uncatchable by Olivier Pont"},"content":{"rendered":"<p class=\"p1\" style=\"text-align: center;\"><span class=\"s1\">Przez wi\u0119kszo\u015b\u0107 czasu magowie boj\u0105 si\u0119 wykonywa\u0107 sztuczki, kt\u00f3re wymagaj\u0105 od nich spasowania karty. Uncatchtable usuwa to zmartwienie &#8211; znacznie u\u0142atwia sk\u0142adanie!<\/span><\/p>\n<p class=\"p1\" style=\"text-align: center;\"><span class=\"s1\">Rzeczywi\u015bcie, twoje r\u0119ce b\u0119d\u0105 naprawd\u0119 wolne podczas ca\u0142ego wyst\u0119pu, wi\u0119c mo\u017cesz zamiast tego skoncentrowa\u0107 si\u0119 na obs\u0142udze kart.<\/span><\/p>\n<p class=\"p1\" style=\"text-align: center;\"><span class=\"s1\">Efekt:<\/span><\/p>\n<p class=\"p1\" style=\"text-align: center;\"><span class=\"s1\">Karta jest wybierana przez widza. 100% darmowy wyb\u00f3r. Ich karta jest podpisana i zgubiona w talii. Talia jest umieszczona w pude\u0142ku.<\/span><\/p>\n<p class=\"p1\" style=\"text-align: center;\"><span class=\"s1\">Teraz magia! Folia otaczaj\u0105ca tali\u0119 kart jest nieco przesuni\u0119ta do przodu. Nast\u0119pnie, w mgnieniu oka, w miejscu utworzonym przez foli\u0119 pojawia si\u0119 z\u0142o\u017cona karta! Widz usuwa foli\u0119, karta jest rozwini\u0119ta i to jest ich podpisana karta! NIEMO\u017bLIWE!<\/span><\/p>\n<p class=\"p1\" style=\"text-align: center;\"><strong><span class=\"s1\">Umieszczenie kart w pude\u0142ku r\u00f3wnie\u017c b\u0119dzie \u0142atw\u0105 prac\u0105 i zaufaj mi, z ma\u0142\u0105 wskaz\u00f3wk\u0105 wszystko b\u0119dzie sprawdzalne.<\/span><\/strong><\/p>\n<p class=\"p1\" style=\"text-align: center;\"><strong><span class=\"s1\">100% darmowy wyb\u00f3r<\/span><\/strong><\/p>\n<p class=\"p1\" style=\"text-align: center;\"><strong><span class=\"s1\">Niezwykle wizualny<\/span><\/strong><\/p>\n<p class=\"p1\" style=\"text-align: center;\"><strong><span class=\"s1\">Wszystko mo\u017cna zbada\u0107<\/span><\/strong><\/p>\n<p class=\"p1\" style=\"text-align: center;\"><strong><span class=\"s1\">\u0141atwe do zrobienia<\/span><\/strong><\/p>\n<p class=\"p1\" style=\"text-align: center;\"><strong><span class=\"s1\">Dost\u0119pne tylko w czerwonej wersji<\/span><\/strong><\/p>\n<p class=\"p1\" style=\"text-align: center;\"><strong><span class=\"s1\">LINK DO FILMU:<\/span><\/strong><\/p>\n<p class=\"p1\" style=\"text-align: center;\"><strong><span class=\"s1\"><a href=\"https:\/\/magiiik.netstory.com.pl\/42\">https:\/\/www.youtube.com\/watch?v=Lx9lpRMWlC8<\/a><\/span><\/strong><\/p>\n","protected":false},"excerpt":{"rendered":"<p style=\"text-align: center;\"><strong>Karta wybrana i podpisana przez widza<\/strong><\/p>\n<p style=\"text-align: center;\"><strong>pojawia si\u0119 w wolnej przestrzeni pomi\u0119dzy foli\u0105<\/strong><\/p>\n<p style=\"text-align: center;\"><strong>a pude\u0142kiem kart.<\/strong><\/p>\n","protected":false},"featured_media":10982,"comment_status":"closed","ping_status":"open","template":"","meta":[],"product_brand":[],"product_cat":[41],"product_tag":[],"class_list":{"0":"post-10981","1":"product","2":"type-product","3":"status-publish","4":"has-post-thumbnail","6":"product_cat-mikro-iluzja-close-up-efekty-z-kartami","8":"first","9":"instock","10":"purchasable","11":"product-type-simple"},"_links":{"self":[{"href":"https:\/\/magiiik.netstory.com.pl\/index.php?rest_route=\/wp\/v2\/product\/10981","targetHints":{"allow":["GET"]}}],"collection":[{"href":"https:\/\/magiiik.netstory.com.pl\/index.php?rest_route=\/wp\/v2\/product"}],"about":[{"href":"https:\/\/magiiik.netstory.com.pl\/index.php?rest_route=\/wp\/v2\/types\/product"}],"replies":[{"embeddable":true,"href":"https:\/\/magiiik.netstory.com.pl\/index.php?rest_route=%2Fwp%2Fv2%2Fcomments&post=10981"}],"wp:featuredmedia":[{"embeddable":true,"href":"https:\/\/magiiik.netstory.com.pl\/index.php?rest_route=\/wp\/v2\/media\/10982"}],"wp:attachment":[{"href":"https:\/\/magiiik.netstory.com.pl\/index.php?rest_route=%2Fwp%2Fv2%2Fmedia&parent=10981"}],"wp:term":[{"taxonomy":"product_brand","embeddable":true,"href":"https:\/\/magiiik.netstory.com.pl\/index.php?rest_route=%2Fwp%2Fv2%2Fproduct_brand&post=10981"},{"taxonomy":"product_cat","embeddable":true,"href":"https:\/\/magiiik.netstory.com.pl\/index.php?rest_route=%2Fwp%2Fv2%2Fproduct_cat&post=10981"},{"taxonomy":"product_tag","embeddable":true,"href":"https:\/\/magiiik.netstory.com.pl\/index.php?rest_route=%2Fwp%2Fv2%2Fproduct_tag&post=10981"}],"curies":[{"name":"wp","href":"https:\/\/api.w.org\/{rel}","templated":true}]}}