{"id":10979,"date":"2025-09-19T13:45:30","date_gmt":"2025-09-19T11:45:30","guid":{"rendered":"https:\/\/magiiik.netstory.com.pl\/produkt\/mutation-by-peter-eggink\/"},"modified":"2025-09-19T13:46:05","modified_gmt":"2025-09-19T11:46:05","slug":"mutation-by-peter-eggink","status":"publish","type":"product","link":"https:\/\/magiiik.netstory.com.pl\/?product=mutation-by-peter-eggink","title":{"rendered":"Mutation by Peter Eggink"},"content":{"rendered":"<p class=\"p1\" style=\"text-align: center;\"><span class=\"s1\">Usuwasz jedn\u0105 kart\u0119 kart\u0119 przepowiedni\u0119 z talii, a widz jest proszony o podpisanie swojego imienia na odwrocie. <\/span><\/p>\n<p class=\"p1\" style=\"text-align: center;\"><span class=\"s1\">Karta jest nast\u0119pnie izolowana pod opakowanie foliowe ochraniaj\u0105ce karty. Nast\u0119pnie widz wybiera kart\u0119 &#8211; powiedzmy, \u017ce wybiera 3 pik. <\/span><\/p>\n<p class=\"p1\" style=\"text-align: center;\"><span class=\"s1\">Pokazujesz swoj\u0105 kart\u0119 prognozy pod owijk\u0105 foliow\u0105 i &#8230; to jest 2 Pik.<\/span><\/p>\n<p class=\"p1\" style=\"text-align: center;\"><span class=\"s1\">Bez \u017cadnych ruch\u00f3w dolny znaczek dw\u00f3jki pik z magicznie klonuje si\u0119 i animuje na powierzchni karty, tworz\u0105c 3 pik!<\/span><\/p>\n<p class=\"p1\" style=\"text-align: center;\"><span class=\"s1\">Bez \u017cadnych zabawnych ruch\u00f3w karta jest teraz usuwana spod folii i od razu przekazywana widzowi, aby mog\u0142a zachowa\u0107 j\u0105 jako naprawd\u0119 wyj\u0105tkow\u0105 pami\u0105tk\u0119!<\/span><\/p>\n<p class=\"p1\" style=\"text-align: center;\"><span class=\"s1\">W komplecie r\u0119cznie robione ozdobne pude\u0142ko na karty, niestandardowe drukowane karty i pe\u0142ne wideo szkoleniowe online.<\/span><\/p>\n<p class=\"p2\" style=\"text-align: center;\"><strong>\u201eCzasami magia jest uniwersalnai tak wizualna, \u017ce jej grafika m\u00f3wi sama za siebie! Kreacja Petera to taki efekt! \u017badnych sztuczek z kamer\u0105. To w 100% prawdziwi ludzie !!!!\u201d<\/strong><\/p>\n<p class=\"p1\" style=\"text-align: center;\"><span class=\"s1\">&#8211; Matt Johnson<\/span><\/p>\n<p class=\"p1\" style=\"text-align: center;\"><em><span class=\"s1\">LINK DO FILMU:<\/span><\/em><\/p>\n<p class=\"p1\" style=\"text-align: center;\"><em><span class=\"s1\"><a href=\"https:\/\/magiiik.netstory.com.pl\/41\">https:\/\/www.youtube.com\/watch?v=nPZtM4twRxs<\/a><\/span><\/em><\/p>\n","protected":false},"excerpt":{"rendered":"<p style=\"text-align: center;\"><strong>Zamie\u0144 np. dw\u00f3jk\u0119 pik w tr\u00f3jk\u0119 pik ale&#8230;<\/strong><\/p>\n<p style=\"text-align: center;\"><strong>lewituj\u0105c znaczek karty, kt\u00f3ra jest schowana za foli\u0105!<\/strong><\/p>\n","protected":false},"featured_media":10980,"comment_status":"closed","ping_status":"open","template":"","meta":[],"product_brand":[],"product_cat":[41],"product_tag":[],"class_list":{"0":"post-10979","1":"product","2":"type-product","3":"status-publish","4":"has-post-thumbnail","6":"product_cat-mikro-iluzja-close-up-efekty-z-kartami","8":"first","9":"instock","10":"purchasable","11":"product-type-simple"},"_links":{"self":[{"href":"https:\/\/magiiik.netstory.com.pl\/index.php?rest_route=\/wp\/v2\/product\/10979","targetHints":{"allow":["GET"]}}],"collection":[{"href":"https:\/\/magiiik.netstory.com.pl\/index.php?rest_route=\/wp\/v2\/product"}],"about":[{"href":"https:\/\/magiiik.netstory.com.pl\/index.php?rest_route=\/wp\/v2\/types\/product"}],"replies":[{"embeddable":true,"href":"https:\/\/magiiik.netstory.com.pl\/index.php?rest_route=%2Fwp%2Fv2%2Fcomments&post=10979"}],"wp:featuredmedia":[{"embeddable":true,"href":"https:\/\/magiiik.netstory.com.pl\/index.php?rest_route=\/wp\/v2\/media\/10980"}],"wp:attachment":[{"href":"https:\/\/magiiik.netstory.com.pl\/index.php?rest_route=%2Fwp%2Fv2%2Fmedia&parent=10979"}],"wp:term":[{"taxonomy":"product_brand","embeddable":true,"href":"https:\/\/magiiik.netstory.com.pl\/index.php?rest_route=%2Fwp%2Fv2%2Fproduct_brand&post=10979"},{"taxonomy":"product_cat","embeddable":true,"href":"https:\/\/magiiik.netstory.com.pl\/index.php?rest_route=%2Fwp%2Fv2%2Fproduct_cat&post=10979"},{"taxonomy":"product_tag","embeddable":true,"href":"https:\/\/magiiik.netstory.com.pl\/index.php?rest_route=%2Fwp%2Fv2%2Fproduct_tag&post=10979"}],"curies":[{"name":"wp","href":"https:\/\/api.w.org\/{rel}","templated":true}]}}