{"id":10975,"date":"2025-09-19T13:45:30","date_gmt":"2025-09-19T11:45:30","guid":{"rendered":"https:\/\/magiiik.netstory.com.pl\/produkt\/horizon-by-matthew-wright\/"},"modified":"2025-09-19T13:46:04","modified_gmt":"2025-09-19T11:46:04","slug":"horizon-by-matthew-wright","status":"publish","type":"product","link":"https:\/\/magiiik.netstory.com.pl\/?product=horizon-by-matthew-wright","title":{"rendered":"Horizon by Matthew Wright"},"content":{"rendered":"<p class=\"p1\" style=\"text-align: center;\">\u00a0<\/p>\n<p class=\"p1\" style=\"text-align: center;\"><span class=\"s1\">\u017baden inny system nici nie mo\u017ce osi\u0105gn\u0105\u0107 tego, co mo\u017ce osi\u0105gn\u0105\u0107 Horizon:<\/span><\/p>\n<p class=\"p1\" style=\"text-align: center;\"><span class=\"s1\">Znajd\u017a wybran\u0105 i podpisan\u0105 kart\u0119 wysuwaj\u0105c ja z talii kart i powoli lewituj do drugiej r\u0119ki.<\/span><\/p>\n<p class=\"p1\" style=\"text-align: center;\"><span class=\"s1\">Pude\u0142ko z kartami do gry unosi si\u0119 prosto do r\u0119ki, bardzo nieznacznie poruszaj\u0105c r\u0119kami.<\/span><\/p>\n<p class=\"p1\" style=\"text-align: center;\"><span class=\"s1\">Poka\u017c banknot wyskakuj\u0105cy z portfela, ta\u0144cz\u0105cy przez st\u00f3\u0142 i skacz\u0105cy do r\u0119ki.<\/span><\/p>\n<p class=\"p1\" style=\"text-align: center;\"><span class=\"s1\">Lewitacje takie jak podpisana karta z talii kart lub banknot dolarowy z portfela, do tej pory nie by\u0142y mo\u017cliwe. Horizon sprawi, \u017ce b\u0119dziesz wykonywa\u0107 <\/span><\/p>\n<p class=\"p1\" style=\"text-align: center;\"><span class=\"s1\">zawieszenia grawitacyjne i animacje banknot\u00f3w, kart do gry, zapa\u0142ek, pude\u0142ek na karty, wizyt\u00f3wek, kart kredytowych i innych, kt\u00f3re sprawdz\u0105 si\u0119 podczas wyst\u0119p\u00f3w z bliska, na scenie lub w salonie.<\/span><\/p>\n<p class=\"p1\" style=\"text-align: center;\"><span class=\"s1\">Do\u0142\u0105czone DVD i gimmicki, kt\u00f3re pozwol\u0105 Ci od razu na wykonywanie tego pi\u0119knego efektu.<\/span><\/p>\n<p class=\"p1\" style=\"text-align: center;\"><span class=\"s1\">LINK DO FILMU:<\/span><\/p>\n<p class=\"p1\" style=\"text-align: center;\"><span class=\"s1\"><a href=\"https:\/\/magiiik.netstory.com.pl\/39\">https:\/\/www.youtube.com\/watch?v=28EehlBRSI8<\/a><\/span><\/p>\n","protected":false},"excerpt":{"rendered":"<p class=\"p1\" style=\"text-align: center;\"><strong><span class=\"s1\">Nowy, rewolucyjny system nici, kt\u00f3ry pozwala bez wysi\u0142ku o\u017cywi\u0107 <\/span><\/strong><\/p>\n<p class=\"p1\" style=\"text-align: center;\"><strong><span class=\"s1\">ma\u0142y przedmiot z jednej r\u0119ki do drugiej, prawie bez ruchu.<\/span><\/strong><\/p>\n<p class=\"p2\" style=\"text-align: center;\">\u00a0<\/p>\n","protected":false},"featured_media":10976,"comment_status":"closed","ping_status":"open","template":"","meta":[],"product_brand":[],"product_cat":[41],"product_tag":[],"class_list":{"0":"post-10975","1":"product","2":"type-product","3":"status-publish","4":"has-post-thumbnail","6":"product_cat-mikro-iluzja-close-up-efekty-z-kartami","8":"first","9":"instock","10":"purchasable","11":"product-type-simple"},"_links":{"self":[{"href":"https:\/\/magiiik.netstory.com.pl\/index.php?rest_route=\/wp\/v2\/product\/10975","targetHints":{"allow":["GET"]}}],"collection":[{"href":"https:\/\/magiiik.netstory.com.pl\/index.php?rest_route=\/wp\/v2\/product"}],"about":[{"href":"https:\/\/magiiik.netstory.com.pl\/index.php?rest_route=\/wp\/v2\/types\/product"}],"replies":[{"embeddable":true,"href":"https:\/\/magiiik.netstory.com.pl\/index.php?rest_route=%2Fwp%2Fv2%2Fcomments&post=10975"}],"wp:featuredmedia":[{"embeddable":true,"href":"https:\/\/magiiik.netstory.com.pl\/index.php?rest_route=\/wp\/v2\/media\/10976"}],"wp:attachment":[{"href":"https:\/\/magiiik.netstory.com.pl\/index.php?rest_route=%2Fwp%2Fv2%2Fmedia&parent=10975"}],"wp:term":[{"taxonomy":"product_brand","embeddable":true,"href":"https:\/\/magiiik.netstory.com.pl\/index.php?rest_route=%2Fwp%2Fv2%2Fproduct_brand&post=10975"},{"taxonomy":"product_cat","embeddable":true,"href":"https:\/\/magiiik.netstory.com.pl\/index.php?rest_route=%2Fwp%2Fv2%2Fproduct_cat&post=10975"},{"taxonomy":"product_tag","embeddable":true,"href":"https:\/\/magiiik.netstory.com.pl\/index.php?rest_route=%2Fwp%2Fv2%2Fproduct_tag&post=10975"}],"curies":[{"name":"wp","href":"https:\/\/api.w.org\/{rel}","templated":true}]}}