{"id":10972,"date":"2025-09-19T13:45:30","date_gmt":"2025-09-19T11:45:30","guid":{"rendered":"https:\/\/magiiik.netstory.com.pl\/produkt\/razed-by-alchemy-insiders\/"},"modified":"2025-09-19T13:46:02","modified_gmt":"2025-09-19T11:46:02","slug":"razed-by-alchemy-insiders","status":"publish","type":"product","link":"https:\/\/magiiik.netstory.com.pl\/?product=razed-by-alchemy-insiders","title":{"rendered":"RAZED by Alchemy Insiders"},"content":{"rendered":"<p class=\"p1\" style=\"text-align: center;\"><span class=\"s1\">Natychmiastowa transpozycja zapalniczki. Pomy\u015bl o tym &#8211; w ka\u017cdej r\u0119ce masz zapalniczk\u0119, jedn\u0105 pomara\u0144czow\u0105, drug\u0105 czarn\u0105. Za pomoc\u0105 magicznej fali zmieniaj\u0105 miejsca. I mo\u017cesz wyra\u017anie pokaza\u0107 OBIE STRONY! Ten efekt zadziwi nawet innych magik\u00f3w!<\/span><\/p>\n<p class=\"p1\" style=\"text-align: center;\"><span class=\"s1\">RAZED to sprytny chwyt, kt\u00f3ry pozwala wykonywa\u0107 wiele efektownych efekt\u00f3w, takich jak zmiany kolor\u00f3w i transpozycje.<\/span><\/p>\n<p class=\"p1\" style=\"text-align: center;\"><strong><span class=\"s1\">\u0141atwy do wykonania<\/span><\/strong><\/p>\n<p class=\"p1\" style=\"text-align: center;\"><strong><span class=\"s1\">Natychmiastowy reset<\/span><\/strong><\/p>\n<p class=\"p1\" style=\"text-align: center;\"><strong><span class=\"s1\">Super wizualny<\/span><\/strong><\/p>\n<p class=\"p1\" style=\"text-align: center;\"><strong><span class=\"s1\">Konstruuj i wykonaj w 15 minut.<\/span><\/strong><\/p>\n<p class=\"p1\" style=\"text-align: center;\"><strong><span class=\"s1\">Film instrukta\u017cowy do\u0142\u0105czony do r\u00f3\u017cnych metod.<\/span><\/strong><\/p>\n<p class=\"p1\" style=\"text-align: center;\"><strong><span class=\"s1\">Idealne do film\u00f3w, zbli\u017ce\u0144 i manipulacji.<\/span><\/strong><\/p>\n<p class=\"p1\" style=\"text-align: center;\"><strong><span class=\"s1\">Sztuczki s\u0105 przystosowane do wsp\u00f3\u0142pracy z dowoln\u0105 miniaturow\u0105 zapalniczk\u0105 BIC.<\/span><\/strong><\/p>\n<p class=\"p1\" style=\"text-align: center;\"><strong><span class=\"s1\">Rozpocznij i zako\u0144cz czysto, bez niczego do porzucenia lub podmiany.<\/span><\/strong><\/p>\n<p class=\"p1\" style=\"text-align: center;\"><strong><span class=\"s1\">\u00a0<\/span><\/strong><\/p>\n<p class=\"p1\" style=\"text-align: center;\"><strong><span class=\"s1\">LINK DO FILMU:<\/span><\/strong><\/p>\n<p class=\"p1\" style=\"text-align: center;\"><strong><span class=\"s1\"><a href=\"https:\/\/magiiik.netstory.com.pl\/38\">https:\/\/www.youtube.com\/watch?v=U3wUEDvJYNI<\/a><\/span><\/strong><\/p>\n","protected":false},"excerpt":{"rendered":"<p style=\"text-align: center;\"><strong>Zmiana kolor\u00f3w zapalniczek, teleportacja i inne.<\/strong><\/p>\n<p style=\"text-align: center;\"><strong>Bez podmian, super wizualny efekt!<\/strong><\/p>\n","protected":false},"featured_media":10973,"comment_status":"closed","ping_status":"open","template":"","meta":[],"product_brand":[],"product_cat":[34],"product_tag":[],"class_list":{"0":"post-10972","1":"product","2":"type-product","3":"status-publish","4":"has-post-thumbnail","6":"product_cat-mikro-iluzja-close-up-inne","8":"first","9":"instock","10":"purchasable","11":"product-type-simple"},"_links":{"self":[{"href":"https:\/\/magiiik.netstory.com.pl\/index.php?rest_route=\/wp\/v2\/product\/10972","targetHints":{"allow":["GET"]}}],"collection":[{"href":"https:\/\/magiiik.netstory.com.pl\/index.php?rest_route=\/wp\/v2\/product"}],"about":[{"href":"https:\/\/magiiik.netstory.com.pl\/index.php?rest_route=\/wp\/v2\/types\/product"}],"replies":[{"embeddable":true,"href":"https:\/\/magiiik.netstory.com.pl\/index.php?rest_route=%2Fwp%2Fv2%2Fcomments&post=10972"}],"wp:featuredmedia":[{"embeddable":true,"href":"https:\/\/magiiik.netstory.com.pl\/index.php?rest_route=\/wp\/v2\/media\/10973"}],"wp:attachment":[{"href":"https:\/\/magiiik.netstory.com.pl\/index.php?rest_route=%2Fwp%2Fv2%2Fmedia&parent=10972"}],"wp:term":[{"taxonomy":"product_brand","embeddable":true,"href":"https:\/\/magiiik.netstory.com.pl\/index.php?rest_route=%2Fwp%2Fv2%2Fproduct_brand&post=10972"},{"taxonomy":"product_cat","embeddable":true,"href":"https:\/\/magiiik.netstory.com.pl\/index.php?rest_route=%2Fwp%2Fv2%2Fproduct_cat&post=10972"},{"taxonomy":"product_tag","embeddable":true,"href":"https:\/\/magiiik.netstory.com.pl\/index.php?rest_route=%2Fwp%2Fv2%2Fproduct_tag&post=10972"}],"curies":[{"name":"wp","href":"https:\/\/api.w.org\/{rel}","templated":true}]}}