{"id":10967,"date":"2025-09-19T13:45:30","date_gmt":"2025-09-19T11:45:30","guid":{"rendered":"https:\/\/magiiik.netstory.com.pl\/produkt\/solid-and-stretch-by-david-penn-and-jonathon-farr\/"},"modified":"2025-09-19T13:45:54","modified_gmt":"2025-09-19T11:45:54","slug":"solid-and-stretch-by-david-penn-and-jonathon-farr","status":"publish","type":"product","link":"https:\/\/magiiik.netstory.com.pl\/?product=solid-and-stretch-by-david-penn-and-jonathon-farr","title":{"rendered":"Solid and Stretch by David Penn and Jonathon Farr"},"content":{"rendered":"<p class=\"p1\" style=\"text-align: center;\"><span class=\"s1\">Efekt po kt\u00f3rym widzowie oszalej\u0105!<\/span><\/p>\n<p class=\"p1\" style=\"text-align: center;\"><span class=\"s1\">U\u017cywaj swojego Sharpie przy ka\u017cdym efekcie, by na koniec rozci\u0105gn\u0105\u0107 jego nakr\u0119tk\u0119 3 krotnie!<\/span><\/p>\n<p class=\"p1\" style=\"text-align: center;\"><span class=\"s1\">Nast\u0119pnie tak powi\u0119kszon\u0105 nakr\u0119tk\u0119 na\u0142\u00f3\u017c na marker i schowaj go do kieszeni.<\/span><\/p>\n<p class=\"p1\" style=\"text-align: center;\"><span class=\"s1\">Z dodatkowymi pomys\u0142ami wykorzystuj\u0105cymi\u00a0 bil\u0119 nr 8 i pe\u0142nymi procedurami <\/span><\/p>\n<p class=\"p1\" style=\"text-align: center;\"><span class=\"s1\">wyja\u015bnionymi przez Davida Penna,\u00a0Solid&amp;Stretch nie pozwoli zapomnie\u0107 widzom o Twojej magii!<\/span><\/p>\n<p class=\"p1\" style=\"text-align: center;\"><span class=\"s1\">Solid autorstwa Davida Penna i Stretch autorstwa Jonathana Farra.<\/span><\/p>\n<p class=\"p2\" style=\"text-align: center;\">\u00a0<\/p>\n<p class=\"p1\" style=\"text-align: center;\"><span class=\"s1\">To jest Solid &amp; Stretch.<\/span><\/p>\n<p class=\"p1\" style=\"text-align: center;\"><span class=\"s1\">LINK DO FILMU:<\/span><\/p>\n<p class=\"p1\" style=\"text-align: center;\"><span class=\"s1\"><a href=\"https:\/\/magiiik.netstory.com.pl\/36\">https:\/\/www.youtube.com\/watch?v=-pvhYwEoCsk<\/a><\/span><\/p>\n","protected":false},"excerpt":{"rendered":"<p style=\"text-align: center;\"><strong>Powi\u0119ksz 3-krotnie nak\u0142adk\u0119 od markera sharpie!<\/strong><\/p>\n","protected":false},"featured_media":10968,"comment_status":"closed","ping_status":"open","template":"","meta":[],"product_brand":[],"product_cat":[59],"product_tag":[],"class_list":{"0":"post-10967","1":"product","2":"type-product","3":"status-publish","4":"has-post-thumbnail","6":"product_cat-mikro-iluzja-close-up-sharpie-dlugopisy","8":"first","9":"instock","10":"purchasable","11":"product-type-simple"},"_links":{"self":[{"href":"https:\/\/magiiik.netstory.com.pl\/index.php?rest_route=\/wp\/v2\/product\/10967","targetHints":{"allow":["GET"]}}],"collection":[{"href":"https:\/\/magiiik.netstory.com.pl\/index.php?rest_route=\/wp\/v2\/product"}],"about":[{"href":"https:\/\/magiiik.netstory.com.pl\/index.php?rest_route=\/wp\/v2\/types\/product"}],"replies":[{"embeddable":true,"href":"https:\/\/magiiik.netstory.com.pl\/index.php?rest_route=%2Fwp%2Fv2%2Fcomments&post=10967"}],"wp:featuredmedia":[{"embeddable":true,"href":"https:\/\/magiiik.netstory.com.pl\/index.php?rest_route=\/wp\/v2\/media\/10968"}],"wp:attachment":[{"href":"https:\/\/magiiik.netstory.com.pl\/index.php?rest_route=%2Fwp%2Fv2%2Fmedia&parent=10967"}],"wp:term":[{"taxonomy":"product_brand","embeddable":true,"href":"https:\/\/magiiik.netstory.com.pl\/index.php?rest_route=%2Fwp%2Fv2%2Fproduct_brand&post=10967"},{"taxonomy":"product_cat","embeddable":true,"href":"https:\/\/magiiik.netstory.com.pl\/index.php?rest_route=%2Fwp%2Fv2%2Fproduct_cat&post=10967"},{"taxonomy":"product_tag","embeddable":true,"href":"https:\/\/magiiik.netstory.com.pl\/index.php?rest_route=%2Fwp%2Fv2%2Fproduct_tag&post=10967"}],"curies":[{"name":"wp","href":"https:\/\/api.w.org\/{rel}","templated":true}]}}