{"id":10935,"date":"2025-09-19T13:45:30","date_gmt":"2025-09-19T11:45:30","guid":{"rendered":"https:\/\/magiiik.netstory.com.pl\/produkt\/biobender-by-eric-jones\/"},"modified":"2025-09-19T13:45:30","modified_gmt":"2025-09-19T11:45:30","slug":"biobender-by-eric-jones","status":"publish","type":"product","link":"https:\/\/magiiik.netstory.com.pl\/?product=biobender-by-eric-jones","title":{"rendered":"BioBender by Eric Jones"},"content":{"rendered":"<p style=\"text-align: center;\">Co je\u015bli mia\u0142by\u015b mo\u017cliwo\u015b\u0107\u00a0wygina\u0107 metal w d\u0142oni r\u0105k swojego widza lub na samym czubki w\u0142asnych palc\u00f3w?\u00a0<\/p>\n<p style=\"text-align: center;\">Przedstawiamy BioBender Erica Jonesa.\u00a0BioBender to zestaw narz\u0119dzi, kt\u00f3re pozwalaj\u0105 stworzy\u0107 iluzj\u0119, \u017ce mo\u017cna zgi\u0105\u0107 monet\u0119 lub inny metalowy przedmiot.\u00a0<\/p>\n<p style=\"text-align: center;\">I zanim jeszcze zapytasz &#8211; tak to mo\u017ce by\u0107 podpisana moneta!\u00a0<\/p>\n<p style=\"text-align: center;\">BioBender jest jednym z niewielu rekwizyt\u00f3w, kt\u00f3re pozwala na wykonywanie wyginania w<\/p>\n<p style=\"text-align: center;\">czasie rzeczywistym &#8211; bez konieczno\u015bci\u00a0u\u017cywania d\u0142ugich r\u0119kaw\u00f3w lub\u00a0innych ogranicze\u0144 odzie\u017cowych.\u00a0<\/p>\n<p style=\"text-align: center;\">Nie trzeba wykonywa\u0107 \u017cadnych prze\u0142\u0105cznik\u00f3w i niewygodnych manipulacji gdy widz podpisuje monet\u0119.\u00a0<\/p>\n<p style=\"text-align: center;\">Wykorzystuje prosty rekwizyt\u00a0&#8211; sztuczny kciuk.\u00a0A dla tych, kt\u00f3rzy opanowali ten rekwizyt, wiedz\u0105 ju\u017c dok\u0142adnie, jak mo\u017ce by\u0107 on niewidoczny.\u00a0<\/p>\n<p style=\"text-align: center;\">Jest gotowy do\u00a0wyginania \u00a0od razu po wyj\u0119ciu z pude\u0142ka, a jego modu\u0142owa konstrukcja<\/p>\n<p style=\"text-align: center;\">pozwala ponownie przymocowa\u0107 go do dowolnego\u00a0Thumb Tipa, kt\u00f3rego wybierzesz.\u00a0<\/p>\n<p><span class=\"goog-text-highlight\">Co dostajesz: Dwa\u00a0modu\u0142y do wyginania monet<\/span><\/p>\n<p><span class=\"goog-text-highlight\"> instrukcja Ekspert od mistrza monet, Eric Jones <\/span><\/p>\n<p><span class=\"goog-text-highlight\">Dwie wskaz\u00f3wki jak stworzy\u0107 prawdziw\u0105 magi\u0119 dla swoich widz\u00f3w<\/span><\/p>\n<p>UWAGA: BioBender wsp\u00f3\u0142pracuje z dowolnym monecie o grubo\u015bci 2 mm i mocy.<\/p>\n<div class=\"skiptranslate goog-te-sectional-gadget-link\">\n<div id=\":0.gadgetLink\" style=\"text-align: center;\"><strong>LINK DO FILMU:<\/strong><\/div>\n<div style=\"text-align: center;\"><strong><a href=\"https:\/\/magiiik.netstory.com.pl\/27\">https:\/\/www.youtube.com\/watch?v=wqo3gQ-WssI<\/a><\/strong><\/div><\/div>\n","protected":false},"excerpt":{"rendered":"<p style=\"text-align: center;\"><strong>Rewolucyjny rekwizyt do wyginania monety po\u017cyczonej i podpisanej przez widza!<\/strong><\/p>\n","protected":false},"featured_media":10936,"comment_status":"closed","ping_status":"open","template":"","meta":[],"product_brand":[],"product_cat":[37],"product_tag":[],"class_list":{"0":"post-10935","1":"product","2":"type-product","3":"status-publish","4":"has-post-thumbnail","6":"product_cat-mikro-iluzja-close-up-monety","8":"first","9":"instock","10":"purchasable","11":"product-type-simple"},"_links":{"self":[{"href":"https:\/\/magiiik.netstory.com.pl\/index.php?rest_route=\/wp\/v2\/product\/10935","targetHints":{"allow":["GET"]}}],"collection":[{"href":"https:\/\/magiiik.netstory.com.pl\/index.php?rest_route=\/wp\/v2\/product"}],"about":[{"href":"https:\/\/magiiik.netstory.com.pl\/index.php?rest_route=\/wp\/v2\/types\/product"}],"replies":[{"embeddable":true,"href":"https:\/\/magiiik.netstory.com.pl\/index.php?rest_route=%2Fwp%2Fv2%2Fcomments&post=10935"}],"wp:featuredmedia":[{"embeddable":true,"href":"https:\/\/magiiik.netstory.com.pl\/index.php?rest_route=\/wp\/v2\/media\/10936"}],"wp:attachment":[{"href":"https:\/\/magiiik.netstory.com.pl\/index.php?rest_route=%2Fwp%2Fv2%2Fmedia&parent=10935"}],"wp:term":[{"taxonomy":"product_brand","embeddable":true,"href":"https:\/\/magiiik.netstory.com.pl\/index.php?rest_route=%2Fwp%2Fv2%2Fproduct_brand&post=10935"},{"taxonomy":"product_cat","embeddable":true,"href":"https:\/\/magiiik.netstory.com.pl\/index.php?rest_route=%2Fwp%2Fv2%2Fproduct_cat&post=10935"},{"taxonomy":"product_tag","embeddable":true,"href":"https:\/\/magiiik.netstory.com.pl\/index.php?rest_route=%2Fwp%2Fv2%2Fproduct_tag&post=10935"}],"curies":[{"name":"wp","href":"https:\/\/api.w.org\/{rel}","templated":true}]}}