{"id":10933,"date":"2025-09-19T13:45:07","date_gmt":"2025-09-19T11:45:07","guid":{"rendered":"https:\/\/magiiik.netstory.com.pl\/produkt\/benz-by-sean-fields\/"},"modified":"2025-09-19T13:45:23","modified_gmt":"2025-09-19T11:45:23","slug":"benz-by-sean-fields","status":"publish","type":"product","link":"https:\/\/magiiik.netstory.com.pl\/?product=benz-by-sean-fields","title":{"rendered":"BENZ by Sean Fields"},"content":{"rendered":"<div id=\"translation\" class=\"translation\">Benz to precyzyjne, laserowo wycinane, sekretne urz\u0105dzenie do gi\u0119cia monet, kt\u00f3re b\u0119dziesz nosi\u0142 przy sobie wsz\u0119dzie, dzi\u0119ki<\/div>\n<div class=\"translation\">czemu zawsze b\u0119dziesz gotowy do gi\u0119cia monety w ka\u017cdej chwili.<\/div>\n<div class=\"translation\">\u0141atwo\u015b\u0107 u\u017cytkowania i przenoszenia, zagina wi\u0119kszo\u015b\u0107 monet o grubo\u015bci poni\u017cej 3 mm.<\/div>\n<div class=\"translation\">R\u00f3wnie\u017c wygina sztu\u0107ce i inne ma\u0142e cienkie metalowe przedmioty.<\/div>\n<div class=\"translation\">Konstrukcja i laserowe ci\u0119cie z przemys\u0142owego wolframu.<\/div>\n<div class=\"translation\">Zaprojektowany jak klucz do samochodu, aby \u0142atwo wtapia\u0107 si\u0119 w przedmioty codziennego u\u017cytku.<\/div>\n<div class=\"translation\">Wytrzyma\u0142a i\u00a0 zapewniaj\u0105ca d\u0142ug\u0105 \u017cywotno\u015b\u0107 i wytrzyma\u0142o\u015b\u0107.<\/div>\n<div class=\"translation\">\u00a0<\/div>\n<div class=\"translation\" style=\"text-align: center;\"><strong>LINK DO FILMU:<\/strong><\/div>\n<div class=\"translation\" style=\"text-align: center;\"><a href=\"https:\/\/magiiik.netstory.com.pl\/26\">https:\/\/www.youtube.com\/watch?v=eKpGDZX5ubk<\/a><\/div>\n<div class=\"skiptranslate goog-te-sectional-gadget-link\">\n<div id=\":0.gadgetLink\">\u00a0<\/div><\/div>\n","protected":false},"excerpt":{"rendered":"<p style=\"text-align: center;\"><strong>Rekwizyt do wyginania monety podpisanej przez widza<\/strong><\/p>\n","protected":false},"featured_media":10934,"comment_status":"closed","ping_status":"open","template":"","meta":[],"product_brand":[],"product_cat":[37],"product_tag":[],"class_list":{"0":"post-10933","1":"product","2":"type-product","3":"status-publish","4":"has-post-thumbnail","6":"product_cat-mikro-iluzja-close-up-monety","8":"first","9":"instock","10":"purchasable","11":"product-type-simple"},"_links":{"self":[{"href":"https:\/\/magiiik.netstory.com.pl\/index.php?rest_route=\/wp\/v2\/product\/10933","targetHints":{"allow":["GET"]}}],"collection":[{"href":"https:\/\/magiiik.netstory.com.pl\/index.php?rest_route=\/wp\/v2\/product"}],"about":[{"href":"https:\/\/magiiik.netstory.com.pl\/index.php?rest_route=\/wp\/v2\/types\/product"}],"replies":[{"embeddable":true,"href":"https:\/\/magiiik.netstory.com.pl\/index.php?rest_route=%2Fwp%2Fv2%2Fcomments&post=10933"}],"wp:featuredmedia":[{"embeddable":true,"href":"https:\/\/magiiik.netstory.com.pl\/index.php?rest_route=\/wp\/v2\/media\/10934"}],"wp:attachment":[{"href":"https:\/\/magiiik.netstory.com.pl\/index.php?rest_route=%2Fwp%2Fv2%2Fmedia&parent=10933"}],"wp:term":[{"taxonomy":"product_brand","embeddable":true,"href":"https:\/\/magiiik.netstory.com.pl\/index.php?rest_route=%2Fwp%2Fv2%2Fproduct_brand&post=10933"},{"taxonomy":"product_cat","embeddable":true,"href":"https:\/\/magiiik.netstory.com.pl\/index.php?rest_route=%2Fwp%2Fv2%2Fproduct_cat&post=10933"},{"taxonomy":"product_tag","embeddable":true,"href":"https:\/\/magiiik.netstory.com.pl\/index.php?rest_route=%2Fwp%2Fv2%2Fproduct_tag&post=10933"}],"curies":[{"name":"wp","href":"https:\/\/api.w.org\/{rel}","templated":true}]}}