{"id":10913,"date":"2025-09-19T13:45:07","date_gmt":"2025-09-19T11:45:07","guid":{"rendered":"https:\/\/magiiik.netstory.com.pl\/produkt\/wonder-unit-by-jerry-oconnell\/"},"modified":"2025-09-19T13:45:17","modified_gmt":"2025-09-19T11:45:17","slug":"wonder-unit-by-jerry-oconnell","status":"publish","type":"product","link":"https:\/\/magiiik.netstory.com.pl\/?product=wonder-unit-by-jerry-oconnell","title":{"rendered":"Wonder Unit by Jerry O&#8217;Connell"},"content":{"rendered":"<p style=\"text-align: center;\">\u00a0<\/p>\n<p style=\"text-align: center;\">Jerry O&#8217;Connell Wonder Unit to ma\u0142y specjalnie chwytany notes, kt\u00f3ry \u0142aduje si\u0119 \u0142atwo do portfeli Plus i portfeli EZ,<\/p>\n<p style=\"text-align: center;\">aby doda\u0107 wi\u0119cej osza\u0142amiaj\u0105cych efekt\u00f3w, takich jak konfabulacja i bilet loterii Predicta.<\/p>\n<p style=\"text-align: center;\">Wonder Unit\u00a0pasuje r\u00f3wnie\u017c do wszystkich innych starszych portfeli JOL .<\/p>\n<p style=\"text-align: center;\"><strong>OBEJRZYJ FILM:<\/strong><\/p>\n<p style=\"text-align: center;\"><a href=\"https:\/\/magiiik.netstory.com.pl\/23\">https:\/\/www.youtube.com\/watch?v=Wsv2KYPnevc<\/a><\/p>\n","protected":false},"excerpt":{"rendered":"<p>\u00a0 Jerry O&#8217;Connell Wonder Unit to ma\u0142y specjalnie chwytany notes, kt\u00f3ry \u0142aduje si\u0119 \u0142atwo do portfeli Plus i portfeli EZ, aby doda\u0107 wi\u0119cej osza\u0142amiaj\u0105cych efekt\u00f3w, takich jak konfabulacja i bilet&#8230;<\/p>\n","protected":false},"featured_media":10914,"comment_status":"closed","ping_status":"open","template":"","meta":[],"product_brand":[],"product_cat":[35],"product_tag":[],"class_list":{"0":"post-10913","1":"product","2":"type-product","3":"status-publish","4":"has-post-thumbnail","6":"product_cat-karty-akcesoria","8":"first","9":"instock","10":"purchasable","11":"product-type-simple"},"_links":{"self":[{"href":"https:\/\/magiiik.netstory.com.pl\/index.php?rest_route=\/wp\/v2\/product\/10913","targetHints":{"allow":["GET"]}}],"collection":[{"href":"https:\/\/magiiik.netstory.com.pl\/index.php?rest_route=\/wp\/v2\/product"}],"about":[{"href":"https:\/\/magiiik.netstory.com.pl\/index.php?rest_route=\/wp\/v2\/types\/product"}],"replies":[{"embeddable":true,"href":"https:\/\/magiiik.netstory.com.pl\/index.php?rest_route=%2Fwp%2Fv2%2Fcomments&post=10913"}],"wp:featuredmedia":[{"embeddable":true,"href":"https:\/\/magiiik.netstory.com.pl\/index.php?rest_route=\/wp\/v2\/media\/10914"}],"wp:attachment":[{"href":"https:\/\/magiiik.netstory.com.pl\/index.php?rest_route=%2Fwp%2Fv2%2Fmedia&parent=10913"}],"wp:term":[{"taxonomy":"product_brand","embeddable":true,"href":"https:\/\/magiiik.netstory.com.pl\/index.php?rest_route=%2Fwp%2Fv2%2Fproduct_brand&post=10913"},{"taxonomy":"product_cat","embeddable":true,"href":"https:\/\/magiiik.netstory.com.pl\/index.php?rest_route=%2Fwp%2Fv2%2Fproduct_cat&post=10913"},{"taxonomy":"product_tag","embeddable":true,"href":"https:\/\/magiiik.netstory.com.pl\/index.php?rest_route=%2Fwp%2Fv2%2Fproduct_tag&post=10913"}],"curies":[{"name":"wp","href":"https:\/\/api.w.org\/{rel}","templated":true}]}}