{"id":10911,"date":"2025-09-19T13:45:07","date_gmt":"2025-09-19T11:45:07","guid":{"rendered":"https:\/\/magiiik.netstory.com.pl\/produkt\/single-bi-fold-holder-by-jerry-oconnell\/"},"modified":"2025-09-19T13:45:17","modified_gmt":"2025-09-19T11:45:17","slug":"single-bi-fold-holder-by-jerry-oconnell","status":"publish","type":"product","link":"https:\/\/magiiik.netstory.com.pl\/?product=single-bi-fold-holder-by-jerry-oconnell","title":{"rendered":"Single BI-FOLD Holder by Jerry O&#8217;Connell"},"content":{"rendered":"<p style=\"text-align: center;\">Jerry O\u2019Connell Double Bi-Fold Holder, to idealne rozwi\u0105zanie do noszenia i zabezpieczania sztuczek z pakietami kart i kartami gaffowymi,<\/p>\n<p style=\"text-align: center;\">r\u0119cznie wykonane z najwy\u017cszej jako\u015bci sk\u00f3ry, ta obudowa ochroni twoje karty przed uszkodzeniem i wilgoci\u0105 cia\u0142a, gdy ich nie u\u017cywasz.<\/p>\n<p style=\"text-align: center;\">\u00a0<\/p>\n<p style=\"text-align: center;\">\u00a0<\/p>\n<p style=\"text-align: center;\">\u00a0<\/p>\n<p>\u00a0<\/p>\n","protected":false},"excerpt":{"rendered":"<p>Idealne akcesorium do przechowywania kart GAFFowych oraz innych pakiet\u00f3w kart.<\/p>\n","protected":false},"featured_media":10912,"comment_status":"closed","ping_status":"open","template":"","meta":[],"product_brand":[],"product_cat":[35],"product_tag":[],"class_list":{"0":"post-10911","1":"product","2":"type-product","3":"status-publish","4":"has-post-thumbnail","6":"product_cat-karty-akcesoria","8":"first","9":"instock","10":"purchasable","11":"product-type-simple"},"_links":{"self":[{"href":"https:\/\/magiiik.netstory.com.pl\/index.php?rest_route=\/wp\/v2\/product\/10911","targetHints":{"allow":["GET"]}}],"collection":[{"href":"https:\/\/magiiik.netstory.com.pl\/index.php?rest_route=\/wp\/v2\/product"}],"about":[{"href":"https:\/\/magiiik.netstory.com.pl\/index.php?rest_route=\/wp\/v2\/types\/product"}],"replies":[{"embeddable":true,"href":"https:\/\/magiiik.netstory.com.pl\/index.php?rest_route=%2Fwp%2Fv2%2Fcomments&post=10911"}],"wp:featuredmedia":[{"embeddable":true,"href":"https:\/\/magiiik.netstory.com.pl\/index.php?rest_route=\/wp\/v2\/media\/10912"}],"wp:attachment":[{"href":"https:\/\/magiiik.netstory.com.pl\/index.php?rest_route=%2Fwp%2Fv2%2Fmedia&parent=10911"}],"wp:term":[{"taxonomy":"product_brand","embeddable":true,"href":"https:\/\/magiiik.netstory.com.pl\/index.php?rest_route=%2Fwp%2Fv2%2Fproduct_brand&post=10911"},{"taxonomy":"product_cat","embeddable":true,"href":"https:\/\/magiiik.netstory.com.pl\/index.php?rest_route=%2Fwp%2Fv2%2Fproduct_cat&post=10911"},{"taxonomy":"product_tag","embeddable":true,"href":"https:\/\/magiiik.netstory.com.pl\/index.php?rest_route=%2Fwp%2Fv2%2Fproduct_tag&post=10911"}],"curies":[{"name":"wp","href":"https:\/\/api.w.org\/{rel}","templated":true}]}}