{"id":10909,"date":"2025-09-19T13:45:07","date_gmt":"2025-09-19T11:45:07","guid":{"rendered":"https:\/\/magiiik.netstory.com.pl\/produkt\/single-packet-trick-holder-by-jerry-oconnell\/"},"modified":"2025-09-19T13:45:16","modified_gmt":"2025-09-19T11:45:16","slug":"single-packet-trick-holder-by-jerry-oconnell","status":"publish","type":"product","link":"https:\/\/magiiik.netstory.com.pl\/?product=single-packet-trick-holder-by-jerry-oconnell","title":{"rendered":"Single Packet Trick Holder by Jerry O&#8217;CONNELL"},"content":{"rendered":"<div class=\"_1i6a\">\n<div class=\"_4po3 _4poa\">\n<div class=\"_4po5\">\n<div class=\"_4po8\">\n<div class=\"_4po9\">\n<div>\n<div>\n<div class=\"_4tdt _ua0\">\n<div class=\"_ua2\">\n<div class=\"_4tdv\">\n<div class=\"_5wd4 _1nc6\">\n<div class=\"._1dlq _h8t\">\n<div id=\"js_aew\" class=\"_5wd9 direction_ltr clearfix\" data-tooltip-content=\"00:50\" data-hover=\"tooltip\" data-tooltip-position=\"right\">\n<div class=\"_1e-x _n4o\">\n<div class=\"_3_bl\">\n<div class=\"_5w1r _3_om _5wdf\">\n<div class=\"_4gx_\">\n<div class=\"_1aa6\">\n<div class=\"\" style=\"text-align: center;\"><span class=\"_5yl5\">Pojedynczy uchwyt Packet Trick &#8211; nowy JOL autorstwa Jerry&#8217;ego O\u2019Connella. <\/span><\/div>\n<div class=\"\" style=\"text-align: center;\"><span class=\"_5yl5\">To etui ma ochroni\u0107 i zabezpiecza\u0107 jeden pakiet kart trickowych (mie\u015bci si\u0119 ok. 5-7 kart). <\/span><\/div>\n<div class=\"\" style=\"text-align: center;\"><span class=\"_5yl5\">J<\/span><span class=\"_5yl5\">est to idealne etui, kt\u00f3re utrzymuje porz\u0105dek\u00a0 dop\u00f3ki nie b\u0119dziesz gotowy do wykonania efektu. Wykonane ze sk\u00f3ry naturalnej .<\/span><\/div><\/div><\/div><\/div><\/div><\/div><\/div><\/div>\n<div class=\"_40qi\" style=\"text-align: center;\">\u00a0<\/div>\n<div class=\"_40qi\" style=\"text-align: center;\"><strong>OBEJRZYJ FILM:<\/strong><\/div>\n<div class=\"_40qi\" style=\"text-align: center;\"><a href=\"https:\/\/magiiik.netstory.com.pl\/22\">https:\/\/www.youtube.com\/watch?v=IPdU-SthuRo<\/a><\/div><\/div><\/div><\/div><\/div><\/div><\/div><\/div><\/div><\/div><\/div><\/div>\n<div class=\"fbNubFlyoutFooter\" data-testid=\"composer_root\">\u00a0<\/div>\n","protected":false},"excerpt":{"rendered":"<p><span class=\"_5yl5\">J<\/span><span class=\"_5yl5\">est to idealne etui, kt\u00f3re utrzymuje porz\u0105dek\u00a0 dop\u00f3ki nie b\u0119dziesz gotowy do wykonania efektu. Wykonane ze sk\u00f3ry naturalnej .<\/span><\/p>\n","protected":false},"featured_media":10910,"comment_status":"closed","ping_status":"open","template":"","meta":[],"product_brand":[],"product_cat":[35],"product_tag":[],"class_list":{"0":"post-10909","1":"product","2":"type-product","3":"status-publish","4":"has-post-thumbnail","6":"product_cat-karty-akcesoria","8":"first","9":"instock","10":"purchasable","11":"product-type-simple"},"_links":{"self":[{"href":"https:\/\/magiiik.netstory.com.pl\/index.php?rest_route=\/wp\/v2\/product\/10909","targetHints":{"allow":["GET"]}}],"collection":[{"href":"https:\/\/magiiik.netstory.com.pl\/index.php?rest_route=\/wp\/v2\/product"}],"about":[{"href":"https:\/\/magiiik.netstory.com.pl\/index.php?rest_route=\/wp\/v2\/types\/product"}],"replies":[{"embeddable":true,"href":"https:\/\/magiiik.netstory.com.pl\/index.php?rest_route=%2Fwp%2Fv2%2Fcomments&post=10909"}],"wp:featuredmedia":[{"embeddable":true,"href":"https:\/\/magiiik.netstory.com.pl\/index.php?rest_route=\/wp\/v2\/media\/10910"}],"wp:attachment":[{"href":"https:\/\/magiiik.netstory.com.pl\/index.php?rest_route=%2Fwp%2Fv2%2Fmedia&parent=10909"}],"wp:term":[{"taxonomy":"product_brand","embeddable":true,"href":"https:\/\/magiiik.netstory.com.pl\/index.php?rest_route=%2Fwp%2Fv2%2Fproduct_brand&post=10909"},{"taxonomy":"product_cat","embeddable":true,"href":"https:\/\/magiiik.netstory.com.pl\/index.php?rest_route=%2Fwp%2Fv2%2Fproduct_cat&post=10909"},{"taxonomy":"product_tag","embeddable":true,"href":"https:\/\/magiiik.netstory.com.pl\/index.php?rest_route=%2Fwp%2Fv2%2Fproduct_tag&post=10909"}],"curies":[{"name":"wp","href":"https:\/\/api.w.org\/{rel}","templated":true}]}}