{"id":10903,"date":"2025-09-19T13:45:07","date_gmt":"2025-09-19T11:45:07","guid":{"rendered":"https:\/\/magiiik.netstory.com.pl\/produkt\/viagra-extra-strength\/"},"modified":"2025-09-19T13:45:12","modified_gmt":"2025-09-19T11:45:12","slug":"viagra-extra-strength","status":"publish","type":"product","link":"https:\/\/magiiik.netstory.com.pl\/?product=viagra-extra-strength","title":{"rendered":"Viagra Extra Strength"},"content":{"rendered":"<p style=\"text-align: center;\">Nasze \u201eniebieskie pigu\u0142ki\u201d to dodatkowa si\u0142a. Ledwo mogli\u015bmy je zmie\u015bci\u0107 w butelce.\u00a0<\/p>\n<p style=\"text-align: center;\">Wylej pigu\u0142ki na pasek, st\u00f3\u0142 lub w r\u0119k\u0119 i obserwuj, jak zaczyna si\u0119 \u015bmiech.<\/p>\n<p style=\"text-align: center;\">Zawarto\u015b\u0107: jedna butelka pigu\u0142ki z 5 niebieskimi pigu\u0142kami, kt\u00f3re wstaj\u0105 na ko\u0144cu !!<\/p>\n<p style=\"text-align: center;\"><strong>OBEJRZYJ FILM:<\/strong><\/p>\n<p style=\"text-align: center;\"><a href=\"https:\/\/magiiik.netstory.com.pl\/21\">https:\/\/www.youtube.com\/watch?v=p7tDPaCR2v0<\/a><\/p>\n","protected":false},"excerpt":{"rendered":"<p>Tabletki kt\u00f3re.. staj\u0105 d\u0119ba\u00a0<\/p>\n","protected":false},"featured_media":10904,"comment_status":"closed","ping_status":"open","template":"","meta":[],"product_brand":[],"product_cat":[52],"product_tag":[],"class_list":{"0":"post-10903","1":"product","2":"type-product","3":"status-publish","4":"has-post-thumbnail","6":"product_cat-akcesoria-gagi-zarty","8":"first","9":"instock","10":"purchasable","11":"product-type-simple"},"_links":{"self":[{"href":"https:\/\/magiiik.netstory.com.pl\/index.php?rest_route=\/wp\/v2\/product\/10903","targetHints":{"allow":["GET"]}}],"collection":[{"href":"https:\/\/magiiik.netstory.com.pl\/index.php?rest_route=\/wp\/v2\/product"}],"about":[{"href":"https:\/\/magiiik.netstory.com.pl\/index.php?rest_route=\/wp\/v2\/types\/product"}],"replies":[{"embeddable":true,"href":"https:\/\/magiiik.netstory.com.pl\/index.php?rest_route=%2Fwp%2Fv2%2Fcomments&post=10903"}],"wp:featuredmedia":[{"embeddable":true,"href":"https:\/\/magiiik.netstory.com.pl\/index.php?rest_route=\/wp\/v2\/media\/10904"}],"wp:attachment":[{"href":"https:\/\/magiiik.netstory.com.pl\/index.php?rest_route=%2Fwp%2Fv2%2Fmedia&parent=10903"}],"wp:term":[{"taxonomy":"product_brand","embeddable":true,"href":"https:\/\/magiiik.netstory.com.pl\/index.php?rest_route=%2Fwp%2Fv2%2Fproduct_brand&post=10903"},{"taxonomy":"product_cat","embeddable":true,"href":"https:\/\/magiiik.netstory.com.pl\/index.php?rest_route=%2Fwp%2Fv2%2Fproduct_cat&post=10903"},{"taxonomy":"product_tag","embeddable":true,"href":"https:\/\/magiiik.netstory.com.pl\/index.php?rest_route=%2Fwp%2Fv2%2Fproduct_tag&post=10903"}],"curies":[{"name":"wp","href":"https:\/\/api.w.org\/{rel}","templated":true}]}}