{"id":10883,"date":"2025-09-19T13:44:33","date_gmt":"2025-09-19T11:44:33","guid":{"rendered":"https:\/\/magiiik.netstory.com.pl\/produkt\/the-prediction-with-rob-stiff\/"},"modified":"2025-09-19T13:45:00","modified_gmt":"2025-09-19T11:45:00","slug":"the-prediction-with-rob-stiff","status":"publish","type":"product","link":"https:\/\/magiiik.netstory.com.pl\/?product=the-prediction-with-rob-stiff","title":{"rendered":"The Prediction with Rob Stiff"},"content":{"rendered":"<p style=\"text-align: center;\"><strong>EFEKT PRZEPOWIEDNI W CIEKAWY I ZASKAKUJ\u0104CY SPOS\u00d3B!<\/strong><\/p>\n<p style=\"text-align: center;\">Zainspirowany magi\u0105 samego Harry&#8217;ego Houdiniego, ten efekt nawet\u00a0iluzjonist\u00f3w! Zestaw do przewidywania zawiera specjalne medaliony i magiczne rekwizyty wymagane do wykonania tego efektu.\u00a0<\/p>\n<p style=\"text-align: center;\">DO\u0141\u0104CZONO WERSJ\u0118 CA\u0141KOWICIE IMPROMPTU\u00a0&#8230; wszystko od Rob Stiff!<\/p>\n<p style=\"text-align: center;\">Do\u0142\u0105czony film instrukta\u017cowy poprowadzi Ci\u0119 krok po kroku przez proces w celu szybkiego i \u0142atwego uczenia si\u0119.<\/p>\n<p style=\"text-align: center;\">Bezb\u0142\u0119dnie przewiduj i ujawniaj dwie losowo wybrane karty za ka\u017cdym razem, aby pozostawi\u0107 obserwator\u00f3w w szoku i strachu.<\/p>\n<p style=\"text-align: center;\">Dwie karty s\u0105 losowo wybierane przez widza. Widz swobodnie decyduje si\u0119 na umieszczenie okr\u0105g\u0142ego medalionu<\/p>\n<p style=\"text-align: center;\">na jednej karcie i kwadratowym medalionie na drugiej.<\/p>\n<p style=\"text-align: center;\">Wykonawca ujawnia PRZEWIDYWANIE jako dok\u0142adne dopasowanie do wyboru widza!<\/p>\n<p style=\"text-align: center;\">\u00a0<\/p>\n<p style=\"text-align: center;\"><strong>OBEJRZYJ FILM:<\/strong><\/p>\n<p style=\"text-align: center;\"><a href=\"https:\/\/magiiik.netstory.com.pl\/13\">https:\/\/www.youtube.com\/watch?v=N423bPk3d4A<\/a><\/p>\n","protected":false},"excerpt":{"rendered":"<p>Jeden z najciekawszych efekt\u00f3w przewidywania wyboru widza!<\/p>\n<p>\u00a0<\/p>\n","protected":false},"featured_media":10884,"comment_status":"closed","ping_status":"open","template":"","meta":[],"product_brand":[],"product_cat":[41],"product_tag":[],"class_list":{"0":"post-10883","1":"product","2":"type-product","3":"status-publish","4":"has-post-thumbnail","6":"product_cat-mikro-iluzja-close-up-efekty-z-kartami","8":"first","9":"instock","10":"purchasable","11":"product-type-simple"},"_links":{"self":[{"href":"https:\/\/magiiik.netstory.com.pl\/index.php?rest_route=\/wp\/v2\/product\/10883","targetHints":{"allow":["GET"]}}],"collection":[{"href":"https:\/\/magiiik.netstory.com.pl\/index.php?rest_route=\/wp\/v2\/product"}],"about":[{"href":"https:\/\/magiiik.netstory.com.pl\/index.php?rest_route=\/wp\/v2\/types\/product"}],"replies":[{"embeddable":true,"href":"https:\/\/magiiik.netstory.com.pl\/index.php?rest_route=%2Fwp%2Fv2%2Fcomments&post=10883"}],"wp:featuredmedia":[{"embeddable":true,"href":"https:\/\/magiiik.netstory.com.pl\/index.php?rest_route=\/wp\/v2\/media\/10884"}],"wp:attachment":[{"href":"https:\/\/magiiik.netstory.com.pl\/index.php?rest_route=%2Fwp%2Fv2%2Fmedia&parent=10883"}],"wp:term":[{"taxonomy":"product_brand","embeddable":true,"href":"https:\/\/magiiik.netstory.com.pl\/index.php?rest_route=%2Fwp%2Fv2%2Fproduct_brand&post=10883"},{"taxonomy":"product_cat","embeddable":true,"href":"https:\/\/magiiik.netstory.com.pl\/index.php?rest_route=%2Fwp%2Fv2%2Fproduct_cat&post=10883"},{"taxonomy":"product_tag","embeddable":true,"href":"https:\/\/magiiik.netstory.com.pl\/index.php?rest_route=%2Fwp%2Fv2%2Fproduct_tag&post=10883"}],"curies":[{"name":"wp","href":"https:\/\/api.w.org\/{rel}","templated":true}]}}