{"id":10877,"date":"2025-09-19T13:44:33","date_gmt":"2025-09-19T11:44:33","guid":{"rendered":"https:\/\/magiiik.netstory.com.pl\/produkt\/stagger-ring-himber-ring\/"},"modified":"2025-09-19T13:44:58","modified_gmt":"2025-09-19T11:44:58","slug":"stagger-ring-himber-ring","status":"publish","type":"product","link":"https:\/\/magiiik.netstory.com.pl\/?product=stagger-ring-himber-ring","title":{"rendered":"Stagger Ring (Himber Ring)"},"content":{"rendered":"<div class=\"_1i6a\">\n<div class=\"_4po3 _4poa\">\n<div class=\"_4po5\">\n<div class=\"_4po8\">\n<div class=\"_4po9\">\n<div>\n<div class=\"_4tdt _ua0\">\n<div class=\"_ua2\">\n<div class=\"_4tdv\">\n<div class=\"_5wd4 _1nc6\" style=\"text-align: center;\">\n<div class=\"._1dlq _h8t\">\n<div id=\"js_2no\" class=\"_5wd9 direction_ltr clearfix\" data-tooltip-content=\"11:21\" data-hover=\"tooltip\" data-tooltip-position=\"right\">\n<div class=\"_1e-x _n4o\">\n<div class=\"_3_bl\">\n<div class=\"_5w1r _3_om _5wdf\">\n<div class=\"_4gx_\">\n<div class=\"_1aa6\">\n<div class=\"\" style=\"text-align: center;\">\u00a0<\/div>\n<div class=\"\" style=\"text-align: center;\"><span style=\"font-size: 12pt;\"><strong>Zadziwiaj swoich widz\u00f3w, magicznie \u0142\u0105cz\u0105c i roz\u0142\u0105czaj\u0105c pier\u015bcionki.<\/strong><\/span><\/div>\n<div class=\"\">\u00a0<\/div>\n<div class=\"\" style=\"text-align: center;\">\u00a0<\/div>\n<div class=\"\" style=\"text-align: center;\"><span class=\"_5yl5\">Dwa pier\u015bcionki s\u0105 po\u017cyczone od dw\u00f3ch <\/span><span class=\"_5yl5\">widz\u00f3w i uwi\u0119zione na o\u0142\u00f3wku za pomoc\u0105 pier\u015bcionka iluzjonisty. <\/span><\/div>\n<div class=\"\" style=\"text-align: center;\"><span class=\"_5yl5\">Trzy pier\u015bcionki \u0142\u0105cz\u0105 si\u0119 ze sob\u0105 na o\u0142\u00f3wku trzymanym <\/span><span class=\"_5yl5\">przez dw\u00f3ch widz\u00f3w,<\/span><\/div>\n<div class=\"\" style=\"text-align: center;\"><span class=\"_5yl5\">nast\u0119pnie s\u0105 magicznie niepo\u0142\u0105czone, a wszystkie pier\u015bcionki i o\u0142\u00f3wki s\u0105 rozdawane do kontroli.<\/span><\/div>\n<div class=\"\" style=\"text-align: center;\">\u00a0<\/div>\n<div class=\"\" style=\"text-align: center;\">\u00a0<\/div><\/div><\/div><\/div><\/div><\/div><\/div><\/div>\n<p>  <strong>Zawiera oryginaln\u0105 i ciekaw\u0105 rutyn\u0119, kt\u00f3r\u0105 bez trudu wprowadzi\u0107 w swoje pokazy close-up!<\/strong><\/div>\n<div class=\"_5wd4 _1nc6\" style=\"text-align: center;\">\u00a0<\/div>\n<div class=\"_5wd4 _1nc6\" style=\"text-align: center;\"><strong>Obejrzyj film:<\/strong><\/div>\n<div class=\"_5wd4 _1nc6\" style=\"text-align: center;\">\u00a0<\/div>\n<div class=\"_5wd4 _1nc6\" style=\"text-align: center;\"><strong><a href=\"https:\/\/magiiik.netstory.com.pl\/10\">https:\/\/www.youtube.com\/watch?v=Y8P_75IlLgg<\/a><\/strong><\/div><\/div><\/div><\/div><\/div>\n<div class=\"_4gd0\">\u00a0<\/div>\n<div class=\"_4gd0\">\u00a0<\/div>\n<div class=\"accessible_elem _2kwv\">\u00a0<\/div><\/div><\/div><\/div><\/div><\/div>\n<div class=\"fbNubFlyoutFooter\" data-testid=\"composer_root\">\n<div class=\"_1d4_\">\n<div class=\"_552h\">\n<div class=\"\">\n<div tabindex=\"-1\">\n<div class=\"_5rp7 _5rp8\">\n<div class=\"_1p1t\">\n<div id=\"placeholder-cj8jh\" class=\"_1p1v\">\u00a0<\/div><\/div>\n<div class=\"_5rpb\">\u00a0<\/div><\/div><\/div><\/div><\/div><\/div><\/div>\n","protected":false},"excerpt":{"rendered":"<p>Efekt scalania i roz\u0142\u0105czania pier\u015bcionk\u00f3w po\u017cyczonych od widz\u00f3w!<\/p>\n","protected":false},"featured_media":10878,"comment_status":"closed","ping_status":"open","template":"","meta":[],"product_brand":[],"product_cat":[34],"product_tag":[],"class_list":{"0":"post-10877","1":"product","2":"type-product","3":"status-publish","4":"has-post-thumbnail","6":"product_cat-mikro-iluzja-close-up-inne","8":"first","9":"instock","10":"purchasable","11":"product-type-simple"},"_links":{"self":[{"href":"https:\/\/magiiik.netstory.com.pl\/index.php?rest_route=\/wp\/v2\/product\/10877","targetHints":{"allow":["GET"]}}],"collection":[{"href":"https:\/\/magiiik.netstory.com.pl\/index.php?rest_route=\/wp\/v2\/product"}],"about":[{"href":"https:\/\/magiiik.netstory.com.pl\/index.php?rest_route=\/wp\/v2\/types\/product"}],"replies":[{"embeddable":true,"href":"https:\/\/magiiik.netstory.com.pl\/index.php?rest_route=%2Fwp%2Fv2%2Fcomments&post=10877"}],"wp:featuredmedia":[{"embeddable":true,"href":"https:\/\/magiiik.netstory.com.pl\/index.php?rest_route=\/wp\/v2\/media\/10878"}],"wp:attachment":[{"href":"https:\/\/magiiik.netstory.com.pl\/index.php?rest_route=%2Fwp%2Fv2%2Fmedia&parent=10877"}],"wp:term":[{"taxonomy":"product_brand","embeddable":true,"href":"https:\/\/magiiik.netstory.com.pl\/index.php?rest_route=%2Fwp%2Fv2%2Fproduct_brand&post=10877"},{"taxonomy":"product_cat","embeddable":true,"href":"https:\/\/magiiik.netstory.com.pl\/index.php?rest_route=%2Fwp%2Fv2%2Fproduct_cat&post=10877"},{"taxonomy":"product_tag","embeddable":true,"href":"https:\/\/magiiik.netstory.com.pl\/index.php?rest_route=%2Fwp%2Fv2%2Fproduct_tag&post=10877"}],"curies":[{"name":"wp","href":"https:\/\/api.w.org\/{rel}","templated":true}]}}