{"id":10804,"date":"2025-09-19T13:44:04","date_gmt":"2025-09-19T11:44:04","guid":{"rendered":"https:\/\/magiiik.netstory.com.pl\/produkt\/salvano-thumbtips-greater-magic-10-dvd\/"},"modified":"2025-09-19T13:44:13","modified_gmt":"2025-09-19T11:44:13","slug":"salvano-thumbtips-greater-magic-10-dvd","status":"publish","type":"product","link":"https:\/\/magiiik.netstory.com.pl\/?product=salvano-thumbtips-greater-magic-10-dvd","title":{"rendered":"Salvano Thumbtips Greater Magic &#8211; #10 DVD"},"content":{"rendered":"<p>Opis:<\/p>\n<p>\u201eTo dla mnie zaszczyt zrobi\u0107 pierwsze ta\u015bmy na sznurkach i magiczne czubki kciuka dla naszej wsp\u00f3lnoty\u201d.<\/p>\n<p>&#8211; Salvano Przeb\u00f3j w Las Vegas Desert Magic Seminar 1985 Talent Salvano i jego umi\u0142owanie sprawiaj\u0105, \u017ce jest jednym z najbardziej ruchliwych mag\u00f3w scenicznych w Europie. Ta charyzma o\u017cywa w jego wywiadzie na temat u\u017cycia magii i przysz\u0142ego potencja\u0142u rozrywkowego. Czysty artyzm w ruchu wynika z tego, \u017ce Salvano wykonuje sw\u00f3j \u015bwiatowej s\u0142awy akt. Wy\u0142\u0105cznie w tym tomie s\u0105 psychologia, filozofia i techniki opanowywania \u201enajwi\u0119kszego ma\u0142ego przedmiotu w magii\u201d &#8230; Wskaz\u00f3wka Kciuka. Salvano tchnie nowe \u017cycie w urz\u0105dzenie, gdy wykonuje Silk Fantasy i efekt pralki. Nawet z wszystkimi informacjami opublikowanymi na Thumb Tips, Salvano katapultuje moc wykonywania i nauczania na nowe wy\u017cyny, zabieraj\u0105c je w sfer\u0119 magii scenicznej i salonowej. Jego praca obiecuje na nowo o\u017cywi\u0107 ogie\u0144 duchowy, kt\u00f3ry do\u015bwiadczy\u0142 na seminarium, doprowadzaj\u0105c ci\u0119 do nowo odkrytego zapa\u0142u do sztuki.<\/p>\n","protected":false},"excerpt":{"rendered":"<p>Opis: \u201eTo dla mnie zaszczyt zrobi\u0107 pierwsze ta\u015bmy na sznurkach i magiczne czubki kciuka dla naszej wsp\u00f3lnoty\u201d. &#8211; Salvano Przeb\u00f3j w Las Vegas Desert Magic Seminar 1985 Talent Salvano i&#8230;<\/p>\n","protected":false},"featured_media":10805,"comment_status":"closed","ping_status":"open","template":"","meta":[],"product_brand":[],"product_cat":[47],"product_tag":[],"class_list":{"0":"post-10804","1":"product","2":"type-product","3":"status-publish","4":"has-post-thumbnail","6":"product_cat-ksiazki-dvd-download-filmy-dvd","8":"first","9":"instock","10":"purchasable","11":"product-type-simple"},"_links":{"self":[{"href":"https:\/\/magiiik.netstory.com.pl\/index.php?rest_route=\/wp\/v2\/product\/10804","targetHints":{"allow":["GET"]}}],"collection":[{"href":"https:\/\/magiiik.netstory.com.pl\/index.php?rest_route=\/wp\/v2\/product"}],"about":[{"href":"https:\/\/magiiik.netstory.com.pl\/index.php?rest_route=\/wp\/v2\/types\/product"}],"replies":[{"embeddable":true,"href":"https:\/\/magiiik.netstory.com.pl\/index.php?rest_route=%2Fwp%2Fv2%2Fcomments&post=10804"}],"wp:featuredmedia":[{"embeddable":true,"href":"https:\/\/magiiik.netstory.com.pl\/index.php?rest_route=\/wp\/v2\/media\/10805"}],"wp:attachment":[{"href":"https:\/\/magiiik.netstory.com.pl\/index.php?rest_route=%2Fwp%2Fv2%2Fmedia&parent=10804"}],"wp:term":[{"taxonomy":"product_brand","embeddable":true,"href":"https:\/\/magiiik.netstory.com.pl\/index.php?rest_route=%2Fwp%2Fv2%2Fproduct_brand&post=10804"},{"taxonomy":"product_cat","embeddable":true,"href":"https:\/\/magiiik.netstory.com.pl\/index.php?rest_route=%2Fwp%2Fv2%2Fproduct_cat&post=10804"},{"taxonomy":"product_tag","embeddable":true,"href":"https:\/\/magiiik.netstory.com.pl\/index.php?rest_route=%2Fwp%2Fv2%2Fproduct_tag&post=10804"}],"curies":[{"name":"wp","href":"https:\/\/api.w.org\/{rel}","templated":true}]}}