{"id":10795,"date":"2025-09-19T13:44:04","date_gmt":"2025-09-19T11:44:04","guid":{"rendered":"https:\/\/magiiik.netstory.com.pl\/produkt\/off-set-by-sebastien-calbry-dvd-trick\/"},"modified":"2025-09-19T13:44:10","modified_gmt":"2025-09-19T11:44:10","slug":"off-set-by-sebastien-calbry-dvd-trick","status":"publish","type":"product","link":"https:\/\/magiiik.netstory.com.pl\/?product=off-set-by-sebastien-calbry-dvd-trick","title":{"rendered":"OFF SET By Sebastien Calbry &#8211; DVD + Trick"},"content":{"rendered":"<pre id=\"tw-target-text\" class=\"tw-data-text tw-ta tw-text-small\" dir=\"ltr\" data-placeholder=\"T\u0142umaczenie\"><span lang=\"pl\" style=\"font-family: arial, helvetica, sans-serif;\">Opis:    \u201eTo jest taki wizualny moment zdziwienia. Ma jeden z tych moment\u00f3w, kiedy po otwarciu pude\u0142ka wci\u0105\u017c nie masz poj\u0119cia, jak to dzia\u0142a!\u201d <br \/>-Titanas, Recenzent OFFSET DRUKOWANIE BESPOKE ULTRA FLASH! Wystarczy spojrze\u0107 na zdj\u0119cia, aby zda\u0107 sobie spraw\u0119 z wp\u0142ywu tego efektu na odbiorc\u00f3w.    W mniej ni\u017c drugiej frakcji mo\u017cesz stworzy\u0107 dowolny napis z ty\u0142u pude\u0142ka.    To niesamowite narz\u0119dzie oferuje wiele mo\u017cliwo\u015bci dostosowywania i tworzenia w\u0142asnych zwrot\u00f3w akcji.    Przyk\u0142ady:  - Wprowadzenie przez pojawienie si\u0119 twojego imienia na scenie  - Ujawnienie to\u017csamo\u015bci karty wybranej przez widza  - Rutynowy mentalizm (dowolne s\u0142owo, data, numer ...)  - Zamkni\u0119cie przez pojawienie si\u0119 s\u0142owa kluczowego (do widzenia, dzi\u0119kuj\u0119 ...)  - Rising (narysuj przypadek i podnie\u015b wybran\u0105 map\u0119)    Twoja wyobra\u017ania to jedyne ograniczenie!    Zr\u00f3b OGROMNY efekt wizualny na swoich odbiorc\u00f3w  Wiele efekt\u00f3w  100% konfigurowalny<\/span><\/pre>\n","protected":false},"excerpt":{"rendered":"<p>Opis: \u201eTo jest taki wizualny moment zdziwienia. Ma jeden z tych moment\u00f3w, kiedy po otwarciu pude\u0142ka wci\u0105\u017c nie masz poj\u0119cia, jak to dzia\u0142a!\u201d -Titanas, Recenzent OFFSET DRUKOWANIE BESPOKE ULTRA FLASH!&#8230;<\/p>\n","protected":false},"featured_media":10796,"comment_status":"closed","ping_status":"open","template":"","meta":[],"product_brand":[],"product_cat":[47],"product_tag":[],"class_list":{"0":"post-10795","1":"product","2":"type-product","3":"status-publish","4":"has-post-thumbnail","6":"product_cat-ksiazki-dvd-download-filmy-dvd","8":"first","9":"instock","10":"purchasable","11":"product-type-simple"},"_links":{"self":[{"href":"https:\/\/magiiik.netstory.com.pl\/index.php?rest_route=\/wp\/v2\/product\/10795","targetHints":{"allow":["GET"]}}],"collection":[{"href":"https:\/\/magiiik.netstory.com.pl\/index.php?rest_route=\/wp\/v2\/product"}],"about":[{"href":"https:\/\/magiiik.netstory.com.pl\/index.php?rest_route=\/wp\/v2\/types\/product"}],"replies":[{"embeddable":true,"href":"https:\/\/magiiik.netstory.com.pl\/index.php?rest_route=%2Fwp%2Fv2%2Fcomments&post=10795"}],"wp:featuredmedia":[{"embeddable":true,"href":"https:\/\/magiiik.netstory.com.pl\/index.php?rest_route=\/wp\/v2\/media\/10796"}],"wp:attachment":[{"href":"https:\/\/magiiik.netstory.com.pl\/index.php?rest_route=%2Fwp%2Fv2%2Fmedia&parent=10795"}],"wp:term":[{"taxonomy":"product_brand","embeddable":true,"href":"https:\/\/magiiik.netstory.com.pl\/index.php?rest_route=%2Fwp%2Fv2%2Fproduct_brand&post=10795"},{"taxonomy":"product_cat","embeddable":true,"href":"https:\/\/magiiik.netstory.com.pl\/index.php?rest_route=%2Fwp%2Fv2%2Fproduct_cat&post=10795"},{"taxonomy":"product_tag","embeddable":true,"href":"https:\/\/magiiik.netstory.com.pl\/index.php?rest_route=%2Fwp%2Fv2%2Fproduct_tag&post=10795"}],"curies":[{"name":"wp","href":"https:\/\/api.w.org\/{rel}","templated":true}]}}