{"id":10750,"date":"2025-09-19T13:43:32","date_gmt":"2025-09-19T11:43:32","guid":{"rendered":"https:\/\/magiiik.netstory.com.pl\/produkt\/multiplying-balls-by-mr-magic\/"},"modified":"2025-09-19T13:43:45","modified_gmt":"2025-09-19T11:43:45","slug":"multiplying-balls-by-mr-magic","status":"publish","type":"product","link":"https:\/\/magiiik.netstory.com.pl\/?product=multiplying-balls-by-mr-magic","title":{"rendered":"Multiplying Balls by Mr Magic"},"content":{"rendered":"<p>Dzi\u0119ki temu produktowi b\u0119dziesz m\u00f3g\u0142 zabra\u0107 jedn\u0105 plastikow\u0105 kul\u0119 i w mgnieniu oka pomno\u017cy\u0107 j\u0105 na dwie, a nast\u0119pnie dwie na trzy, a na koniec &#8230; zamieni\u0107 trzy plastikowe kulki w cztery w mgnieniu oka.<\/p>\n","protected":false},"excerpt":{"rendered":"<p>Dzi\u0119ki temu produktowi b\u0119dziesz m\u00f3g\u0142 zabra\u0107 jedn\u0105 plastikow\u0105 kul\u0119 i w mgnieniu oka pomno\u017cy\u0107 j\u0105 na dwie, a nast\u0119pnie dwie na trzy, a na koniec &#8230; zamieni\u0107 trzy plastikowe kulki&#8230;<\/p>\n","protected":false},"featured_media":10751,"comment_status":"closed","ping_status":"open","template":"","meta":[],"product_brand":[],"product_cat":[71],"product_tag":[],"class_list":{"0":"post-10750","1":"product","2":"type-product","3":"status-publish","4":"has-post-thumbnail","6":"product_cat-iluzja-sceniczna-manipulacje","8":"first","9":"instock","10":"purchasable","11":"product-type-simple"},"_links":{"self":[{"href":"https:\/\/magiiik.netstory.com.pl\/index.php?rest_route=\/wp\/v2\/product\/10750","targetHints":{"allow":["GET"]}}],"collection":[{"href":"https:\/\/magiiik.netstory.com.pl\/index.php?rest_route=\/wp\/v2\/product"}],"about":[{"href":"https:\/\/magiiik.netstory.com.pl\/index.php?rest_route=\/wp\/v2\/types\/product"}],"replies":[{"embeddable":true,"href":"https:\/\/magiiik.netstory.com.pl\/index.php?rest_route=%2Fwp%2Fv2%2Fcomments&post=10750"}],"wp:featuredmedia":[{"embeddable":true,"href":"https:\/\/magiiik.netstory.com.pl\/index.php?rest_route=\/wp\/v2\/media\/10751"}],"wp:attachment":[{"href":"https:\/\/magiiik.netstory.com.pl\/index.php?rest_route=%2Fwp%2Fv2%2Fmedia&parent=10750"}],"wp:term":[{"taxonomy":"product_brand","embeddable":true,"href":"https:\/\/magiiik.netstory.com.pl\/index.php?rest_route=%2Fwp%2Fv2%2Fproduct_brand&post=10750"},{"taxonomy":"product_cat","embeddable":true,"href":"https:\/\/magiiik.netstory.com.pl\/index.php?rest_route=%2Fwp%2Fv2%2Fproduct_cat&post=10750"},{"taxonomy":"product_tag","embeddable":true,"href":"https:\/\/magiiik.netstory.com.pl\/index.php?rest_route=%2Fwp%2Fv2%2Fproduct_tag&post=10750"}],"curies":[{"name":"wp","href":"https:\/\/api.w.org\/{rel}","templated":true}]}}