{"id":10671,"date":"2025-09-19T13:42:57","date_gmt":"2025-09-19T11:42:57","guid":{"rendered":"https:\/\/magiiik.netstory.com.pl\/produkt\/stolik-przenosny-maly-tombaro\/"},"modified":"2025-09-19T13:43:00","modified_gmt":"2025-09-19T11:43:00","slug":"stolik-przenosny-maly-tombaro","status":"publish","type":"product","link":"https:\/\/magiiik.netstory.com.pl\/?product=stolik-przenosny-maly-tombaro","title":{"rendered":"Stolik Przeno\u015bny Ma\u0142y TomBaro"},"content":{"rendered":"<h1 id=\"nazwa_produktu\" style=\"text-align: center;\">Stolik Przeno\u015bny Ma\u0142y TomBaroMagic<\/h1>\n<p style=\"text-align: center;\">Zapraszamy do zapoznania si\u0119 z ofert\u0105 profesjonalnych stolik\u00f3w TomBaroMagic, wykonanych starannie z najlepszej jako\u015bci materia\u0142\u00f3w.<\/p>\n<p style=\"text-align: center;\">Spe\u0142niaj\u0105 funkcje wizualn\u0105, produkt estetycznie wygl\u0105daj\u0105cy oraz praktyczn\u0105, po odkr\u0119ceniu \u00a0pos\u0142u\u017cy nam jako profesjonalna mata\u00a0 do kart, kt\u00f3r\u0105 cechuje wytrzyma\u0142o\u015b\u0107\u00a0 oraz najlepszy sprowadzany za wielkiej wody welur u\u017cywany do produkcji mat karcianych.<\/p>\n<p style=\"text-align: center;\">Warto wspomnie\u0107, \u017ce s\u0105 to Najcie\u0144sze Sztywne Maty na \u015bwiecie! Ka\u017cda Mata to produkt Najwy\u017cszej Jako\u015bci, poniewa\u017c jest to r\u0119kodzie\u0142o, kt\u00f3re powstaje z precyzj\u0105 podczas wielogodzinnej pracy.<\/p>\n<p style=\"text-align: center;\">Wielu koleg\u00f3w po fachu zapewne wie jak bardzo cz\u0119sto przydaje si\u0119 ma\u0142y stolik oraz mata, od teraz mamy dwa w jednym!<\/p>\n","protected":false},"excerpt":{"rendered":"<h1 id=\"nazwa_produktu\">Stolik Przeno\u015bny Ma\u0142y TomBaroMagic<\/h1>\n","protected":false},"featured_media":10672,"comment_status":"closed","ping_status":"open","template":"","meta":[],"product_brand":[],"product_cat":[68],"product_tag":[],"class_list":{"0":"post-10671","1":"product","2":"type-product","3":"status-publish","4":"has-post-thumbnail","6":"product_cat-akcesoria-stoliki","8":"first","9":"instock","10":"purchasable","11":"product-type-simple"},"_links":{"self":[{"href":"https:\/\/magiiik.netstory.com.pl\/index.php?rest_route=\/wp\/v2\/product\/10671","targetHints":{"allow":["GET"]}}],"collection":[{"href":"https:\/\/magiiik.netstory.com.pl\/index.php?rest_route=\/wp\/v2\/product"}],"about":[{"href":"https:\/\/magiiik.netstory.com.pl\/index.php?rest_route=\/wp\/v2\/types\/product"}],"replies":[{"embeddable":true,"href":"https:\/\/magiiik.netstory.com.pl\/index.php?rest_route=%2Fwp%2Fv2%2Fcomments&post=10671"}],"wp:featuredmedia":[{"embeddable":true,"href":"https:\/\/magiiik.netstory.com.pl\/index.php?rest_route=\/wp\/v2\/media\/10672"}],"wp:attachment":[{"href":"https:\/\/magiiik.netstory.com.pl\/index.php?rest_route=%2Fwp%2Fv2%2Fmedia&parent=10671"}],"wp:term":[{"taxonomy":"product_brand","embeddable":true,"href":"https:\/\/magiiik.netstory.com.pl\/index.php?rest_route=%2Fwp%2Fv2%2Fproduct_brand&post=10671"},{"taxonomy":"product_cat","embeddable":true,"href":"https:\/\/magiiik.netstory.com.pl\/index.php?rest_route=%2Fwp%2Fv2%2Fproduct_cat&post=10671"},{"taxonomy":"product_tag","embeddable":true,"href":"https:\/\/magiiik.netstory.com.pl\/index.php?rest_route=%2Fwp%2Fv2%2Fproduct_tag&post=10671"}],"curies":[{"name":"wp","href":"https:\/\/api.w.org\/{rel}","templated":true}]}}