{"id":10637,"date":"2025-09-19T13:41:19","date_gmt":"2025-09-19T11:41:19","guid":{"rendered":"https:\/\/magiiik.netstory.com.pl\/produkt\/marksman-deck-by-luke-jermay\/"},"modified":"2025-09-19T13:42:28","modified_gmt":"2025-09-19T11:42:28","slug":"marksman-deck-by-luke-jermay","status":"publish","type":"product","link":"https:\/\/magiiik.netstory.com.pl\/?product=marksman-deck-by-luke-jermay","title":{"rendered":"Marksman Deck by Luke Jermay"},"content":{"rendered":"<p><span style=\"font-size: 12pt; font-family: arial, helvetica, sans-serif;\">Przez wieki iluzjoni\u015bci u\u017cywali oznaczonych kart, by przechytrzy\u0107 nawet najbardziej wnikliw\u0105 publiczno\u015b\u0107. <strong>Marksman Deck<\/strong> opiera si\u0119 na klasycznych systemach znakowania z dodatkowymi tajnymi znakami, kt\u00f3re otwieraj\u0105 ca\u0142\u0105 gam\u0119 nowych efekt\u00f3w i mo\u017cliwo\u015bci.\u00a0<\/span><\/p>\n<p><span style=\"font-size: 12pt; font-family: arial, helvetica, sans-serif;\"><iframe loading=\"lazy\" src=\"\/\/www.youtube.com\/embed\/GtvgU3SLXBA\" width=\"560\" height=\"314\" allowfullscreen=\"allowfullscreen\"><\/iframe><\/span><\/p>\n<p><strong><span style=\"font-size: 12pt; font-family: arial, helvetica, sans-serif;\">Naucz si\u0119 poni\u017cszych trick\u00f3w:<\/span><\/strong><\/p>\n<p><span style=\"font-size: 12pt; font-family: arial, helvetica, sans-serif;\">&#8211; Three Tests of Intuition;<\/span><\/p>\n<p><span style=\"font-size: 12pt; font-family: arial, helvetica, sans-serif;\">&#8211; Dowsing;<\/span><\/p>\n<p><span style=\"font-size: 12pt; font-family: arial, helvetica, sans-serif;\">-Card Peeks Routine;<\/span><\/p>\n<p><span style=\"font-size: 12pt; font-family: arial, helvetica, sans-serif;\">&#8211; Card Calling;<\/span><\/p>\n<p><span style=\"font-size: 12pt; font-family: arial, helvetica, sans-serif;\">&#8211; Card Memory.<\/span><\/p>\n<p><strong><span style=\"font-size: 12pt; font-family: arial, helvetica, sans-serif;\">Zestaw zawiera specjalnie oznaczon\u0105 czerwon\u0105 tali\u0119 Mandolin Bicycle oraz 45-minutowe video do pobrania z dok\u0142adn\u0105 instrukcj\u0105 wykonania efekt\u00f3w.<\/span><\/strong><\/p>\n<p><span style=\"font-size: 12pt; font-family: arial, helvetica, sans-serif;\">U\u017cywany przez magik\u00f3w, ale stworzony specjalnie dla mentalist\u00f3w, <strong>Marksman Deck<\/strong> zawiera mn\u00f3stwo dodatkowych informacji, kt\u00f3re pozwol\u0105 Ci robi\u0107 efekty, jakich nigdy wcze\u015bniej nie mo\u017cna by\u0142o wykona\u0107!<\/span><\/p>\n<p><strong><span style=\"font-size: 12pt; font-family: arial, helvetica, sans-serif;\">Naucz si\u0119:<\/span><\/strong><\/p>\n<p><span style=\"font-size: 12pt; font-family: arial, helvetica, sans-serif;\">&#8211; Find the current card;<\/span><br \/><span style=\"font-size: 12pt; font-family: arial, helvetica, sans-serif;\">&#8211; Find the card above;<\/span><br \/><span style=\"font-size: 12pt; font-family: arial, helvetica, sans-serif;\">&#8211; Know the position of the card in the stack;<\/span><br \/><span style=\"font-size: 12pt; font-family: arial, helvetica, sans-serif;\">&#8211; Know how many cards are above it;<\/span><br \/><span style=\"font-size: 12pt; font-family: arial, helvetica, sans-serif;\">&#8211; Know how many red (and therefore also black) are above it;<\/span><br \/><span style=\"font-size: 12pt; font-family: arial, helvetica, sans-serif;\">&#8211; Know the combined total of all the card values above it.<\/span><\/p>\n<p style=\"text-align: left;\"><strong><span style=\"font-size: 12pt; font-family: arial, helvetica, sans-serif;\">UWAGA!<\/span><\/strong><\/p>\n<p style=\"text-align: left;\"><strong><span style=\"font-size: 12pt; font-family: arial, helvetica, sans-serif;\">Produkt zawiera certyfikat <a href=\"\/pl\/n\/5\">BLACK LABEL<\/a>!<\/span><\/strong><\/p>\n","protected":false},"excerpt":{"rendered":"<p><strong>Marksman Deck by Luke Jermay\u00a0<\/strong><\/p>\n","protected":false},"featured_media":10638,"comment_status":"closed","ping_status":"open","template":"","meta":[],"product_brand":[],"product_cat":[24],"product_tag":[],"class_list":{"0":"post-10637","1":"product","2":"type-product","3":"status-publish","4":"has-post-thumbnail","6":"product_cat-mentalizm","8":"first","9":"instock","10":"purchasable","11":"product-type-simple"},"_links":{"self":[{"href":"https:\/\/magiiik.netstory.com.pl\/index.php?rest_route=\/wp\/v2\/product\/10637","targetHints":{"allow":["GET"]}}],"collection":[{"href":"https:\/\/magiiik.netstory.com.pl\/index.php?rest_route=\/wp\/v2\/product"}],"about":[{"href":"https:\/\/magiiik.netstory.com.pl\/index.php?rest_route=\/wp\/v2\/types\/product"}],"replies":[{"embeddable":true,"href":"https:\/\/magiiik.netstory.com.pl\/index.php?rest_route=%2Fwp%2Fv2%2Fcomments&post=10637"}],"wp:featuredmedia":[{"embeddable":true,"href":"https:\/\/magiiik.netstory.com.pl\/index.php?rest_route=\/wp\/v2\/media\/10638"}],"wp:attachment":[{"href":"https:\/\/magiiik.netstory.com.pl\/index.php?rest_route=%2Fwp%2Fv2%2Fmedia&parent=10637"}],"wp:term":[{"taxonomy":"product_brand","embeddable":true,"href":"https:\/\/magiiik.netstory.com.pl\/index.php?rest_route=%2Fwp%2Fv2%2Fproduct_brand&post=10637"},{"taxonomy":"product_cat","embeddable":true,"href":"https:\/\/magiiik.netstory.com.pl\/index.php?rest_route=%2Fwp%2Fv2%2Fproduct_cat&post=10637"},{"taxonomy":"product_tag","embeddable":true,"href":"https:\/\/magiiik.netstory.com.pl\/index.php?rest_route=%2Fwp%2Fv2%2Fproduct_tag&post=10637"}],"curies":[{"name":"wp","href":"https:\/\/api.w.org\/{rel}","templated":true}]}}