{"id":10577,"date":"2025-09-19T13:40:24","date_gmt":"2025-09-19T11:40:24","guid":{"rendered":"https:\/\/magiiik.netstory.com.pl\/produkt\/mint-box-by-daniel-garcia\/"},"modified":"2025-09-19T13:41:02","modified_gmt":"2025-09-19T11:41:02","slug":"mint-box-by-daniel-garcia","status":"publish","type":"product","link":"https:\/\/magiiik.netstory.com.pl\/?product=mint-box-by-daniel-garcia","title":{"rendered":"MINT BOX by Daniel Garcia"},"content":{"rendered":"<p><span style=\"font-size: 12pt; font-family: arial, helvetica, sans-serif;\">Widz wybiera kart\u0119 i podpisuje si\u0119 na niej. BUM! Nie ma jej ju\u017c w talii! Otwierasz pude\u0142ko po cukierkach i pokazujesz z\u0142o\u017con\u0105 kart\u0119 wewn\u0105trz. Widz widzi, jak wyjmujesz kart\u0119 z pude\u0142ka. Po roz\u0142o\u017ceniu okazuje si\u0119, \u017ce jest to karta wybrana przez widza!\u00a0<\/span><\/p>\n<p><span style=\"font-size: 12pt; font-family: arial, helvetica, sans-serif;\"><iframe loading=\"lazy\" src=\"\/\/www.youtube.com\/embed\/_IlUczjkbGU\" width=\"560\" height=\"314\" allowfullscreen=\"allowfullscreen\"><\/iframe><\/span><\/p>\n<p><span style=\"font-size: 12pt; font-family: arial, helvetica, sans-serif;\"><strong>Daniel Garcia<\/strong>, jeden z najlepszych tw\u00f3rc\u00f3w magii w\u0142a\u015bnie wyda\u0142 sw\u00f3j pierwszy efekt magiczny od lat! <strong>Jedno z najczystszych i naturalnych &#8222;urz\u0105dze\u0144 prze\u0142\u0105czaj\u0105cych&#8221;, jakie kiedykolwiek stworzono.<\/strong> <strong>MINT BOX<\/strong> jest inny ni\u017c kiedykolwiek wcze\u015bniej! Ten magiczny gimmick pozwala na otwarcie pude\u0142ka i niewidzialn\u0105 zamian\u0119 karty pokazywanej w pude\u0142ku na kart\u0119 wybran\u0105 przez widza, b\u0119d\u0105c ca\u0142kowicie otoczonym! <strong>Od dzi\u015b b\u0119dziesz nosi\u0142 to pude\u0142ko ze sob\u0105 ka\u017cdego dnia!<\/strong><\/span><\/p>\n<p><strong><span style=\"font-size: 12pt; font-family: arial, helvetica, sans-serif;\">W zestawie otrzymasz:<\/span><\/strong><\/p>\n<p><span style=\"font-size: 12pt; font-family: arial, helvetica, sans-serif;\">&#8211; czerwone Bicycle MINT BOX gimmick;<\/span><\/p>\n<p><span style=\"font-size: 12pt; font-family: arial, helvetica, sans-serif;\">&#8211; &#8222;szybki start Mint Box&#8221;;<\/span><\/p>\n<p><span style=\"font-size: 12pt; font-family: arial, helvetica, sans-serif;\">&#8211; video do pobrania z dok\u0142adn\u0105 instrukcj\u0105 oraz kilkoma rutynami, aby m\u00f3c dostosowa\u0107 si\u0119 do ka\u017cdej sytuacji.<\/span><\/p>\n<p><strong><span style=\"font-size: 12pt; font-family: arial, helvetica, sans-serif;\">Twoja publiczno\u015b\u0107 oszaleje!<\/span><\/strong><\/p>\n<p>\u00a0<\/p>\n","protected":false},"excerpt":{"rendered":"<p><strong>MINT BOX by Daniel Garcia\u00a0<\/strong><\/p>\n","protected":false},"featured_media":10578,"comment_status":"closed","ping_status":"open","template":"","meta":[],"product_brand":[],"product_cat":[41],"product_tag":[],"class_list":{"0":"post-10577","1":"product","2":"type-product","3":"status-publish","4":"has-post-thumbnail","6":"product_cat-mikro-iluzja-close-up-efekty-z-kartami","8":"first","9":"instock","10":"purchasable","11":"product-type-simple"},"_links":{"self":[{"href":"https:\/\/magiiik.netstory.com.pl\/index.php?rest_route=\/wp\/v2\/product\/10577","targetHints":{"allow":["GET"]}}],"collection":[{"href":"https:\/\/magiiik.netstory.com.pl\/index.php?rest_route=\/wp\/v2\/product"}],"about":[{"href":"https:\/\/magiiik.netstory.com.pl\/index.php?rest_route=\/wp\/v2\/types\/product"}],"replies":[{"embeddable":true,"href":"https:\/\/magiiik.netstory.com.pl\/index.php?rest_route=%2Fwp%2Fv2%2Fcomments&post=10577"}],"wp:featuredmedia":[{"embeddable":true,"href":"https:\/\/magiiik.netstory.com.pl\/index.php?rest_route=\/wp\/v2\/media\/10578"}],"wp:attachment":[{"href":"https:\/\/magiiik.netstory.com.pl\/index.php?rest_route=%2Fwp%2Fv2%2Fmedia&parent=10577"}],"wp:term":[{"taxonomy":"product_brand","embeddable":true,"href":"https:\/\/magiiik.netstory.com.pl\/index.php?rest_route=%2Fwp%2Fv2%2Fproduct_brand&post=10577"},{"taxonomy":"product_cat","embeddable":true,"href":"https:\/\/magiiik.netstory.com.pl\/index.php?rest_route=%2Fwp%2Fv2%2Fproduct_cat&post=10577"},{"taxonomy":"product_tag","embeddable":true,"href":"https:\/\/magiiik.netstory.com.pl\/index.php?rest_route=%2Fwp%2Fv2%2Fproduct_tag&post=10577"}],"curies":[{"name":"wp","href":"https:\/\/api.w.org\/{rel}","templated":true}]}}