{"id":10550,"date":"2025-09-19T13:40:24","date_gmt":"2025-09-19T11:40:24","guid":{"rendered":"https:\/\/magiiik.netstory.com.pl\/produkt\/the-vault-gerard-on-hoy-by-andrew-gerard-video-download\/"},"modified":"2025-09-19T13:40:47","modified_gmt":"2025-09-19T11:40:47","slug":"the-vault-gerard-on-hoy-by-andrew-gerard-video-download","status":"publish","type":"product","link":"https:\/\/magiiik.netstory.com.pl\/?product=the-vault-gerard-on-hoy-by-andrew-gerard-video-download","title":{"rendered":"The Vault &#8211; Gerard on Hoy by Andrew Gerard video DOWNLOAD"},"content":{"rendered":"<p><span style=\"font-family: arial, helvetica, sans-serif; font-size: 12pt;\">Naucz si\u0119 najwi\u0119kszego na \u015bwiecie, &#8222;bezgimmickowego&#8221;, efektu &#8222;<strong>book test<\/strong>&#8222;, kt\u00f3ry mo\u017cesz pokaza\u0107 wsz\u0119dzie i o ka\u017cdej porze! Dodatkowo poznasz 3 niesamowite, ca\u0142kowicie nowe rutyny, kt\u00f3re przedstawi Ci <strong>Andrew Gerard<\/strong>!\u00a0<\/span><\/p>\n<p><span style=\"font-family: arial, helvetica, sans-serif; font-size: 12pt;\"><iframe loading=\"lazy\" src=\"\/\/www.youtube.com\/embed\/8ggNWVlPJOc\" width=\"560\" height=\"314\" allowfullscreen=\"allowfullscreen\"><\/iframe><\/span><\/p>\n<p><span style=\"font-family: arial, helvetica, sans-serif; font-size: 12pt;\">Ten film to rzadka okazja, aby dosta\u0107 si\u0119 do g\u0142owy jednego z najbardziej oryginalnych my\u015blicieli i tw\u00f3rc\u00f3w magii!<\/span><\/p>\n<p><span style=\"font-family: arial, helvetica, sans-serif; font-size: 12pt;\">Z tego video nauczysz si\u0119:<\/span><\/p>\n<p><span style=\"font-family: arial, helvetica, sans-serif; font-size: 12pt;\">&#8211; <strong>INVISIBLE BOOK TEST<\/strong>;<\/span><\/p>\n<p><span style=\"font-family: arial, helvetica, sans-serif; font-size: 12pt;\">&#8211;\u00a0<strong>THE ORIGINAL HOY BOOK TEST<\/strong>;<\/span><\/p>\n<p><span style=\"font-family: arial, helvetica, sans-serif; font-size: 12pt;\">&#8211;\u00a0<strong>HOY ACAAN VERSION 1 AND 2<\/strong>;<\/span><\/p>\n<p><span style=\"font-family: arial, helvetica, sans-serif; font-size: 12pt;\">&#8211;\u00a0<strong>HOY DRAWING DUPLICATION<\/strong> (genialnie sprawdza si\u0119 w close-up i na scenie).<\/span><\/p>\n","protected":false},"excerpt":{"rendered":"<p><strong>The Vault &#8211; Gerard on Hoy by Andrew Gerard<\/strong><\/p>\n","protected":false},"featured_media":10551,"comment_status":"closed","ping_status":"open","template":"","meta":[],"product_brand":[],"product_cat":[74],"product_tag":[],"class_list":{"0":"post-10550","1":"product","2":"type-product","3":"status-publish","4":"has-post-thumbnail","6":"product_cat-the-vault-nowosc","8":"first","9":"instock","10":"purchasable","11":"product-type-simple"},"_links":{"self":[{"href":"https:\/\/magiiik.netstory.com.pl\/index.php?rest_route=\/wp\/v2\/product\/10550","targetHints":{"allow":["GET"]}}],"collection":[{"href":"https:\/\/magiiik.netstory.com.pl\/index.php?rest_route=\/wp\/v2\/product"}],"about":[{"href":"https:\/\/magiiik.netstory.com.pl\/index.php?rest_route=\/wp\/v2\/types\/product"}],"replies":[{"embeddable":true,"href":"https:\/\/magiiik.netstory.com.pl\/index.php?rest_route=%2Fwp%2Fv2%2Fcomments&post=10550"}],"wp:featuredmedia":[{"embeddable":true,"href":"https:\/\/magiiik.netstory.com.pl\/index.php?rest_route=\/wp\/v2\/media\/10551"}],"wp:attachment":[{"href":"https:\/\/magiiik.netstory.com.pl\/index.php?rest_route=%2Fwp%2Fv2%2Fmedia&parent=10550"}],"wp:term":[{"taxonomy":"product_brand","embeddable":true,"href":"https:\/\/magiiik.netstory.com.pl\/index.php?rest_route=%2Fwp%2Fv2%2Fproduct_brand&post=10550"},{"taxonomy":"product_cat","embeddable":true,"href":"https:\/\/magiiik.netstory.com.pl\/index.php?rest_route=%2Fwp%2Fv2%2Fproduct_cat&post=10550"},{"taxonomy":"product_tag","embeddable":true,"href":"https:\/\/magiiik.netstory.com.pl\/index.php?rest_route=%2Fwp%2Fv2%2Fproduct_tag&post=10550"}],"curies":[{"name":"wp","href":"https:\/\/api.w.org\/{rel}","templated":true}]}}