{"id":10455,"date":"2025-09-19T13:37:54","date_gmt":"2025-09-19T11:37:54","guid":{"rendered":"https:\/\/magiiik.netstory.com.pl\/produkt\/virtuoso-fall-winter-2017-deck\/"},"modified":"2025-09-19T13:39:31","modified_gmt":"2025-09-19T11:39:31","slug":"virtuoso-fall-winter-2017-deck","status":"publish","type":"product","link":"https:\/\/magiiik.netstory.com.pl\/?product=virtuoso-fall-winter-2017-deck","title":{"rendered":"Virtuoso Fall\/Winter 2017 Deck"},"content":{"rendered":"<p style=\"text-align: center;\"><span style=\"font-size: 14pt;\"><strong><span style=\"font-family: arial, helvetica, sans-serif;\">Jedna z lepszych talii kart do Cardistry!<\/span><\/strong><\/span><\/p>\n<p style=\"text-align: center;\"><span style=\"font-size: 12pt; font-family: arial, helvetica, sans-serif;\">Dzi\u0119ki tym kartom Twoje tricki b\u0119d\u0105 p\u0142ynniejsze, a karty b\u0119d\u0105 tworzy\u0142y tr\u00f3jwymiarowe przestrzenie, zachowuj\u0105c przy tym pi\u0119kny rytm na ca\u0142ej powierzchni!<\/span><\/p>\n<p style=\"text-align: center;\"><span style=\"font-size: 12pt; font-family: arial, helvetica, sans-serif;\">Karty si\u0119 wydaj\u0105 zmienia\u0107 kolor w zale\u017cno\u015bci od kierunku, w kt\u00f3rym je prezentujesz. Tworz\u0105 niesamowite wzory, w zale\u017cno\u015bci od liczby u\u017cywanych kart.<\/span><\/p>\n<p style=\"text-align: center;\"><iframe loading=\"lazy\" src=\"\/\/www.youtube.com\/embed\/26IQ45v9G7w\" width=\"500\" height=\"300\"><\/iframe><\/p>\n<p style=\"text-align: center;\">\u00a0<\/p>\n<p style=\"color: #111111; font-size: 13px; font-family: &quot;&quot;; text-align: center;\"><strong><span style=\"font-size: 12pt; font-family: arial, helvetica, sans-serif; background-color: #ffff00;\">PRZEDSPRZEDA\u017b!<\/span><\/strong><\/p>\n<p style=\"color: #111111; font-size: 13px; font-family: &quot;&quot;; text-align: center;\"><span style=\"font-size: 12pt; font-family: arial, helvetica, sans-serif; background-color: #ff0000;\">Tylko teraz trwa przedsprzeda\u017c tych niesamowitych kart!<\/span><\/p>\n<p style=\"color: #111111; font-size: 13px; font-family: &quot;&quot;; text-align: center;\"><span style=\"font-size: 12pt; font-family: arial, helvetica, sans-serif; background-color: #ff0000;\">Z\u0142\u00f3\u017c zam\u00f3wienie ju\u017c dzi\u015b, a kupisz je w promocyjnej cenie, za jedyne<strong> 18,00 euro!\u00a0<\/strong><\/span><\/p>\n<p style=\"color: #111111; font-size: 13px; font-family: &quot;&quot;; text-align: center;\"><strong><span style=\"font-size: 12pt; font-family: arial, helvetica, sans-serif; background-color: #ff0000;\">Promocja trwa tylko do 15. stycznia 2017!<\/span><\/strong><\/p>\n<p style=\"color: #111111; font-size: 13px; font-family: &quot;&quot;; text-align: center;\"><span style=\"font-size: 12pt; font-family: arial, helvetica, sans-serif; background-color: #ff0000;\">Kart nie ma jeszcze w naszym magazynie. Jak tylko si\u0119 pojawi\u0105, od razu b\u0119d\u0105 wys\u0142ane na Tw\u00f3j adres!<\/span><\/p>\n<p style=\"color: #111111; font-size: 13px; font-family: &quot;&quot;; text-align: center;\">\u00a0<\/p>\n<p style=\"color: #111111; font-size: 13px; font-family: &quot;&quot;; text-align: center;\"><strong><span style=\"font-size: 12pt; font-family: arial, helvetica, sans-serif;\">Zapraszamy do zakupu,<\/span><\/strong><\/p>\n<p style=\"color: #111111; font-size: 13px; font-family: &quot;&quot;; text-align: center;\"><strong><span style=\"font-size: 12pt; font-family: arial, helvetica, sans-serif;\">magiiik.pl<\/span><\/strong><\/p>\n","protected":false},"excerpt":{"rendered":"<p><strong>Virtuoso Fall\/Winter 2017 Deck (PREORDER)<\/strong><\/p>\n","protected":false},"featured_media":10456,"comment_status":"closed","ping_status":"open","template":"","meta":[],"product_brand":[],"product_cat":[46],"product_tag":[],"class_list":{"0":"post-10455","1":"product","2":"type-product","3":"status-publish","4":"has-post-thumbnail","6":"product_cat-mikro-iluzja-close-up-karty-kolekcjonerskie","8":"first","9":"instock","10":"purchasable","11":"product-type-simple"},"_links":{"self":[{"href":"https:\/\/magiiik.netstory.com.pl\/index.php?rest_route=\/wp\/v2\/product\/10455","targetHints":{"allow":["GET"]}}],"collection":[{"href":"https:\/\/magiiik.netstory.com.pl\/index.php?rest_route=\/wp\/v2\/product"}],"about":[{"href":"https:\/\/magiiik.netstory.com.pl\/index.php?rest_route=\/wp\/v2\/types\/product"}],"replies":[{"embeddable":true,"href":"https:\/\/magiiik.netstory.com.pl\/index.php?rest_route=%2Fwp%2Fv2%2Fcomments&post=10455"}],"wp:featuredmedia":[{"embeddable":true,"href":"https:\/\/magiiik.netstory.com.pl\/index.php?rest_route=\/wp\/v2\/media\/10456"}],"wp:attachment":[{"href":"https:\/\/magiiik.netstory.com.pl\/index.php?rest_route=%2Fwp%2Fv2%2Fmedia&parent=10455"}],"wp:term":[{"taxonomy":"product_brand","embeddable":true,"href":"https:\/\/magiiik.netstory.com.pl\/index.php?rest_route=%2Fwp%2Fv2%2Fproduct_brand&post=10455"},{"taxonomy":"product_cat","embeddable":true,"href":"https:\/\/magiiik.netstory.com.pl\/index.php?rest_route=%2Fwp%2Fv2%2Fproduct_cat&post=10455"},{"taxonomy":"product_tag","embeddable":true,"href":"https:\/\/magiiik.netstory.com.pl\/index.php?rest_route=%2Fwp%2Fv2%2Fproduct_tag&post=10455"}],"curies":[{"name":"wp","href":"https:\/\/api.w.org\/{rel}","templated":true}]}}