{"id":10332,"date":"2025-09-19T13:37:02","date_gmt":"2025-09-19T11:37:02","guid":{"rendered":"https:\/\/magiiik.netstory.com.pl\/produkt\/umbrella-card-sword-by-brad-toulouse-maple-leaf-magic\/"},"modified":"2025-09-19T13:37:19","modified_gmt":"2025-09-19T11:37:19","slug":"umbrella-card-sword-by-brad-toulouse-maple-leaf-magic","status":"publish","type":"product","link":"https:\/\/magiiik.netstory.com.pl\/?product=umbrella-card-sword-by-brad-toulouse-maple-leaf-magic","title":{"rendered":"Umbrella Card Sword by Brad Toulouse-Maple Leaf Magic"},"content":{"rendered":"<p style=\"text-align: center;\"><span style=\"font-size: 12pt; font-family: arial, helvetica, sans-serif;\">To nowoczesna wersja klasycznego efektu &#8222;<strong>Card Sword<\/strong>&#8222;<\/span><\/p>\n<p style=\"text-align: center;\"><span style=\"font-size: 12pt; font-family: arial, helvetica, sans-serif;\">Widz wybiera i zapami\u0119tuje kart\u0119, kt\u00f3re jest wk\u0142adana do talii, a ona jest tasowana (mo\u017ce by\u0107 r\u00f3wnie\u017c przetasowana przez widza).<\/span><\/p>\n<p style=\"text-align: center;\"><span style=\"font-size: 12pt; font-family: arial, helvetica, sans-serif;\">Iluzjonista prezentuje zamkni\u0119ty parasol. Trzymamy jest za r\u0105czk\u0119, a ko\u0144c\u00f3wka wycelowana ku g\u00f3rze. Talia kart trzymana jest w drugiej r\u0119ce. Teraz magik strzela kartami nad parasol&#8230; Szybkim ruchem otwiera go i&#8230; oto wybrana przez widza karta nabita jest na ko\u0144c\u00f3wk\u0119 parasola!<\/span><\/p>\n<p style=\"text-align: center;\"><strong><span style=\"font-size: 12pt; font-family: arial, helvetica, sans-serif;\">Polecamy,<\/span><\/strong><\/p>\n<p style=\"text-align: center;\"><strong><span style=\"font-size: 12pt; font-family: arial, helvetica, sans-serif;\">magiiik.pl<\/span><\/strong><\/p>\n","protected":false},"excerpt":{"rendered":"<p><strong>Umbrella Card Sword by Brad Toulouse-Maple Leaf Magic\u00a0<\/strong><\/p>\n","protected":false},"featured_media":10333,"comment_status":"closed","ping_status":"open","template":"","meta":[],"product_brand":[],"product_cat":[65],"product_tag":[],"class_list":{"0":"post-10332","1":"product","2":"type-product","3":"status-publish","4":"has-post-thumbnail","6":"product_cat-iluzja-sceniczna-iluzja-sceniczna","8":"first","9":"instock","10":"purchasable","11":"product-type-simple"},"_links":{"self":[{"href":"https:\/\/magiiik.netstory.com.pl\/index.php?rest_route=\/wp\/v2\/product\/10332","targetHints":{"allow":["GET"]}}],"collection":[{"href":"https:\/\/magiiik.netstory.com.pl\/index.php?rest_route=\/wp\/v2\/product"}],"about":[{"href":"https:\/\/magiiik.netstory.com.pl\/index.php?rest_route=\/wp\/v2\/types\/product"}],"replies":[{"embeddable":true,"href":"https:\/\/magiiik.netstory.com.pl\/index.php?rest_route=%2Fwp%2Fv2%2Fcomments&post=10332"}],"wp:featuredmedia":[{"embeddable":true,"href":"https:\/\/magiiik.netstory.com.pl\/index.php?rest_route=\/wp\/v2\/media\/10333"}],"wp:attachment":[{"href":"https:\/\/magiiik.netstory.com.pl\/index.php?rest_route=%2Fwp%2Fv2%2Fmedia&parent=10332"}],"wp:term":[{"taxonomy":"product_brand","embeddable":true,"href":"https:\/\/magiiik.netstory.com.pl\/index.php?rest_route=%2Fwp%2Fv2%2Fproduct_brand&post=10332"},{"taxonomy":"product_cat","embeddable":true,"href":"https:\/\/magiiik.netstory.com.pl\/index.php?rest_route=%2Fwp%2Fv2%2Fproduct_cat&post=10332"},{"taxonomy":"product_tag","embeddable":true,"href":"https:\/\/magiiik.netstory.com.pl\/index.php?rest_route=%2Fwp%2Fv2%2Fproduct_tag&post=10332"}],"curies":[{"name":"wp","href":"https:\/\/api.w.org\/{rel}","templated":true}]}}