{"id":10306,"date":"2025-09-19T13:37:02","date_gmt":"2025-09-19T11:37:02","guid":{"rendered":"https:\/\/magiiik.netstory.com.pl\/produkt\/automatic-torch-to-rose-pojawienie-rozy-by-sumit-chhajer\/"},"modified":"2025-09-19T13:37:05","modified_gmt":"2025-09-19T11:37:05","slug":"automatic-torch-to-rose-pojawienie-rozy-by-sumit-chhajer","status":"publish","type":"product","link":"https:\/\/magiiik.netstory.com.pl\/?product=automatic-torch-to-rose-pojawienie-rozy-by-sumit-chhajer","title":{"rendered":"Automatic Torch to Rose (pojawienie r\u00f3\u017cy) by Sumit Chhajer"},"content":{"rendered":"<p style=\"text-align: center;\"><span style=\"font-size: 12pt; font-family: arial, helvetica, sans-serif;\">To automatyczna wersja bardzo popularnego i klasycznego efektu &#8222;<a href=\"\/pl\/p\/Torch-to-Rose-pojawianie-rozy-by-Mr.-Magic-\/1176\"><strong>Torch to Rose<\/strong><\/a>&#8221; (dost\u0119pny r\u00f3wnie\u017c w naszym sklepie). U\u0142atwia prac\u0119 i umo\u017cliwia dodatkowy efekt magiczny.\u00a0<\/span><\/p>\n<p style=\"text-align: center;\"><span style=\"font-size: 12pt; font-family: arial, helvetica, sans-serif;\">Iluzjonista prezentuje p\u0142on\u0105c\u0105 pochodni\u0119, kt\u00f3ra w mgnieniu oka zamienia si\u0119 w pi\u0119kn\u0105 r\u00f3\u017c\u0119. Trzyma kwiat w d\u0142oni, a ten zaczyna powoli porusza\u0107 si\u0119 i przesuwa\u0107 do g\u00f3ry!<\/span><\/p>\n<p style=\"text-align: center;\"><iframe loading=\"lazy\" src=\"\/\/www.youtube.com\/embed\/g9bwwPHnQV0\" width=\"500\" height=\"350\"><\/iframe><\/p>\n<p style=\"text-align: center;\"><span style=\"font-size: 12pt; font-family: arial, helvetica, sans-serif;\">Je\u015bli chcesz urozmaici\u0107 swoje show magiczne, b\u0105d\u017a wykonujesz ten efekt w klasycznej wersji, zach\u0119camy do wprowadzenia go do swojego repertuaru. Ogie\u0144 na scenie dodaje ekscytacji, dramaturgii oraz wysoce wizualnego aspektu magicznych efekt\u00f3w.\u00a0<\/span><\/p>\n<p style=\"text-align: center;\"><strong><span style=\"font-size: 12pt; font-family: arial, helvetica, sans-serif;\">Polecamy,<\/span><\/strong><\/p>\n<p style=\"text-align: center;\"><strong><span style=\"font-size: 12pt; font-family: arial, helvetica, sans-serif;\">magiiik.pl<\/span><\/strong><\/p>\n","protected":false},"excerpt":{"rendered":"<p><strong>Automatic Torch to Rose (pojawienie r\u00f3\u017cy) by Sumit Chhajer\u00a0<\/strong><\/p>\n","protected":false},"featured_media":10307,"comment_status":"closed","ping_status":"open","template":"","meta":[],"product_brand":[],"product_cat":[70],"product_tag":[],"class_list":{"0":"post-10306","1":"product","2":"type-product","3":"status-publish","4":"has-post-thumbnail","6":"product_cat-iluzja-sceniczna-kwiaty","8":"first","9":"instock","10":"purchasable","11":"product-type-simple"},"_links":{"self":[{"href":"https:\/\/magiiik.netstory.com.pl\/index.php?rest_route=\/wp\/v2\/product\/10306","targetHints":{"allow":["GET"]}}],"collection":[{"href":"https:\/\/magiiik.netstory.com.pl\/index.php?rest_route=\/wp\/v2\/product"}],"about":[{"href":"https:\/\/magiiik.netstory.com.pl\/index.php?rest_route=\/wp\/v2\/types\/product"}],"replies":[{"embeddable":true,"href":"https:\/\/magiiik.netstory.com.pl\/index.php?rest_route=%2Fwp%2Fv2%2Fcomments&post=10306"}],"wp:featuredmedia":[{"embeddable":true,"href":"https:\/\/magiiik.netstory.com.pl\/index.php?rest_route=\/wp\/v2\/media\/10307"}],"wp:attachment":[{"href":"https:\/\/magiiik.netstory.com.pl\/index.php?rest_route=%2Fwp%2Fv2%2Fmedia&parent=10306"}],"wp:term":[{"taxonomy":"product_brand","embeddable":true,"href":"https:\/\/magiiik.netstory.com.pl\/index.php?rest_route=%2Fwp%2Fv2%2Fproduct_brand&post=10306"},{"taxonomy":"product_cat","embeddable":true,"href":"https:\/\/magiiik.netstory.com.pl\/index.php?rest_route=%2Fwp%2Fv2%2Fproduct_cat&post=10306"},{"taxonomy":"product_tag","embeddable":true,"href":"https:\/\/magiiik.netstory.com.pl\/index.php?rest_route=%2Fwp%2Fv2%2Fproduct_tag&post=10306"}],"curies":[{"name":"wp","href":"https:\/\/api.w.org\/{rel}","templated":true}]}}