{"id":10184,"date":"2025-09-19T13:34:04","date_gmt":"2025-09-19T11:34:04","guid":{"rendered":"https:\/\/magiiik.netstory.com.pl\/produkt\/sub-trunk-illusion-metamorfoza-by-magiiik-pl\/"},"modified":"2025-09-19T13:34:32","modified_gmt":"2025-09-19T11:34:32","slug":"sub-trunk-illusion-metamorfoza-by-magiiik-pl","status":"publish","type":"product","link":"https:\/\/magiiik.netstory.com.pl\/?product=sub-trunk-illusion-metamorfoza-by-magiiik-pl","title":{"rendered":"Sub Trunk Illusion (metamorfoza) by magiiik.pl"},"content":{"rendered":"<p style=\"color: #111111; font-size: 13px; font-family: &quot;&quot;; text-align: center;\"><span style=\"font-size: 12pt; font-family: arial, helvetica, sans-serif;\"><strong>Metamorfoza<\/strong>\u00a0(sub-trunk) to jedna z bardziej klasycznych &#8222;wielkich iluzji&#8221;, kt\u00f3r\u0105 zna chyba ka\u017cdy. Jak nie z program\u00f3w telewizyjnych, to z magicznych pokaz\u00f3w na \u017cywo.<\/span><\/p>\n<p style=\"color: #111111; font-size: 13px; font-family: &quot;&quot;; text-align: center;\"><span style=\"font-size: 12pt; font-family: arial, helvetica, sans-serif;\">Iluzjonista prezentuje wielk\u0105 drewnian\u0105 skrzyni\u0119. Wchodzi do \u015brodka, a skrzynia zostaje zamkni\u0119ta na 3 k\u0142\u00f3dki i dodatkowo zabezpieczona grubymi \u0142a\u0144cuchami, aby magik nie m\u00f3g\u0142 si\u0119 z niej wydosta\u0107. Asystentka wchodzi na wieko skrzyni i na moment podnosi kurtyn\u0119. Kurtyna opada, a na skrzyni stoi iluzjonista. Zrzuca \u0142a\u0144cuchy i otwiera k\u0142\u00f3dki, a ze \u015brodka wychodzi pi\u0119kna asystentka.\u00a0<\/span><\/p>\n<p style=\"color: #111111; font-size: 13px; font-family: &quot;&quot;; text-align: center;\">\u00a0<\/p>\n<p style=\"color: #111111; font-size: 13px; font-family: &quot;&quot;; text-align: center;\"><span style=\"font-size: 12pt; font-family: arial, helvetica, sans-serif;\"><iframe loading=\"lazy\" src=\"\/\/www.youtube.com\/embed\/Y8Vd86V_2NY\" width=\"536\" height=\"365\"><\/iframe><\/span><\/p>\n<p style=\"color: #111111; font-size: 13px; font-family: &quot;&quot;; text-align: center;\">\u00a0<\/p>\n<p style=\"color: #111111; font-size: 13px; font-family: &quot;&quot;; text-align: center;\">\u00a0<\/p>\n<p style=\"color: #111111; font-size: 13px; font-family: &quot;&quot;; text-align: center;\">\u00a0<\/p>\n<p style=\"font-size: 13px; font-family: &quot;&quot;; text-align: left;\"><strong><span style=\"font-size: 12pt; font-family: arial, helvetica, sans-serif;\">&#8211; wykonana jest z najlepszej jako\u015bci materia\u0142\u00f3w, aby mog\u0142a jak najd\u0142u\u017cej s\u0142u\u017cy\u0107 naszym Klientom;<\/span><\/strong><\/p>\n<p style=\"font-size: 13px; font-family: &quot;&quot;; text-align: left;\"><strong><span style=\"font-size: 12pt; font-family: arial, helvetica, sans-serif;\">&#8211; ca\u0142kowicie drewniana;<\/span><\/strong><\/p>\n<p style=\"color: #111111; font-size: 13px; font-family: &quot;&quot;; text-align: left;\">\u00a0<\/p>\n<p style=\"font-size: 13px; font-family: &quot;&quot;; text-align: left;\"><strong><span style=\"font-size: 12pt; font-family: arial, helvetica, sans-serif;\">&#8211; ca\u0142kowicie rozk\u0142adana;<\/span><\/strong><\/p>\n<p style=\"color: #111111; font-size: 13px; font-family: &quot;&quot;; text-align: left;\">\u00a0<\/p>\n<p style=\"font-size: 13px; font-family: &quot;&quot;; text-align: left;\"><strong><span style=\"font-size: 12pt; font-family: arial, helvetica, sans-serif;\">&#8211; b\u0142yskawiczne rozk\u0142adanie;<\/span><\/strong><\/p>\n<p style=\"color: #111111; font-size: 13px; font-family: &quot;&quot;; text-align: left;\">\u00a0<\/p>\n<p style=\"font-size: 13px; font-family: &quot;&quot;; text-align: left;\"><strong><span style=\"font-size: 12pt; font-family: arial, helvetica, sans-serif;\">&#8211; \u0142atwo\u015b\u0107 w transporcie;<\/span><\/strong><\/p>\n<p style=\"color: #111111; font-size: 13px; font-family: &quot;&quot;; text-align: left;\">\u00a0<\/p>\n<p style=\"font-size: 13px; font-family: &quot;&quot;; text-align: left;\"><strong><span style=\"font-size: 12pt; font-family: arial, helvetica, sans-serif;\">&#8211; 4 k\u00f3\u0142ka z hamulcami;<\/span><\/strong><\/p>\n<p style=\"color: #111111; font-size: 13px; font-family: &quot;&quot;; text-align: left;\">\u00a0<\/p>\n<p style=\"font-size: 13px; font-family: &quot;&quot;; text-align: left;\"><strong><span style=\"font-size: 12pt; font-family: arial, helvetica, sans-serif;\">&#8211; produkowana w Holandii na zlecenie magiiik.pl<\/span><\/strong><\/p>\n<p style=\"color: #111111; font-size: 13px; font-family: &quot;&quot;; text-align: center;\">\u00a0<\/p>\n<p style=\"font-size: 13px; font-family: &quot;&quot;; text-align: center;\"><span style=\"font-size: 12pt; font-family: arial, helvetica, sans-serif;\">\u00a0<\/span><\/p>\n<p style=\"color: #111111; font-size: 13px; font-family: &quot;&quot;; text-align: center;\">\u00a0<\/p>\n<p style=\"font-size: 13px; font-family: &quot;&quot;; text-align: center;\"><strong><span style=\"color: #ff0000; font-size: 12pt; font-family: arial, helvetica, sans-serif;\">UWAGA!\u00a0<\/span><\/strong><\/p>\n<p style=\"color: #111111; font-size: 13px; font-family: &quot;&quot;; text-align: center;\">\u00a0<\/p>\n<p style=\"font-size: 13px; font-family: &quot;&quot;; text-align: center;\"><strong><span style=\"color: #ff0000; font-size: 12pt; font-family: arial, helvetica, sans-serif;\">Zakup skrzyni TYLKO na miejscu w sklepie stacjonarnym, magiiik.pl, w Kutnie!<\/span><\/strong><\/p>\n<p style=\"color: #111111; font-size: 13px; font-family: &quot;&quot;; text-align: center;\">\u00a0<\/p>\n<p style=\"font-size: 13px; font-family: &quot;&quot;; text-align: center;\"><strong><span style=\"color: #ff0000; font-size: 12pt; font-family: arial, helvetica, sans-serif;\">Klient otrzymuje sam rekwizyt (skrzyni\u0119), bez kurtyny, \u0142a\u0144cuch\u00f3w oraz k\u0142\u00f3dek. Mo\u017cliwo\u015b\u0107 ich dodatkowego zakupu.\u00a0<\/span><\/strong><\/p>\n<p style=\"color: #111111; font-size: 13px; font-family: &quot;&quot;; text-align: center;\">\u00a0<\/p>\n<p style=\"font-size: 13px; font-family: &quot;&quot;; text-align: center;\"><strong><span style=\"color: #ff0000; font-size: 12pt; font-family: arial, helvetica, sans-serif;\">Produkt jest NOWY, NIEU\u017bYWANY!<\/span><\/strong><\/p>\n<p style=\"color: #111111; font-size: 13px; font-family: &quot;&quot;; text-align: center;\">\u00a0<\/p>\n<p style=\"font-size: 13px; font-family: &quot;&quot;; text-align: center;\"><strong><span style=\"color: #ff0000; font-size: 12pt; font-family: arial, helvetica, sans-serif;\">Klient otrzymuje faktur\u0119 przy zakupie rekwizytu oraz gwarancj\u0119 na rok!<\/span><\/strong><\/p>\n<p style=\"color: #111111; font-size: 13px; font-family: &quot;&quot;; text-align: center;\">\u00a0<\/p>\n<p style=\"font-size: 13px; font-family: &quot;&quot;; text-align: center;\"><span style=\"font-size: 12pt; font-family: arial, helvetica, sans-serif;\">\u00a0<\/span><\/p>\n<p style=\"color: #111111; font-size: 13px; font-family: &quot;&quot;; text-align: center;\">\u00a0<\/p>\n<p style=\"font-size: 13px; font-family: &quot;&quot;; text-align: center;\"><strong><span style=\"font-size: 12pt; font-family: arial, helvetica, sans-serif;\">Polecamy,<\/span><\/strong><\/p>\n<p style=\"color: #111111; font-size: 13px; font-family: &quot;&quot;; text-align: center;\">\u00a0<\/p>\n<p style=\"font-size: 13px; font-family: &quot;&quot;; text-align: center;\"><strong><span style=\"font-size: 12pt; font-family: arial, helvetica, sans-serif;\">magiiik.pl<\/span><\/strong><\/p>\n<p style=\"color: #111111; font-size: 13px; font-family: &quot;;\">\u00a0<\/p>\n<p style=\"font-size: 13px; font-family: &quot;;\">\u00a0<\/p>\n<p style=\"color: #111111; font-size: 13px; font-family: &quot;;\">\u00a0<\/p>\n","protected":false},"excerpt":{"rendered":"<p><strong>Sub Trunk Illusion (metamorfoza) by magiiik.pl<\/strong><\/p>\n","protected":false},"featured_media":10185,"comment_status":"closed","ping_status":"open","template":"","meta":[],"product_brand":[],"product_cat":[69],"product_tag":[],"class_list":{"0":"post-10184","1":"product","2":"type-product","3":"status-publish","4":"has-post-thumbnail","6":"product_cat-iluzja-sceniczna-duze-iluzje","8":"first","9":"instock","10":"purchasable","11":"product-type-simple"},"_links":{"self":[{"href":"https:\/\/magiiik.netstory.com.pl\/index.php?rest_route=\/wp\/v2\/product\/10184","targetHints":{"allow":["GET"]}}],"collection":[{"href":"https:\/\/magiiik.netstory.com.pl\/index.php?rest_route=\/wp\/v2\/product"}],"about":[{"href":"https:\/\/magiiik.netstory.com.pl\/index.php?rest_route=\/wp\/v2\/types\/product"}],"replies":[{"embeddable":true,"href":"https:\/\/magiiik.netstory.com.pl\/index.php?rest_route=%2Fwp%2Fv2%2Fcomments&post=10184"}],"wp:featuredmedia":[{"embeddable":true,"href":"https:\/\/magiiik.netstory.com.pl\/index.php?rest_route=\/wp\/v2\/media\/10185"}],"wp:attachment":[{"href":"https:\/\/magiiik.netstory.com.pl\/index.php?rest_route=%2Fwp%2Fv2%2Fmedia&parent=10184"}],"wp:term":[{"taxonomy":"product_brand","embeddable":true,"href":"https:\/\/magiiik.netstory.com.pl\/index.php?rest_route=%2Fwp%2Fv2%2Fproduct_brand&post=10184"},{"taxonomy":"product_cat","embeddable":true,"href":"https:\/\/magiiik.netstory.com.pl\/index.php?rest_route=%2Fwp%2Fv2%2Fproduct_cat&post=10184"},{"taxonomy":"product_tag","embeddable":true,"href":"https:\/\/magiiik.netstory.com.pl\/index.php?rest_route=%2Fwp%2Fv2%2Fproduct_tag&post=10184"}],"curies":[{"name":"wp","href":"https:\/\/api.w.org\/{rel}","templated":true}]}}