{"id":10001,"date":"2025-09-19T13:31:25","date_gmt":"2025-09-19T11:31:25","guid":{"rendered":"https:\/\/magiiik.netstory.com.pl\/produkt\/cut-and-restored-necklace-by-kent-mortimer\/"},"modified":"2025-09-19T13:31:42","modified_gmt":"2025-09-19T11:31:42","slug":"cut-and-restored-necklace-by-kent-mortimer","status":"publish","type":"product","link":"https:\/\/magiiik.netstory.com.pl\/?product=cut-and-restored-necklace-by-kent-mortimer","title":{"rendered":"Cut and Restored Necklace by Kent Mortimer"},"content":{"rendered":"<p style=\"text-align: center;\"><span style=\"font-size: 12pt; font-family: arial, helvetica, sans-serif;\">Iluzjonista prosi kobiet\u0119 z widowni. Informuje, \u017ce ma specjalny prezent dla Niej. Jest to wyj\u0105tkowy, bardzo pi\u0119kny naszyjnik z dalekich Chin! Magik w tym momencie prezentuje naszyjnik z plastikowych koralik\u00f3w&#8230; Publiczno\u015b\u0107 wybucha \u015bmiechem! Ale magik wyja\u015bnia, \u017ce ten naszyjnik jest naprawd\u0119 wyj\u0105tkowy i&#8230; magiczny! Robi sto\u017cek z kartki papieru i wr\u0119cza go wybranej z publiczno\u015bci kobiecie. Teraz przecina naszyjnik no\u017cyczkami, a koraliki wpuszcza a papierowego sto\u017cka. Iluzjonista wykonuje kilka magicznych ruch\u00f3w i wyrzuca w powietrze naszyjnik ze sto\u017cka! Okazuje si\u0119, \u017ce jest nietkni\u0119ty!\u00a0<\/span><\/p>\n<p style=\"text-align: center;\"><span style=\"font-size: 12pt; font-family: arial, helvetica, sans-serif;\"><iframe loading=\"lazy\" src=\"\/\/www.youtube.com\/embed\/cw4lUHprcnE\" width=\"535\" height=\"350\"><\/iframe><\/span><\/p>\n<p style=\"text-align: center;\"><span style=\"font-size: 12pt; font-family: arial, helvetica, sans-serif;\">To bardzo prosty i klasyczny efekt magiczny, kt\u00f3ry do dzi\u015b zachwyca publiczno\u015b\u0107. Ten trick mo\u017cesz wykona\u0107 b\u0119d\u0105c otoczonym z ka\u017cdej strony. Idealnie nadaje si\u0119 na pokazy na weselach, na bankietach, wieczorach panie\u0144skich, ale r\u00f3wnie\u017c na ulicy, nie martwi\u0105c si\u0119 o k\u0105ty.\u00a0<\/span><\/p>\n<p style=\"text-align: center;\"><strong><span style=\"font-size: 12pt; font-family: arial, helvetica, sans-serif;\">Polecamy,<\/span><\/strong><\/p>\n<p style=\"text-align: center;\"><strong><span style=\"font-size: 12pt; font-family: arial, helvetica, sans-serif;\">magiiik.pl<\/span><\/strong><\/p>\n<p>\u00a0<\/p>\n","protected":false},"excerpt":{"rendered":"<p><strong>Cut and Restored Necklace by Kent Mortimer<\/strong>\u00a0<\/p>\n","protected":false},"featured_media":10002,"comment_status":"closed","ping_status":"open","template":"","meta":[],"product_brand":[],"product_cat":[65],"product_tag":[],"class_list":{"0":"post-10001","1":"product","2":"type-product","3":"status-publish","4":"has-post-thumbnail","6":"product_cat-iluzja-sceniczna-iluzja-sceniczna","8":"first","9":"instock","10":"purchasable","11":"product-type-simple"},"_links":{"self":[{"href":"https:\/\/magiiik.netstory.com.pl\/index.php?rest_route=\/wp\/v2\/product\/10001","targetHints":{"allow":["GET"]}}],"collection":[{"href":"https:\/\/magiiik.netstory.com.pl\/index.php?rest_route=\/wp\/v2\/product"}],"about":[{"href":"https:\/\/magiiik.netstory.com.pl\/index.php?rest_route=\/wp\/v2\/types\/product"}],"replies":[{"embeddable":true,"href":"https:\/\/magiiik.netstory.com.pl\/index.php?rest_route=%2Fwp%2Fv2%2Fcomments&post=10001"}],"wp:featuredmedia":[{"embeddable":true,"href":"https:\/\/magiiik.netstory.com.pl\/index.php?rest_route=\/wp\/v2\/media\/10002"}],"wp:attachment":[{"href":"https:\/\/magiiik.netstory.com.pl\/index.php?rest_route=%2Fwp%2Fv2%2Fmedia&parent=10001"}],"wp:term":[{"taxonomy":"product_brand","embeddable":true,"href":"https:\/\/magiiik.netstory.com.pl\/index.php?rest_route=%2Fwp%2Fv2%2Fproduct_brand&post=10001"},{"taxonomy":"product_cat","embeddable":true,"href":"https:\/\/magiiik.netstory.com.pl\/index.php?rest_route=%2Fwp%2Fv2%2Fproduct_cat&post=10001"},{"taxonomy":"product_tag","embeddable":true,"href":"https:\/\/magiiik.netstory.com.pl\/index.php?rest_route=%2Fwp%2Fv2%2Fproduct_tag&post=10001"}],"curies":[{"name":"wp","href":"https:\/\/api.w.org\/{rel}","templated":true}]}}